Last updated on 2024-06-14 05:00:22 CEST.
Flavor | Version | Tinstall | Tcheck | Ttotal | Status | Flags |
---|---|---|---|---|---|---|
r-devel-linux-x86_64-debian-clang | 0.1.1 | 3.20 | 32.80 | 36.00 | OK | |
r-devel-linux-x86_64-debian-gcc | 0.1.1 | 0.35 | 1.63 | 1.98 | ERROR | |
r-devel-linux-x86_64-fedora-clang | 0.1.1 | 48.42 | OK | |||
r-devel-linux-x86_64-fedora-gcc | 0.1.1 | 44.21 | OK | |||
r-devel-windows-x86_64 | 0.1.1 | 4.00 | 46.00 | 50.00 | OK | |
r-patched-linux-x86_64 | 0.1.1 | 3.31 | 32.65 | 35.96 | OK | |
r-release-linux-x86_64 | 0.1.1 | 3.46 | 32.30 | 35.76 | OK | |
r-release-macos-arm64 | 0.1.1 | 19.00 | OK | |||
r-release-macos-x86_64 | 0.1.1 | 31.00 | OK | |||
r-release-windows-x86_64 | 0.1.1 | 4.00 | 46.00 | 50.00 | OK | |
r-oldrel-macos-arm64 | 0.1.1 | 21.00 | OK | |||
r-oldrel-macos-x86_64 | 0.1.1 | 45.00 | OK | |||
r-oldrel-windows-x86_64 | 0.1.1 | 4.00 | 49.00 | 53.00 | OK |
Version: 0.1.1
Check: package dependencies
Result: ERROR
Package required but not available: ‘magick’
Package suggested but not available for checking: ‘testthat’
See section ‘The DESCRIPTION file’ in the ‘Writing R Extensions’
manual.
Flavor: r-devel-linux-x86_64-debian-gcc