Last updated on 2024-06-14 05:00:22 CEST.
Flavor | Version | Tinstall | Tcheck | Ttotal | Status | Flags |
---|---|---|---|---|---|---|
r-devel-linux-x86_64-debian-clang | 0.1.2 | 30.56 | 281.32 | 311.88 | OK | |
r-devel-linux-x86_64-debian-gcc | 0.1.2 | 0.25 | 1.69 | 1.94 | ERROR | |
r-devel-linux-x86_64-fedora-clang | 0.1.2 | 416.19 | OK | |||
r-devel-linux-x86_64-fedora-gcc | 0.1.2 | 385.48 | OK | |||
r-devel-windows-x86_64 | 0.1.2 | 24.00 | 183.00 | 207.00 | OK | |
r-patched-linux-x86_64 | 0.1.2 | 30.10 | 265.01 | 295.11 | OK | |
r-release-linux-x86_64 | 0.1.2 | 41.72 | 269.10 | 310.82 | OK | |
r-release-macos-arm64 | 0.1.2 | 96.00 | OK | |||
r-release-macos-x86_64 | 0.1.2 | 177.00 | OK | |||
r-release-windows-x86_64 | 0.1.2 | 25.00 | 183.00 | 208.00 | OK | |
r-oldrel-macos-arm64 | 0.1.2 | 94.00 | OK | |||
r-oldrel-macos-x86_64 | 0.1.2 | 226.00 | OK | |||
r-oldrel-windows-x86_64 | 0.1.2 | 26.00 | 233.00 | 259.00 | OK |
Version: 0.1.2
Check: package dependencies
Result: ERROR
Packages required but not available:
'JMbayes2', 'joineRML', 'rstanarm', 'FastJM', 'dplyr', 'ggplot2'
See section ‘The DESCRIPTION file’ in the ‘Writing R Extensions’
manual.
Flavor: r-devel-linux-x86_64-debian-gcc