Last updated on 2024-06-14 05:00:22 CEST.
Flavor | Version | Tinstall | Tcheck | Ttotal | Status | Flags |
---|---|---|---|---|---|---|
r-devel-linux-x86_64-debian-clang | 1.1.1 | 27.06 | 47.61 | 74.67 | OK | |
r-devel-linux-x86_64-debian-gcc | 1.1.1 | 15.09 | 29.60 | 44.69 | ERROR | |
r-devel-linux-x86_64-fedora-clang | 1.1.1 | 93.95 | OK | |||
r-devel-linux-x86_64-fedora-gcc | 1.1.1 | 91.32 | OK | |||
r-devel-windows-x86_64 | 1.1.1 | 20.00 | 105.00 | 125.00 | OK | |
r-patched-linux-x86_64 | 1.1.1 | 22.57 | 47.12 | 69.69 | OK | |
r-release-linux-x86_64 | 1.1.1 | 19.61 | 45.07 | 64.68 | OK | |
r-release-macos-arm64 | 1.1.1 | 50.00 | OK | |||
r-release-macos-x86_64 | 1.1.1 | 62.00 | OK | |||
r-release-windows-x86_64 | 1.1.1 | 19.00 | 104.00 | 123.00 | OK | |
r-oldrel-macos-arm64 | 1.1.1 | 53.00 | OK | |||
r-oldrel-macos-x86_64 | 1.1.1 | 99.00 | OK | |||
r-oldrel-windows-x86_64 | 1.1.1 | 24.00 | 121.00 | 145.00 | OK |
Version: 1.1.1
Check: package dependencies
Result: NOTE
Package suggested but not available for checking: ‘testthat’
Flavor: r-devel-linux-x86_64-debian-gcc
Version: 1.1.1
Check: tests
Result: ERROR
Running ‘testthat.R’ [0s/0s]
Running the tests in ‘tests/testthat.R’ failed.
Complete output:
> library(testthat)
Error in library(testthat) : there is no package called 'testthat'
Execution halted
Flavor: r-devel-linux-x86_64-debian-gcc