Last updated on 2024-06-17 04:48:52 CEST.
Flavor | Version | Tinstall | Tcheck | Ttotal | Status | Flags |
---|---|---|---|---|---|---|
r-devel-linux-x86_64-debian-clang | 0.29.1 | 2.82 | 23.54 | 26.36 | OK | |
r-devel-linux-x86_64-debian-gcc | 0.29.1 | 1.68 | 18.58 | 20.26 | OK | |
r-devel-linux-x86_64-fedora-clang | 0.29.1 | 32.98 | NOTE | |||
r-devel-linux-x86_64-fedora-gcc | 0.29.1 | 31.26 | NOTE | |||
r-devel-windows-x86_64 | 0.29.1 | 3.00 | 41.00 | 44.00 | OK | |
r-patched-linux-x86_64 | 0.29.1 | 2.21 | 22.86 | 25.07 | OK | |
r-release-linux-x86_64 | 0.29.1 | 1.81 | 23.10 | 24.91 | OK | |
r-release-macos-arm64 | 0.29.1 | 15.00 | OK | |||
r-release-macos-x86_64 | 0.29.1 | 21.00 | OK | |||
r-release-windows-x86_64 | 0.29.1 | 3.00 | 42.00 | 45.00 | OK | |
r-oldrel-macos-arm64 | 0.29.1 | 17.00 | OK | |||
r-oldrel-macos-x86_64 | 0.29.1 | 21.00 | OK | |||
r-oldrel-windows-x86_64 | 0.29.1 | 4.00 | 43.00 | 47.00 | OK |
Version: 0.29.1
Check: Rd cross-references
Result: NOTE
Undeclared package ‘pracma’ in Rd xrefs
Flavor: r-devel-linux-x86_64-fedora-clang
Version: 0.29.1
Check: data for non-ASCII characters
Result: NOTE
Note: found 78 marked UTF-8 strings
Flavors: r-devel-linux-x86_64-fedora-clang, r-devel-linux-x86_64-fedora-gcc