Last updated on 2024-06-14 05:00:24 CEST.
Flavor | Version | Tinstall | Tcheck | Ttotal | Status | Flags |
---|---|---|---|---|---|---|
r-devel-linux-x86_64-debian-clang | 0.2.1 | 12.81 | 181.15 | 193.96 | OK | |
r-devel-linux-x86_64-debian-gcc | 0.2.1 | 0.57 | 1.79 | 2.36 | ERROR | |
r-devel-linux-x86_64-fedora-clang | 0.2.1 | 249.43 | OK | |||
r-devel-linux-x86_64-fedora-gcc | 0.2.1 | 258.21 | OK | |||
r-devel-windows-x86_64 | 0.2.1 | 13.00 | 188.00 | 201.00 | OK | |
r-patched-linux-x86_64 | 0.2.1 | 15.61 | 170.90 | 186.51 | OK | |
r-release-linux-x86_64 | 0.2.1 | 13.35 | 170.85 | 184.20 | OK | |
r-release-macos-arm64 | 0.2.1 | 69.00 | OK | |||
r-release-macos-x86_64 | 0.2.1 | 106.00 | OK | |||
r-release-windows-x86_64 | 0.2.1 | 16.00 | 187.00 | 203.00 | OK | |
r-oldrel-macos-arm64 | 0.2.1 | 92.00 | OK | |||
r-oldrel-macos-x86_64 | 0.2.1 | 172.00 | OK | |||
r-oldrel-windows-x86_64 | 0.2.1 | 17.00 | 206.00 | 223.00 | OK |
Version: 0.2.1
Check: package dependencies
Result: ERROR
Packages required but not available: 'ggplot2', 'ggpubr'
Package suggested but not available for checking: ‘testthat’
See section ‘The DESCRIPTION file’ in the ‘Writing R Extensions’
manual.
Flavor: r-devel-linux-x86_64-debian-gcc