Last updated on 2024-06-16 04:51:45 CEST.
Flavor | Version | Tinstall | Tcheck | Ttotal | Status | Flags |
---|---|---|---|---|---|---|
r-devel-linux-x86_64-debian-clang | 0.4.1 | 67.06 | 30.05 | 97.11 | OK | |
r-devel-linux-x86_64-debian-gcc | 0.4.1 | 42.20 | 23.05 | 65.25 | OK | |
r-devel-linux-x86_64-fedora-clang | 0.4.1 | 146.99 | NOTE | |||
r-devel-linux-x86_64-fedora-gcc | 0.4.1 | 145.35 | NOTE | |||
r-devel-windows-x86_64 | 0.4.1 | 52.00 | 62.00 | 114.00 | OK | |
r-patched-linux-x86_64 | 0.4.1 | 49.86 | 28.44 | 78.30 | OK | |
r-release-linux-x86_64 | 0.4.1 | 53.93 | 28.67 | 82.60 | OK | |
r-release-macos-arm64 | 0.4.1 | 30.00 | OK | |||
r-release-macos-x86_64 | 0.4.1 | 36.00 | OK | |||
r-release-windows-x86_64 | 0.4.1 | 48.00 | 64.00 | 112.00 | OK | |
r-oldrel-macos-arm64 | 0.4.1 | 36.00 | OK | |||
r-oldrel-macos-x86_64 | 0.4.1 | 59.00 | OK | |||
r-oldrel-windows-x86_64 | 0.4.1 | 63.00 | 73.00 | 136.00 | OK |
Version: 0.4.1
Check: Rd cross-references
Result: NOTE
Undeclared package ‘proxy’ in Rd xrefs
Flavor: r-devel-linux-x86_64-fedora-clang
Version: 0.4.1
Check: compiled code
Result: NOTE
File ‘mp/libs/mp.so’:
Found no calls to: ‘R_registerRoutines’, ‘R_useDynamicSymbols’
It is good practice to register native routines and to disable symbol
search.
See ‘Writing portable packages’ in the ‘Writing R Extensions’ manual.
Flavors: r-devel-linux-x86_64-fedora-clang, r-devel-linux-x86_64-fedora-gcc