Last updated on 2024-06-13 04:52:32 CEST.
Flavor | Version | Tinstall | Tcheck | Ttotal | Status | Flags |
---|---|---|---|---|---|---|
r-devel-linux-x86_64-debian-clang | 0.2.0 | 6.83 | 54.89 | 61.72 | OK | |
r-devel-linux-x86_64-debian-gcc | 0.2.0 | 0.31 | 1.54 | 1.85 | ERROR | |
r-devel-linux-x86_64-fedora-clang | 0.2.0 | 77.32 | OK | |||
r-devel-linux-x86_64-fedora-gcc | 0.2.0 | 71.52 | OK | |||
r-devel-windows-x86_64 | 0.2.0 | 6.00 | 60.00 | 66.00 | OK | |
r-patched-linux-x86_64 | 0.2.0 | 5.93 | 52.42 | 58.35 | OK | |
r-release-linux-x86_64 | 0.2.0 | 6.61 | 52.40 | 59.01 | OK | |
r-release-macos-arm64 | 0.2.0 | 24.00 | OK | |||
r-release-macos-x86_64 | 0.2.0 | 42.00 | OK | |||
r-release-windows-x86_64 | 0.2.0 | 7.00 | 62.00 | 69.00 | OK | |
r-oldrel-macos-arm64 | 0.2.0 | 26.00 | OK | |||
r-oldrel-macos-x86_64 | 0.2.0 | 38.00 | OK | |||
r-oldrel-windows-x86_64 | 0.2.0 | 8.00 | 69.00 | 77.00 | OK |
Version: 0.2.0
Check: package dependencies
Result: ERROR
Packages required but not available: 'ggplot2', 'reshape2'
See section ‘The DESCRIPTION file’ in the ‘Writing R Extensions’
manual.
Flavor: r-devel-linux-x86_64-debian-gcc