Last updated on 2024-06-14 05:00:27 CEST.
Flavor | Version | Tinstall | Tcheck | Ttotal | Status | Flags |
---|---|---|---|---|---|---|
r-devel-linux-x86_64-debian-clang | 0.1.6 | 47.92 | 439.08 | 487.00 | OK | |
r-devel-linux-x86_64-debian-gcc | 0.1.6 | 0.85 | 1.76 | 2.61 | ERROR | |
r-devel-linux-x86_64-fedora-clang | 0.1.6 | 601.55 | NOTE | |||
r-devel-linux-x86_64-fedora-gcc | 0.1.6 | 555.98 | OK | |||
r-devel-windows-x86_64 | 0.1.6 | 37.00 | 281.00 | 318.00 | NOTE | |
r-patched-linux-x86_64 | 0.1.6 | 49.72 | 416.07 | 465.79 | OK | |
r-release-linux-x86_64 | 0.1.6 | 30.67 | 414.24 | 444.91 | OK | |
r-release-macos-arm64 | 0.1.6 | 130.00 | NOTE | |||
r-release-macos-x86_64 | 0.1.6 | 229.00 | NOTE | |||
r-release-windows-x86_64 | 0.1.6 | 37.00 | 283.00 | 320.00 | NOTE | |
r-oldrel-macos-arm64 | 0.1.6 | 132.00 | NOTE | |||
r-oldrel-macos-x86_64 | 0.1.6 | 312.00 | NOTE | |||
r-oldrel-windows-x86_64 | 0.1.6 | 49.00 | 349.00 | 398.00 | NOTE |
Version: 0.1.6
Check: package dependencies
Result: ERROR
Packages required but not available:
'reshape2', 'lubridate', 'ggplot2', 'ggedit', 'plotly'
See section ‘The DESCRIPTION file’ in the ‘Writing R Extensions’
manual.
Flavor: r-devel-linux-x86_64-debian-gcc
Version: 0.1.6
Check: installed package size
Result: NOTE
installed size is 6.2Mb
sub-directories of 1Mb or more:
R 1.5Mb
test_files 4.2Mb
Flavors: r-devel-linux-x86_64-fedora-clang, r-devel-windows-x86_64, r-release-macos-arm64, r-release-macos-x86_64, r-release-windows-x86_64, r-oldrel-macos-arm64, r-oldrel-macos-x86_64, r-oldrel-windows-x86_64