Last updated on 2024-06-14 05:00:29 CEST.
Flavor | Version | Tinstall | Tcheck | Ttotal | Status | Flags |
---|---|---|---|---|---|---|
r-devel-linux-x86_64-debian-clang | 0.0.5 | 68.22 | 459.12 | 527.34 | NOTE | |
r-devel-linux-x86_64-debian-gcc | 0.0.5 | 0.51 | 1.75 | 2.26 | ERROR | |
r-devel-linux-x86_64-fedora-clang | 0.0.5 | 644.95 | NOTE | |||
r-devel-linux-x86_64-fedora-gcc | 0.0.5 | 459.43 | NOTE | |||
r-devel-windows-x86_64 | 0.0.5 | 43.00 | 276.00 | 319.00 | NOTE | |
r-patched-linux-x86_64 | 0.0.5 | 50.55 | 439.67 | 490.22 | NOTE | |
r-release-linux-x86_64 | 0.0.5 | 36.92 | 431.19 | 468.11 | NOTE | |
r-release-macos-arm64 | 0.0.5 | 116.00 | NOTE | |||
r-release-macos-x86_64 | 0.0.5 | 378.00 | NOTE | |||
r-release-windows-x86_64 | 0.0.5 | 46.00 | 285.00 | 331.00 | NOTE | |
r-oldrel-macos-arm64 | 0.0.5 | 140.00 | OK | |||
r-oldrel-macos-x86_64 | 0.0.5 | 314.00 | OK | |||
r-oldrel-windows-x86_64 | 0.0.5 | 63.00 | 373.00 | 436.00 | OK |
Version: 0.0.5
Check: Rd files
Result: NOTE
checkRd: (-1) plotHeat.Rd:113: Lost braces
113 | code{\link[patternize]{patPCA}}, as 'one' when visualizing single image or as 'multi' for multi
| ^
Flavors: r-devel-linux-x86_64-debian-clang, r-devel-linux-x86_64-fedora-clang, r-devel-linux-x86_64-fedora-gcc, r-devel-windows-x86_64, r-patched-linux-x86_64, r-release-linux-x86_64, r-release-macos-arm64, r-release-macos-x86_64, r-release-windows-x86_64
Version: 0.0.5
Check: package dependencies
Result: ERROR
Packages required but not available:
'dplyr', 'imager', 'purrr', 'geomorph', 'ClusterR'
See section ‘The DESCRIPTION file’ in the ‘Writing R Extensions’
manual.
Flavor: r-devel-linux-x86_64-debian-gcc