Last updated on 2024-06-14 05:00:29 CEST.
Flavor | Version | Tinstall | Tcheck | Ttotal | Status | Flags |
---|---|---|---|---|---|---|
r-devel-linux-x86_64-debian-clang | 0.3.1 | 2.67 | 32.64 | 35.31 | NOTE | |
r-devel-linux-x86_64-debian-gcc | 0.3.1 | 2.10 | 25.94 | 28.04 | ERROR | |
r-devel-linux-x86_64-fedora-clang | 0.3.1 | 44.35 | NOTE | |||
r-devel-linux-x86_64-fedora-gcc | 0.3.1 | 41.51 | NOTE | |||
r-devel-windows-x86_64 | 0.3.1 | 4.00 | 47.00 | 51.00 | NOTE | |
r-patched-linux-x86_64 | 0.3.1 | 2.85 | 31.85 | 34.70 | NOTE | |
r-release-linux-x86_64 | 0.3.1 | 2.56 | 31.25 | 33.81 | NOTE | |
r-release-macos-arm64 | 0.3.1 | 17.00 | NOTE | |||
r-release-macos-x86_64 | 0.3.1 | 24.00 | NOTE | |||
r-release-windows-x86_64 | 0.3.1 | 3.00 | 52.00 | 55.00 | NOTE | |
r-oldrel-macos-arm64 | 0.3.1 | 18.00 | NOTE | |||
r-oldrel-macos-x86_64 | 0.3.1 | 24.00 | NOTE | |||
r-oldrel-windows-x86_64 | 0.3.1 | 5.00 | 50.00 | 55.00 | NOTE |
Version: 0.3.1
Check: LazyData
Result: NOTE
'LazyData' is specified without a 'data' directory
Flavors: r-devel-linux-x86_64-debian-clang, r-devel-linux-x86_64-debian-gcc, r-devel-linux-x86_64-fedora-clang, r-devel-linux-x86_64-fedora-gcc, r-devel-windows-x86_64, r-patched-linux-x86_64, r-release-linux-x86_64, r-release-macos-arm64, r-release-macos-x86_64, r-release-windows-x86_64, r-oldrel-macos-arm64, r-oldrel-macos-x86_64, r-oldrel-windows-x86_64
Version: 0.3.1
Check: package dependencies
Result: NOTE
Packages suggested but not available for checking: 'testthat', 'purrr'
Flavor: r-devel-linux-x86_64-debian-gcc
Version: 0.3.1
Check: tests
Result: ERROR
Running ‘testthat.R’ [0s/1s]
Running the tests in ‘tests/testthat.R’ failed.
Complete output:
> library(testthat)
Error in library(testthat) : there is no package called 'testthat'
Execution halted
Flavor: r-devel-linux-x86_64-debian-gcc