Last updated on 2024-06-14 05:00:33 CEST.
Flavor | Version | Tinstall | Tcheck | Ttotal | Status | Flags |
---|---|---|---|---|---|---|
r-devel-linux-x86_64-debian-clang | 1.3.2-1 | 17.12 | 115.46 | 132.58 | NOTE | |
r-devel-linux-x86_64-debian-gcc | 1.3.2-1 | 0.66 | 1.72 | 2.38 | ERROR | |
r-devel-linux-x86_64-fedora-clang | 1.3.2-1 | 163.23 | NOTE | |||
r-devel-linux-x86_64-fedora-gcc | 1.3.2-1 | 151.40 | NOTE | |||
r-devel-windows-x86_64 | 1.3.2-1 | 17.00 | 122.00 | 139.00 | NOTE | |
r-patched-linux-x86_64 | 1.3.2-1 | 20.18 | 106.38 | 126.56 | NOTE | |
r-release-linux-x86_64 | 1.3.2-1 | 12.24 | 105.04 | 117.28 | NOTE | |
r-release-macos-arm64 | 1.3.2-1 | 46.00 | NOTE | |||
r-release-macos-x86_64 | 1.3.2-1 | 69.00 | NOTE | |||
r-release-windows-x86_64 | 1.3.2-1 | 17.00 | 127.00 | 144.00 | NOTE | |
r-oldrel-macos-arm64 | 1.3.2-1 | 46.00 | NOTE | |||
r-oldrel-macos-x86_64 | 1.3.2-1 | 80.00 | NOTE | |||
r-oldrel-windows-x86_64 | 1.3.2-1 | 23.00 | 143.00 | 166.00 | NOTE |
Version: 1.3.2-1
Check: Rd files
Result: NOTE
checkRd: (-1) as.tg.Rd:18: Lost braces; missing escapes or markup?
18 | Renames the \code{class(tg)["name"]} attribute and sets {class(tg)["type"] <- "TextGrid"} (if it is not already set)
| ^
Flavors: r-devel-linux-x86_64-debian-clang, r-devel-linux-x86_64-fedora-clang, r-devel-linux-x86_64-fedora-gcc, r-devel-windows-x86_64, r-patched-linux-x86_64, r-release-linux-x86_64, r-release-macos-arm64, r-release-macos-x86_64, r-release-windows-x86_64
Version: 1.3.2-1
Check: LazyData
Result: NOTE
'LazyData' is specified without a 'data' directory
Flavors: r-devel-linux-x86_64-debian-clang, r-devel-linux-x86_64-fedora-clang, r-devel-linux-x86_64-fedora-gcc, r-devel-windows-x86_64, r-patched-linux-x86_64, r-release-linux-x86_64, r-release-macos-arm64, r-release-macos-x86_64, r-release-windows-x86_64, r-oldrel-macos-arm64, r-oldrel-macos-x86_64, r-oldrel-windows-x86_64
Version: 1.3.2-1
Check: package dependencies
Result: ERROR
Packages required but not available: 'dplyr', 'stringr', 'readr'
Package suggested but not available for checking: ‘testthat’
See section ‘The DESCRIPTION file’ in the ‘Writing R Extensions’
manual.
Flavor: r-devel-linux-x86_64-debian-gcc