Last updated on 2024-06-14 05:00:34 CEST.
Flavor | Version | Tinstall | Tcheck | Ttotal | Status | Flags |
---|---|---|---|---|---|---|
r-devel-linux-x86_64-debian-clang | 0.1.1 | 38.40 | 252.30 | 290.70 | OK | |
r-devel-linux-x86_64-debian-gcc | 0.1.1 | 0.34 | 1.63 | 1.97 | ERROR | |
r-devel-linux-x86_64-fedora-clang | 0.1.1 | 387.79 | OK | |||
r-devel-linux-x86_64-fedora-gcc | 0.1.1 | 349.24 | OK | |||
r-devel-windows-x86_64 | 0.1.1 | 32.00 | 173.00 | 205.00 | OK | |
r-patched-linux-x86_64 | 0.1.1 | 24.61 | 246.76 | 271.37 | OK | |
r-release-linux-x86_64 | 0.1.1 | 24.65 | 243.45 | 268.10 | OK | |
r-release-macos-arm64 | 0.1.1 | 98.00 | OK | |||
r-release-macos-x86_64 | 0.1.1 | 149.00 | OK | |||
r-release-windows-x86_64 | 0.1.1 | 32.00 | 174.00 | 206.00 | OK | |
r-oldrel-macos-arm64 | 0.1.1 | 94.00 | OK | |||
r-oldrel-macos-x86_64 | 0.1.1 | 158.00 | OK | |||
r-oldrel-windows-x86_64 | 0.1.1 | 47.00 | 228.00 | 275.00 | OK |
Version: 0.1.1
Check: package dependencies
Result: ERROR
Packages required but not available:
'Seurat', 'ggplot2', 'stringr', 'clustree', 'dplyr', 'patchwork'
See section ‘The DESCRIPTION file’ in the ‘Writing R Extensions’
manual.
Flavor: r-devel-linux-x86_64-debian-gcc