Last updated on 2024-06-14 05:00:40 CEST.
Flavor | Version | Tinstall | Tcheck | Ttotal | Status | Flags |
---|---|---|---|---|---|---|
r-devel-linux-x86_64-debian-clang | 0.1.0 | 4.64 | 47.00 | 51.64 | OK | |
r-devel-linux-x86_64-debian-gcc | 0.1.0 | 0.38 | 1.68 | 2.06 | ERROR | |
r-devel-linux-x86_64-fedora-clang | 0.1.0 | 68.04 | OK | |||
r-devel-linux-x86_64-fedora-gcc | 0.1.0 | 64.46 | OK | |||
r-devel-windows-x86_64 | 0.1.0 | 6.00 | 57.00 | 63.00 | OK | |
r-patched-linux-x86_64 | 0.1.0 | 5.35 | 47.37 | 52.72 | OK | |
r-release-linux-x86_64 | 0.1.0 | 5.54 | 47.47 | 53.01 | OK | |
r-release-macos-arm64 | 0.1.0 | 27.00 | OK | |||
r-release-macos-x86_64 | 0.1.0 | 40.00 | OK | |||
r-release-windows-x86_64 | 0.1.0 | 6.00 | 58.00 | 64.00 | OK | |
r-oldrel-macos-arm64 | 0.1.0 | 29.00 | OK | |||
r-oldrel-macos-x86_64 | 0.1.0 | 37.00 | OK | |||
r-oldrel-windows-x86_64 | 0.1.0 | 9.00 | 60.00 | 69.00 | OK |
Version: 0.1.0
Check: package dependencies
Result: ERROR
Package required but not available: ‘dplyr’
See section ‘The DESCRIPTION file’ in the ‘Writing R Extensions’
manual.
Flavor: r-devel-linux-x86_64-debian-gcc