{"id":34,"date":"2008-04-24T16:32:40","date_gmt":"2008-04-24T21:32:40","guid":{"rendered":"http:\/\/www.icesi.edu.co\/blogs\/biblioteca\/poesias-finalistas\/"},"modified":"2008-04-28T17:22:25","modified_gmt":"2008-04-28T22:22:25","slug":"poesias-finalistas","status":"publish","type":"page","link":"https:\/\/www.icesi.edu.co\/blogs\/biblioteca\/poesias-finalistas\/","title":{"rendered":"Poesias finalistas"},"content":{"rendered":"<p><strong><font size=\"4\" face=\"High Tower Text\"><a href=\"http:\/\/www.icesi.edu.co\/blogs\/biblioteca\/files\/2008\/04\/gatolunaeh91.png\" title=\"gatolunaeh91.png\"><\/a>Ganador segundo puesto<\/font><\/strong><\/p>\n<p><font size=\"4\" face=\"High Tower Text\"><strong>LAS PALABRAS<br \/>\nPor: Liliana Sarria Parra<\/strong><\/font><font size=\"4\" face=\"High Tower Text\">Me gustan las palabras.<br \/>\nAquellas que hablan de verdad.<br \/>\nNo la verdad absoluta de los libros de buena conducta,<br \/>\nno la verdad a medias del padre adolescente,<br \/>\nno la verdad peque\u00f1a del polic\u00eda.<\/p>\n<p>Las que llenan el estomago vaci\u00f3,<br \/>\ny calman angustias pasajeras.<\/p>\n<p>Me gustan las palabras.<br \/>\nAquellas que son puentes y acercan orillas,<br \/>\naquellas que abren puertas a mundos inesperados,<br \/>\naquellas indecibles en lenguaje ordinario.<\/p>\n<p>Las que revelan el nombre de las cosas,<br \/>\nlas que te sacan el coraz\u00f3n.<\/p>\n<p>Me gustan las palabras.<br \/>\nQue franquean universos de significados,<br \/>\nque descubren el mundo paralelo que llevamos dentro,<br \/>\nQue desnudan secretos<br \/>\ny ofrecen la b\u00fasqueda de lo oculto.<\/p>\n<p>Las que conjuran el desaz\u00f3n,<br \/>\ny cierran heridas.<\/p>\n<p>Me gustan las palabras.<br \/>\nEsas de verdad propia y natural,<br \/>\nque nos toleran ser,<br \/>\nque nos conceden el hacer<br \/>\ny nos permiten la libertad.<\/p>\n<p><\/font><strong><font size=\"4\" face=\"High Tower Text\">Primera menci\u00f3n<\/font><\/strong><\/p>\n<p><a href=\"http:\/\/www.icesi.edu.co\/blogs\/biblioteca\/files\/2008\/04\/gatolunaeh91.png\" title=\"gatolunaeh91.png\"><img decoding=\"async\" src=\"http:\/\/www.icesi.edu.co\/blogs\/biblioteca\/files\/2008\/04\/gatolunaeh91.thumbnail.png\" alt=\"gatolunaeh91.png\" \/><\/a><\/p>\n<p><font size=\"4\" face=\"High Tower Text\"><strong>Gato Negro.<br \/>\nAutor: Carlos Augusto P\u00e9rez Montoya<\/strong><\/font><font size=\"4\" face=\"High Tower Text\">He visto al gato negro dando pasos sigilosos<br \/>\nentre los escombros de la nada.<br \/>\nEs el mismo que naufraga en el silencio.<br \/>\nEl mismo que parece ausente mientras<br \/>\nconjura penas apremiantes del coraz\u00f3n.<\/p>\n<p>Un gato convaleciente de heridas graves,<br \/>\nde cuyos dolores se escuchan melanc\u00f3licos<br \/>\nmaullidos que divagan a trav\u00e9s del eco piadoso,<br \/>\n\u00fanico aliado que agita y acompa\u00f1a el desencanto de su voz.<\/p>\n<p>Lo he visto agobiado por los recuerdos en un ritual taciturno<br \/>\nque repite noche tras noche en interminables horas de llanto<br \/>\ny feroces pleitos imaginarios.<\/p>\n<p>Lo he visto suspirando las nostalgias de su pasado.<br \/>\nNostalgias de agravios y desenga\u00f1os<br \/>\nDe agon\u00edas y a\u00f1oranzas.<br \/>\nDe pasiones y sue\u00f1os et\u00e9reos.<br \/>\nDe esquelas desatinadas sin destinatario,<br \/>\ntodas trastocadas y pringadas por el olvido<br \/>\nen el neceser de su inconciencia.<\/p>\n<p>Lo he visto retozando con otras gatas,<br \/>\nsaciando su naturaleza concupiscente y<br \/>\nlasciva en busca de un paliativo para su soledad,<br \/>\npero la bendici\u00f3n de sus amantes jam\u00e1s ser\u00e1 el sosiego<br \/>\nde su esp\u00edritu y entonces se da a la fuga.<\/p>\n<p>Tambi\u00e9n lo he visto en callejones oscuros desliz\u00e1ndose<br \/>\npor pasadizos secretos que desembocan en los laberintos<br \/>\nempantanados de la desesperanza. Esa es su morada y<br \/>\nsolo ah\u00ed puede enroscarse como gato indefenso y temeroso.<\/p>\n<p>Este gato negro, criatura bohemia y suicida,<br \/>\ncamina a tientas por el lindero que separa<br \/>\nla fat\u00eddica locura de la insoportable mesura;<br \/>\nmira para ambos lados y parece burlarse con un maullido,<br \/>\nmira de soslayo y con un meneo de cola hace<br \/>\na un lado la dicotom\u00eda de su destino.<\/p>\n<p>Es un felino insensato de la cofrad\u00eda de la luna que espera<br \/>\ncon fervor el plenilunio, una excusa para liderar la romer\u00eda<br \/>\nde animales nocturnos que se pierden por desfiladeros perfumados<br \/>\npor jazmines y cantan antolog\u00edas de maullidos tristes y hermosos.<\/p>\n<p>Es un animal de la calle, de pelaje bruno y ojos nacarados como bisuter\u00eda<br \/>\nhechiza.<br \/>\nUn espectro palmario en la noche y translucido en el d\u00eda.<br \/>\nUna mentira de la vida, una alegor\u00eda de la soledad y el desahucio,<br \/>\npero sobretodo un espectador de esta realidad pasmada.<\/p>\n<p>Ah! Peque\u00f1a esencia de mi ser\u2026<br \/>\nllevas tiempo sin ronronear y tus merodeo por intrincados<br \/>\ncaminos me desvelan y me llenan de miedo.<br \/>\nMi gato negro, no quiero que te pierdas<br \/>\nMi gato negro\u2026 d\u00e9jame acicalarte una vez m\u00e1s.<\/p>\n<p><\/font><\/p>\n<p align=\"left\"><strong><font size=\"4\" face=\"High Tower Text\">Segunda menci\u00f3n <\/font><br \/>\n<\/strong><\/p>\n<p><font size=\"4\" face=\"High Tower Text\"><strong>Lugar de exquisitez<br \/>\nAutor: Leonardo Velasco<br \/>\n<\/strong><br \/>\n\u00bfQui\u00e9n iba a pensar hace dieciocho a\u00f1os y unos meses atr\u00e1s<br \/>\nQue ibas a nacer, \u00a1lugar de exquisitez!?<br \/>\n\u00bfY que la excepcionalidad de tu mundo nacer\u00eda en complicidad<br \/>\nCon la variedad de la contrariedad?<\/font><font size=\"4\" face=\"High Tower Text\">\u00a1M\u00edrame ahora! Ahog\u00e1ndome en este terrible placer;<br \/>\n\u00bfEscribirte en el universo inveros\u00edmil de la poes\u00eda?,<br \/>\nEstar\u00e9 dej\u00e1ndote a la deriva en los pensamientos ajenos,<br \/>\nDesnud\u00e1ndote de verdad, exponi\u00e9ndote a los dem\u00e1s.<\/p>\n<p>\u00a1Qu\u00e9date ah\u00ed donde estas\u00a1 no te apresures m\u00e1s,<br \/>\nmuy lento y directo entrar\u00e9 a metaforizarte perfecto.<br \/>\nEn este escrito est\u00e1 lo oscuro e incompleto<br \/>\nde la descripci\u00f3n que mejor tengo de ti,<br \/>\nes cuesti\u00f3n de leer, cuando sientas que no eres t\u00fa<br \/>\n\u00a1Lugar de exquisitez!<\/p>\n<p>Y es esa f\u00e9mina silueta atractiva de blanca arena<br \/>\nque dibuja los l\u00edmites del paisaje interior de tu isla<br \/>\nde inconstancia sentimental estable y serena<br \/>\nqui\u00e9n vuelve narcol\u00e9pticos a los despiertos que a\u00edslas;<br \/>\ny a los dormidos les hace al agua entrar en barrena.<\/p>\n<p>Especial eres t\u00fa para m\u00ed \u00a1lugar de exquisitez!<\/p>\n<p>Infinito lago de agua salada y cristalina que te rodea<br \/>\n\u00a1Inteligente! Ser v\u00edvido que te reserva a los mejores<br \/>\nla inmensidad de tus maravillosos parajes,<br \/>\ncubiertos por t\u00fanicas que cambian d\u00eda a d\u00eda<br \/>\nde colores que se descubren ante esos pocos.<\/p>\n<p>Algas casta\u00f1as y largas, cabellera que embellece<br \/>\nel rostro \u00fanico en tu especie.<br \/>\nY en \u00e9l, pegadas dos hermosas piedras negras<br \/>\nque vigilan la mirada de los que las observan,<br \/>\nencantan a los hombres que le interesan.<\/p>\n<p>En la mitad de las piedras, sube el camino al cerro<br \/>\nAcantilado es lo que hay desde arriba.<br \/>\nPrisionero esta el peque\u00f1o ovalado mar de agua dulce<br \/>\n\u00a1Atrapado! bordeado por tus extra\u00f1as flores carm\u00edn<br \/>\nen forma de hoja labial al que pueden algunos visitar<br \/>\npara saborear el mito de su manantial.<\/p>\n<p>Si al saltar las corrientes que salen de dos orificios<br \/>\nno los mandan a volar. Asustados, \u00a1pobres tontos!<br \/>\nno saben que enfrentar. \u00a1Pasional eres! terrenal lugar.<\/p>\n<p>Emocionado, qui\u00e9n del dulce mar llega a probar<br \/>\ny m\u00e1s cuando al salir de su suavidad<br \/>\nmira tu gran eme esparcida y blanca piel terciopelada.<\/p>\n<p>Dos mont\u00edculos espectaculares de maleable arena.<br \/>\nSenos que forman dos medios c\u00edrculos perfectos<br \/>\ny en los puntos m\u00e1s altos, erectas las flores rosadas<br \/>\nflorecen con el toqueteo juguet\u00f3n de los hombres<br \/>\naprobados por tu suculenta atenci\u00f3n,<br \/>\ntras haber cruzado un cuello con mucha seducci\u00f3n.<\/p>\n<p>Necesario es recorrer todo el delicado desierto extenso<br \/>\nde fina candidez para encontrarse con la redondez<br \/>\ndel hoyo de arena movediza y entrar y mojar<br \/>\nun poco el centro de gravedad que hace mecerte,<br \/>\nmi preciado lugar. Me entiendes \u00bfverdad?<\/p>\n<p>Poco, el camino que falta para terminar de rematar<br \/>\na todos los poseedores de tu vanidad.<\/p>\n<p>\u00a1Ardiendo! tu isla suda, mudas y transpiras grandeza<br \/>\nal tacto de buenos amantes con tu n\u00edvea y suave seda.<br \/>\nAbandonas a la fr\u00eda soledad a tontos perdedores<br \/>\ny a payasos con caras de inocentes asustados.<\/p>\n<p>Algunos son dignos de visitar tu secreto m\u00e1s especial.<br \/>\nlos otros, son solo afortunados que lo hallaron.<\/p>\n<p>T\u00fa parte m\u00e1s fascinante y enloquecedor<br \/>\nlugar paradisiaco de la exquisitez es<\/p>\n<p>\u00a1El t\u00fanel del amor fruto de tu desnudez!<\/p>\n<p>Ese que humedece m\u00e1s ante las clavadas repetitivas<br \/>\ndel afortunado hombre que lo hace una y otra vez<br \/>\nhasta quedar extasiado y asfixiado<br \/>\nen el oc\u00e9ano del placer de tu ardiente pleamar.<\/p>\n<p>Despu\u00e9s del intenso paseo en el goce de amarte,<br \/>\nno queda otra cosa que acariciar<br \/>\nlas tiernas y juguetonas cordilleras flexibles<br \/>\nque juntan el t\u00fanel del amor con el lago banal<br \/>\npara gritar que eres tu, otra ves,<br \/>\n\u00a1Lugar de exquisitez!<\/p>\n<p><\/font><\/p>\n","protected":false},"excerpt":{"rendered":"<p>Ganador segundo puesto LAS PALABRAS Por: Liliana Sarria ParraMe gustan las palabras. Aquellas que hablan de verdad. No la verdad [&hellip;]<\/p>\n","protected":false},"author":13,"featured_media":0,"parent":0,"menu_order":0,"comment_status":"open","ping_status":"open","template":"","meta":{"site-sidebar-layout":"default","site-content-layout":"","ast-site-content-layout":"","site-content-style":"default","site-sidebar-style":"default","ast-global-header-display":"","ast-banner-title-visibility":"","ast-main-header-display":"","ast-hfb-above-header-display":"","ast-hfb-below-header-display":"","ast-hfb-mobile-header-display":"","site-post-title":"","ast-breadcrumbs-content":"","ast-featured-img":"","footer-sml-layout":"","theme-transparent-header-meta":"","adv-header-id-meta":"","stick-header-meta":"","header-above-stick-meta":"","header-main-stick-meta":"","header-below-stick-meta":"","astra-migrate-meta-layouts":"default","ast-page-background-enabled":"default","ast-page-background-meta":{"desktop":{"background-color":"var(--ast-global-color-4)","background-image":"","background-repeat":"repeat","background-position":"center center","background-size":"auto","background-attachment":"scroll","background-type":"","background-media":"","overlay-type":"","overlay-color":"","overlay-opacity":"","overlay-gradient":""},"tablet":{"background-color":"","background-image":"","background-repeat":"repeat","background-position":"center center","background-size":"auto","background-attachment":"scroll","background-type":"","background-media":"","overlay-type":"","overlay-color":"","overlay-opacity":"","overlay-gradient":""},"mobile":{"background-color":"","background-image":"","background-repeat":"repeat","background-position":"center center","background-size":"auto","background-attachment":"scroll","background-type":"","background-media":"","overlay-type":"","overlay-color":"","overlay-opacity":"","overlay-gradient":""}},"ast-content-background-meta":{"desktop":{"background-color":"var(--ast-global-color-5)","background-image":"","background-repeat":"repeat","background-position":"center center","background-size":"auto","background-attachment":"scroll","background-type":"","background-media":"","overlay-type":"","overlay-color":"","overlay-opacity":"","overlay-gradient":""},"tablet":{"background-color":"var(--ast-global-color-5)","background-image":"","background-repeat":"repeat","background-position":"center center","background-size":"auto","background-attachment":"scroll","background-type":"","background-media":"","overlay-type":"","overlay-color":"","overlay-opacity":"","overlay-gradient":""},"mobile":{"background-color":"var(--ast-global-color-5)","background-image":"","background-repeat":"repeat","background-position":"center center","background-size":"auto","background-attachment":"scroll","background-type":"","background-media":"","overlay-type":"","overlay-color":"","overlay-opacity":"","overlay-gradient":""}},"footnotes":""},"class_list":["post-34","page","type-page","status-publish","hentry"],"aioseo_notices":[],"rttpg_featured_image_url":null,"rttpg_author":{"display_name":"Sandra Jaramillo Marin","author_link":"https:\/\/www.icesi.edu.co\/blogs\/biblioteca\/author\/66845009\/"},"rttpg_comment":0,"rttpg_category":null,"rttpg_excerpt":"Ganador segundo puesto LAS PALABRAS Por: Liliana Sarria ParraMe gustan las palabras. Aquellas que hablan de verdad. No la verdad [&hellip;]","_links":{"self":[{"href":"https:\/\/www.icesi.edu.co\/blogs\/biblioteca\/wp-json\/wp\/v2\/pages\/34"}],"collection":[{"href":"https:\/\/www.icesi.edu.co\/blogs\/biblioteca\/wp-json\/wp\/v2\/pages"}],"about":[{"href":"https:\/\/www.icesi.edu.co\/blogs\/biblioteca\/wp-json\/wp\/v2\/types\/page"}],"author":[{"embeddable":true,"href":"https:\/\/www.icesi.edu.co\/blogs\/biblioteca\/wp-json\/wp\/v2\/users\/13"}],"replies":[{"embeddable":true,"href":"https:\/\/www.icesi.edu.co\/blogs\/biblioteca\/wp-json\/wp\/v2\/comments?post=34"}],"version-history":[{"count":0,"href":"https:\/\/www.icesi.edu.co\/blogs\/biblioteca\/wp-json\/wp\/v2\/pages\/34\/revisions"}],"wp:attachment":[{"href":"https:\/\/www.icesi.edu.co\/blogs\/biblioteca\/wp-json\/wp\/v2\/media?parent=34"}],"curies":[{"name":"wp","href":"https:\/\/api.w.org\/{rel}","templated":true}]}}