{"id":9,"date":"2008-01-25T06:54:55","date_gmt":"2008-01-25T11:54:55","guid":{"rendered":"http:\/\/www.icesi.edu.co\/blogs\/generoscine\/ficha-lectura\/"},"modified":"2008-01-25T06:54:55","modified_gmt":"2008-01-25T11:54:55","slug":"ficha-lectura","status":"publish","type":"page","link":"https:\/\/www.icesi.edu.co\/blogs\/generoscine\/ficha-lectura\/","title":{"rendered":"Ficha lectura"},"content":{"rendered":"<p>Nombre estudiante:<br \/>\nMateria:<br \/>\nFecha:<\/p>\n<p><b>Ficha bibliogr\u00e1fica<\/b>:<br \/>\nAutor<br \/>\nTexto<br \/>\nDatos bibliogr\u00e1ficos<\/p>\n<p><b>Objetivos  :: <\/b>En un p\u00e1rrafo o en una frase, redacte los objetivos de la lectura (generalmente es uno)<\/p>\n<p><b>Tesis :: <\/b>Enumere la(s) tesis que el autor plantea en la lectura. Recuerde que en un texto puede haber varias tesis, debe dar cuenta de ellas, ubique en primer lugar la idea que considere m\u00e1s importante, y la que responda directamente al interrogante planteado, despu\u00e9s ubique las dem\u00e1s por orden de importancia.<\/p>\n<p><b>Sustentaci\u00f3n \/ Apoyo  :: <\/b>De que manera el autor desarrolla y\/o sustenta la(s) tesis que plantea? Elabore un argumento para cada una de las tesis que identifique. Si va a copiar textualmente de la lectura no se olvide de usar comillas y poner el n\u00famero de la p\u00e1gina de donde saca las citas.<\/p>\n<p><b>Comentario Personal<\/b> <b>::  <\/b>Siente que el autor fue claro en la manera como argumento su tesis?  Cual es su opini\u00f3n y su posici\u00f3n frente a la lectura.<\/p>\n","protected":false},"excerpt":{"rendered":"<p>Nombre estudiante: Materia: Fecha: Ficha bibliogr\u00e1fica: Autor Texto Datos bibliogr\u00e1ficos Objetivos :: En un p\u00e1rrafo o en una frase, redacte los objetivos de la lectura (generalmente es uno) Tesis :: Enumere la(s) tesis que el autor plantea en la lectura. Recuerde que en un texto puede haber varias tesis, debe dar cuenta de ellas, ubique &hellip; <a href=\"https:\/\/www.icesi.edu.co\/blogs\/generoscine\/ficha-lectura\/\" class=\"more-link\">Continue reading <span class=\"screen-reader-text\">Ficha lectura<\/span> <span class=\"meta-nav\">&rarr;<\/span><\/a><\/p>\n","protected":false},"author":7,"featured_media":0,"parent":0,"menu_order":0,"comment_status":"open","ping_status":"open","template":"","meta":{"footnotes":""},"class_list":["post-9","page","type-page","status-publish","hentry"],"aioseo_notices":[],"rttpg_featured_image_url":null,"rttpg_author":{"display_name":"margarita","author_link":"https:\/\/www.icesi.edu.co\/blogs\/generoscine\/author\/66923096\/"},"rttpg_comment":0,"rttpg_category":null,"rttpg_excerpt":"Nombre estudiante: Materia: Fecha: Ficha bibliogr\u00e1fica: Autor Texto Datos bibliogr\u00e1ficos Objetivos :: En un p\u00e1rrafo o en una frase, redacte los objetivos de la lectura (generalmente es uno) Tesis :: Enumere la(s) tesis que el autor plantea en la lectura. Recuerde que en un texto puede haber varias tesis, debe dar cuenta de ellas, ubique&hellip;","_links":{"self":[{"href":"https:\/\/www.icesi.edu.co\/blogs\/generoscine\/wp-json\/wp\/v2\/pages\/9"}],"collection":[{"href":"https:\/\/www.icesi.edu.co\/blogs\/generoscine\/wp-json\/wp\/v2\/pages"}],"about":[{"href":"https:\/\/www.icesi.edu.co\/blogs\/generoscine\/wp-json\/wp\/v2\/types\/page"}],"author":[{"embeddable":true,"href":"https:\/\/www.icesi.edu.co\/blogs\/generoscine\/wp-json\/wp\/v2\/users\/7"}],"replies":[{"embeddable":true,"href":"https:\/\/www.icesi.edu.co\/blogs\/generoscine\/wp-json\/wp\/v2\/comments?post=9"}],"version-history":[{"count":0,"href":"https:\/\/www.icesi.edu.co\/blogs\/generoscine\/wp-json\/wp\/v2\/pages\/9\/revisions"}],"wp:attachment":[{"href":"https:\/\/www.icesi.edu.co\/blogs\/generoscine\/wp-json\/wp\/v2\/media?parent=9"}],"curies":[{"name":"wp","href":"https:\/\/api.w.org\/{rel}","templated":true}]}}