{"id":686,"date":"2020-01-22T14:38:15","date_gmt":"2020-01-22T14:38:15","guid":{"rendered":"http:\/\/www.icesi.edu.co\/blogs\/lagujasubversiva\/?page_id=686"},"modified":"2020-01-22T14:38:15","modified_gmt":"2020-01-22T14:38:15","slug":"reportes-orales","status":"publish","type":"page","link":"https:\/\/www.icesi.edu.co\/blogs\/lagujasubversiva\/reportes-orales\/","title":{"rendered":"Reportes orales"},"content":{"rendered":"<p>I-<\/p>\n<p>Durante el semestre vamos a leer el libro de bell hooks <a href=\"https:\/\/www.traficantes.net\/sites\/default\/files\/pdfs\/TDS_map47_hooks_web.pdf\">El feminismo es para todo el mundo<\/a>. El libro est\u00e1 compuesto de cap\u00edtulos cortos que leeremos de a dos o tres por semana. Cada semana le asignar\u00e9 a un grupo de estudiantes la lectura de estos cap\u00edtulos. Los y las estudiantes deber\u00e1n redactar 3 preguntas por cada cap\u00edtulo le\u00eddo y estar preparados para responder a las preguntas que los y las compa\u00f1eras de clase puedan tener frente a la lectura.<\/p>\n<p>Las preguntas pueden estar formuladas con base en las inquietudes que el texto les deje o con base en algo que ustedes quieran trabajar en clase a partir de la lectura. OJO. La redacci\u00f3n es muy importante ya que de manera aleatoria le pedir\u00e9 a los y las estudiantes a cargo que lean una de las preguntas en voz alta. Los y las dem\u00e1s deber\u00e1n estar en capacidad de responder a estas preguntas.\u00a0<del><\/del><\/p>\n<p>Dedicaremos a esto la primera media hora de clase de modo que es importante que todos y todas lleguen a tiempo, en especial quienes tienen a cargo estos reportes.<\/p>\n<p>II &#8211;<\/p>\n<p>Para la clase siguiente cada grupo de estudiantes debe redactar un p\u00e1rrafo (de no m\u00e1s de 250 palabras) a modo de resumen de cada cap\u00edtulo. Es decir, un p\u00e1rrafo por cap\u00edtulo le\u00eddo. Al comienzo de la siguiente clase estos res\u00famenes ser\u00e1n le\u00eddos en voz alta.<\/p>\n<p>**<\/p>\n<p>Ambas notas corresponden al 10% de la nota final.<\/p>\n","protected":false},"excerpt":{"rendered":"<p>I- Durante el semestre vamos a leer el libro de bell hooks El feminismo es para todo el mundo. El libro est\u00e1 compuesto de cap\u00edtulos cortos que leeremos de a dos o tres por semana. Cada semana le asignar\u00e9 a &hellip; <a href=\"https:\/\/www.icesi.edu.co\/blogs\/lagujasubversiva\/reportes-orales\/\">Sigue leyendo <span class=\"meta-nav\">&rarr;<\/span><\/a><\/p>\n","protected":false},"author":7,"featured_media":0,"parent":0,"menu_order":0,"comment_status":"closed","ping_status":"closed","template":"","meta":{"footnotes":""},"class_list":["post-686","page","type-page","status-publish","hentry"],"aioseo_notices":[],"rttpg_featured_image_url":null,"rttpg_author":{"display_name":"margarita","author_link":"https:\/\/www.icesi.edu.co\/blogs\/lagujasubversiva\/author\/66923096\/"},"rttpg_comment":0,"rttpg_category":null,"rttpg_excerpt":"I- Durante el semestre vamos a leer el libro de bell hooks El feminismo es para todo el mundo. El libro est\u00e1 compuesto de cap\u00edtulos cortos que leeremos de a dos o tres por semana. Cada semana le asignar\u00e9 a &hellip; Sigue leyendo &rarr;","_links":{"self":[{"href":"https:\/\/www.icesi.edu.co\/blogs\/lagujasubversiva\/wp-json\/wp\/v2\/pages\/686"}],"collection":[{"href":"https:\/\/www.icesi.edu.co\/blogs\/lagujasubversiva\/wp-json\/wp\/v2\/pages"}],"about":[{"href":"https:\/\/www.icesi.edu.co\/blogs\/lagujasubversiva\/wp-json\/wp\/v2\/types\/page"}],"author":[{"embeddable":true,"href":"https:\/\/www.icesi.edu.co\/blogs\/lagujasubversiva\/wp-json\/wp\/v2\/users\/7"}],"replies":[{"embeddable":true,"href":"https:\/\/www.icesi.edu.co\/blogs\/lagujasubversiva\/wp-json\/wp\/v2\/comments?post=686"}],"version-history":[{"count":1,"href":"https:\/\/www.icesi.edu.co\/blogs\/lagujasubversiva\/wp-json\/wp\/v2\/pages\/686\/revisions"}],"predecessor-version":[{"id":687,"href":"https:\/\/www.icesi.edu.co\/blogs\/lagujasubversiva\/wp-json\/wp\/v2\/pages\/686\/revisions\/687"}],"wp:attachment":[{"href":"https:\/\/www.icesi.edu.co\/blogs\/lagujasubversiva\/wp-json\/wp\/v2\/media?parent=686"}],"curies":[{"name":"wp","href":"https:\/\/api.w.org\/{rel}","templated":true}]}}