{"id":68,"date":"2009-02-04T08:02:48","date_gmt":"2009-02-04T13:02:48","guid":{"rendered":"http:\/\/www.icesi.edu.co\/blogs\/lenguajevirtual\/01-2009\/"},"modified":"2009-04-29T09:46:14","modified_gmt":"2009-04-29T14:46:14","slug":"01-2009","status":"publish","type":"page","link":"https:\/\/www.icesi.edu.co\/blogs\/lenguajevirtual\/01-2009\/","title":{"rendered":"01-2009"},"content":{"rendered":"<p><strong>PROYECTOS DE INVESTIGACI\u00d3N COE II<\/strong> <\/p>\n<p><strong>GRUPO 7<\/strong> <\/p>\n<p><a href=\"http:\/\/personalidad-musica.blogspot.com\">http:\/\/personalidad-musica.blogspot.com<\/a><br \/>\n<em>Influencia de la M\u00fasica en la Personalidad<\/em><br \/>\nVanessa ARCILA URREA &#8211; Iv\u00e1n D. HERN\u00c1NDEZ URIBE &#8211; Juliana LLANO REYES <\/p>\n<p><a href=\"http:\/\/proyectocoe2.blogspot.com\">http:\/\/proyectocoe2.blogspot.com<\/a><br \/>\nt\u00edtulo<br \/>\nJuan Camilo ARDILA CHAPARRO &#8211; Jaime A. MU\u00d1OZ MART\u00cdNEZ <\/p>\n<p><a href=\"http:\/\/andreab-isabelm.blogspot.com\">http:\/\/andreab-isabelm.blogspot.com<\/a><br \/>\n<em>Distracciones Culturales para los J\u00f3venes en Cali<\/em><br \/>\nAndrea C. BUENAVENTURA COLLAZOS &#8211; Isabel MANCERA CALDAS <\/p>\n<p><a href=\"http:\/\/culturacali.blogspot.com\">http:\/\/culturacali.blogspot.com<\/a><br \/>\n<em>Comprensi\u00f3n Lectora de Estudiantes de II Semestre de Mercadeo y Publicidad de la Icesi<\/em><br \/>\nPaola A. CASTRO CAMPO &#8211; Ver\u00f3nica RODR\u00cdGUEZ CORREA <\/p>\n<p><a href=\"http:\/\/in-utilidadjuvenil.blogspot.com\">http:\/\/in-utilidadjuvenil.blogspot.com<\/a><br \/>\nt\u00edtulo<br \/>\nJuan Felipe CHAVARRIAGA ESTRADA<\/p>\n<p><a href=\"http:\/\/proyectocomunicacinlorena.blogspot.com\">http:\/\/proyectocomunicacinlorena.blogspot.com<\/a><br \/>\n<em>\u00bfPara qu\u00e9 estudiar?<\/em><br \/>\nKaren Lorena LARA L\u00d3PEZ<\/p>\n<p> <a href=\"http:\/\/valoressocialescoe2.blogspot.com\">http:\/\/valoressocialescoe2.blogspot.com<\/a><br \/>\n<em>Valores Sociales<\/em><br \/>\nTatiana LEAL LORES &#8211; David A. SICHEL GARC\u00cdA &#8211; Cristian F. V\u00c9LEZ MAR\u00cdN <\/p>\n<p><a href=\"http:\/\/movilidadencali.blogspot.com\">http:\/\/movilidadencali.blogspot.com<\/a><br \/>\n<em>Movilidad en Cali:M\u00e1s que un Problema de Infraestructura Vial<\/em><br \/>\nDiego A. MART\u00cdNEZ QUINTERO &#8211; Estefan\u00eda OT\u00c1LVARO MORA <\/p>\n<p>html:\/\/<br \/>\n<em><\/em><br \/>\nMar\u00eda Fernanda NARV\u00c1EZ P. &#8211; H\u00e9ctor Fabio VARELA E. <\/p>\n<p><a href=\"http:\/\/transportemasivomio.blogspot.com\">http:\/\/transportemasivomio.blogspot.com<\/a><br \/>\n<em>Masivo Integrado de Occidente<\/em><br \/>\nJuan Camilo PUENTES TASC\u00d3N &#8211; Daniela Echeverry &#8211; Daniela ZULUAGA LEAL <\/p>\n<p><strong>GRUPO 11<\/strong><\/p>\n<p>http:\/\/ **<br \/>\n<em>Efectos de la Cancelaci\u00f3n de \u00c1lgebra y Funciones en Dise\u00f1o Industrial<\/em><br \/>\nMar\u00eda Juliana RODR\u00cdGUEZ CORT\u00c9S <\/p>\n<p><a href=\"http:\/\/calidris-icesi.blogspot.com\">http:\/\/calidris-icesi.blogspot.com<\/a><br \/>\n<em>Proyecto Calidris<\/em><br \/>\nMar\u00eda Camila CEBALLOS CORT\u00c9S <\/p>\n<p><a href=\"http:\/\/proyecto-cc.blogspot.com\/\">http:\/\/proyecto-cc.blogspot.com<\/a><br \/>\n<em>La M\u00fasica como Elemento Clave para Clasificar las Culturas Urbanas en Cali<\/em><br \/>\nChristian C. L\u00d3PEZ HURTADO &#8211; Carlos E. PERAF\u00c1N ARDILA<\/p>\n<p><a href=\"http:\/\/calibasuras.blogspot.com\">http:\/\/calibasuras.blogspot.com<\/a><br \/>\n<em>Cali, Libre de Basuras<\/em><br \/>\nLuis Felipe ROJAS HERN\u00c1NDEZ <\/p>\n<p><a href=\"http:\/\/contaminacion-transporte.blogspot.com\">http:\/\/contaminacion-transporte.blogspot.com<\/a><br \/>\n<em>Investigaci\u00f3n de los M\u00e9todos de Contaminaci\u00f3n en el Transporte P\u00fablico<\/em><br \/>\nJuan Felipe S\u00c1NCHEZ CAICEDO &#8211; Luis Felipe VALENCIA HURTADO<\/p>\n<p><a href=\"http:\/\/bienestarfam.blogspot.com\">http:\/\/bienestarfam.blogspot.com<\/a><br \/>\n<em>Bienestar Familiar (ICBF)<\/em><br \/>\nDaniel \u00c1NGEL GIRALDO &#8211; Andr\u00e9s F. GIL HINCAPI\u00c9 &#8211; Mar\u00eda Alejandra URRUTIA \u00c1LVAREZ <\/p>\n<p><a href=\"http:\/\/infraestructura-cali.blogspot.com\">http:\/\/infraestructura-cali.blogspot.com<\/a><br \/>\n<em>Cuidado de la Infraestructura de Cali<\/em><br \/>\nVanessa FIGUEROA GONZ\u00c1LEZ &#8211; Diana C. OREJUELA ORJUELA <\/p>\n<p><a href=\"http:\/\/videojuegosenjovenes.blogspot.com\">http:\/\/videojuegosenjovenes.blogspot.com<\/a><br \/>\n<em>Aptitud de Video Juego Frente a la Ciudad<\/em><br \/>\n Juan Carlos PEL\u00c1EZ FL\u00d3REZ <\/p>\n<p><a href=\"http:\/\/elrojoyelverde.blogspot.com\">http:\/\/elrojoyelverde.blogspot.com <\/a><br \/>\n<em>El Rojo y el Verde en Cali<\/em><br \/>\nJorge Ricardo MU\u00d1OZ RODR\u00cdGUEZ &#8211; Manuel Jos\u00e9 OROZCO CASTILLO <\/p>\n<p>http:\/\/blogspot.com<br \/>\n<em>Cali y los Sicarios<\/em><br \/>\nMarcela VALENCIA LOZANO <\/p>\n<p><a href=\"http:\/\/caliylosderechoshumanos.blogspot.com\/\">http:\/\/caliylosderechoshumanos.blogspot.com\/<\/a><br \/>\n<em>Cali y Derechos Humanos<\/em><br \/>\nMauricio SEP\u00daLVEDA GARC\u00cdA <\/p>\n<p><a href=\"http:\/\/angieproyecto0121.blogspot.com\/\">http:\/\/angieproyecto0121.blogspot.com\/<\/a><br \/>\n<em>El Civismo en Cali<\/em><br \/>\nAngie Lizeth MU\u00d1OZ VARGAS <\/p>\n<p><strong>GRUPO 25<\/strong> <\/p>\n<p><a href=\"http:\/\/nanapa10.blogspot.com\">http:\/\/nanapa10.blogspot.com<\/a><br \/>\n<em>Integraci\u00f3n de Delincuentes a la Sociedad<\/em><br \/>\n Diana Paola RAYO PORTILLA <\/p>\n<p>http:\/\/<br \/>\n<em>Pandillas Play de Cali<\/em><br \/>\nSantiago MALDONADO AYALA <\/p>\n<p><a href=\"http:\/\/piensaenverd.blogspot.com\">http:\/\/piensaenverd.blogspot.com<\/a><br \/>\n<em>Repercusiones del Mal Manejo de las Zonas Verdes en Cali<\/em><br \/>\nAndr\u00e9s BERM\u00daDEZ GIRALDO <\/p>\n<p><a href=\"http:\/\/sustanciaspsicotropicas.blogspot.com\">http:\/\/sustanciaspsicotropicas.blogspot.com<\/a><br \/>\n<em>Sustancias Psicotr\u00f3picas<\/em><br \/>\nJuan Camilo GARC\u00cdA MU\u00d1OZ<\/p>\n<p> <a href=\"http:\/\/civismoencali2.blogspot.com\">http:\/\/civismoencali2.blogspot.com<\/a><br \/>\n<em>La Cali que Necesitamos (Civismo en Cali)<\/em><br \/>\nDouglas Alberto CHICA GARC\u00cdA &#8211; Sebasti\u00e1n A. RODR\u00cdGUEZ DUQUE <\/p>\n<p><a href=\"http:\/\/victimasescondidas.blogspot.com\">http:\/\/victimasescondidas.blogspot.com<\/a><br \/>\n<em>V\u00edctimas Escondidas en Colombia<\/em><br \/>\nAdriana M. AGUAYO GIR\u00d3N <\/p>\n<p><a href=\"http:\/\/condicionhumanacapitalismo-consumismo.blogspot.com\">http:\/\/condicionhumanacapitalismo-consumismo.blogspot.com<\/a><br \/>\n<em>Condici\u00f3n Humana<\/em><br \/>\nJairo Santiago GARC\u00cdA REVELO<\/p>\n<p><a href=\"http:\/\/bitacorabig.blogspot.com\">http:\/\/bitacorabig.blogspot.com<\/a><br \/>\n<em>Contaminaci\u00f3n por Transporte P\u00fablico en Cali<\/em><br \/>\nBlanca Isabel GODOY CATA\u00d1O <\/p>\n<p><a href=\"http:\/\/barrasencali.blogspot.com\">http:\/\/barrasencali.blogspot.com<\/a><br \/>\n<em>Espectador Consciente<\/em><br \/>\nGabriel A. SAN\u00cdN PINEDA <\/p>\n<p><a href=\"http:\/\/tiocri.blogspot.com\">http:\/\/tiocri.blogspot.com<\/a><br \/>\n<em>La Obsesi\u00f3n por el Juego y el Azar<\/em><br \/>\nCristian A. OCAMPO CARDONA <\/p>\n<p><a href=\"http:\/\/mejoresamigos90.blogspot.com\/\">http:\/\/mejoresamigos90.blogspot.com\/<\/a><br \/>\n<em>\u00bfMejores Amigos?<\/em><br \/>\nJuliana BALLESTEROS GONZ\u00c1LEZ <\/p>\n<p>http:\/\/<br \/>\n<em>\u00bfReligiones de la Tierra o del Cielo?<\/em><br \/>\nJefferson GARC\u00cdA &#8211; Heriberto SOTELO DE LA TORRE <\/p>\n<p><a href=\"http:\/\/rechazoemos.blogspot.com\">http:\/\/rechazoemos.blogspot.com<\/a><br \/>\n<em>\u00bfCu\u00e1l es la Problem\u00e1tica Social de Rechazo hacia la Comunidad EMO en Cali?<\/em><br \/>\nJuan Felipe ARANGUREN CHECA &#8211; Eduardo ENCISO PE\u00d1A <\/p>\n<p><a href=\"http:\/\/prostitucioncalena.blogspot.com\">http:\/\/prostitucioncalena.blogspot.com<\/a><br \/>\n<em>Prostituci\u00f3n en Cali<\/em><br \/>\nJuan Manuel OLAYA AGUDELO<\/p>\n<p><a href=\"http:\/\/gerardochaparro.blogspot.com\">http:\/\/gerardochaparro.blogspot.com<\/a><br \/>\n<em>La Otra M\u00fasica de Cali<\/em><br \/>\nGerardo E. CHAPARRO CARDOZO <\/p>\n<p><a href=\"http:\/\/anticardozo.blogspot.com\">http:\/\/anticardozo.blogspot.com<\/a><br \/>\n<em>\u00bfAplica el Pico y Placa?<\/em><br \/>\nAlejandro ECHEVERRY CAICEDO <\/p>\n<p><a href=\"http:\/\/violenciasexualcali.blogspot.com\">http:\/\/violenciasexualcali.blogspot.com<\/a><br \/>\n<em>\u00bfPor qu\u00e9 han Aumentado las Cifras de Violencia Sexual Infantil en Cali?<\/em><br \/>\nNatalia DUQUE ROA &#8211; Cindy GONZ\u00c1LEZ<\/p>\n","protected":false},"excerpt":{"rendered":"<p>PROYECTOS DE INVESTIGACI\u00d3N COE II GRUPO 7 http:\/\/personalidad-musica.blogspot.com Influencia de la M\u00fasica en la Personalidad Vanessa ARCILA URREA &#8211; Iv\u00e1n D. HERN\u00c1NDEZ URIBE &#8211; Juliana LLANO REYES http:\/\/proyectocoe2.blogspot.com t\u00edtulo Juan Camilo ARDILA CHAPARRO &#8211; Jaime A. MU\u00d1OZ MART\u00cdNEZ http:\/\/andreab-isabelm.blogspot.com Distracciones Culturales para los J\u00f3venes en Cali Andrea C. BUENAVENTURA COLLAZOS &#8211; Isabel MANCERA CALDAS http:\/\/culturacali.blogspot.com &hellip; <a href=\"https:\/\/www.icesi.edu.co\/blogs\/lenguajevirtual\/01-2009\/\" class=\"more-link\">Seguir leyendo <span class=\"screen-reader-text\">01-2009<\/span> <span class=\"meta-nav\">&rarr;<\/span><\/a><\/p>\n","protected":false},"author":16,"featured_media":0,"parent":0,"menu_order":0,"comment_status":"open","ping_status":"open","template":"","meta":{"footnotes":""},"class_list":["post-68","page","type-page","status-publish","hentry"],"aioseo_notices":[],"rttpg_featured_image_url":null,"rttpg_author":{"display_name":"Andrea Rodriguez Mancera","author_link":"https:\/\/www.icesi.edu.co\/blogs\/lenguajevirtual\/author\/66984904\/"},"rttpg_comment":0,"rttpg_category":null,"rttpg_excerpt":"PROYECTOS DE INVESTIGACI\u00d3N COE II GRUPO 7 http:\/\/personalidad-musica.blogspot.com Influencia de la M\u00fasica en la Personalidad Vanessa ARCILA URREA &#8211; Iv\u00e1n D. HERN\u00c1NDEZ URIBE &#8211; Juliana LLANO REYES http:\/\/proyectocoe2.blogspot.com t\u00edtulo Juan Camilo ARDILA CHAPARRO &#8211; Jaime A. MU\u00d1OZ MART\u00cdNEZ http:\/\/andreab-isabelm.blogspot.com Distracciones Culturales para los J\u00f3venes en Cali Andrea C. BUENAVENTURA COLLAZOS &#8211; Isabel MANCERA CALDAS http:\/\/culturacali.blogspot.com&hellip;","_links":{"self":[{"href":"https:\/\/www.icesi.edu.co\/blogs\/lenguajevirtual\/wp-json\/wp\/v2\/pages\/68"}],"collection":[{"href":"https:\/\/www.icesi.edu.co\/blogs\/lenguajevirtual\/wp-json\/wp\/v2\/pages"}],"about":[{"href":"https:\/\/www.icesi.edu.co\/blogs\/lenguajevirtual\/wp-json\/wp\/v2\/types\/page"}],"author":[{"embeddable":true,"href":"https:\/\/www.icesi.edu.co\/blogs\/lenguajevirtual\/wp-json\/wp\/v2\/users\/16"}],"replies":[{"embeddable":true,"href":"https:\/\/www.icesi.edu.co\/blogs\/lenguajevirtual\/wp-json\/wp\/v2\/comments?post=68"}],"version-history":[{"count":20,"href":"https:\/\/www.icesi.edu.co\/blogs\/lenguajevirtual\/wp-json\/wp\/v2\/pages\/68\/revisions"}],"predecessor-version":[{"id":90,"href":"https:\/\/www.icesi.edu.co\/blogs\/lenguajevirtual\/wp-json\/wp\/v2\/pages\/68\/revisions\/90"}],"wp:attachment":[{"href":"https:\/\/www.icesi.edu.co\/blogs\/lenguajevirtual\/wp-json\/wp\/v2\/media?parent=68"}],"curies":[{"name":"wp","href":"https:\/\/api.w.org\/{rel}","templated":true}]}}