{"id":7,"date":"2008-04-01T22:07:53","date_gmt":"2008-04-02T03:07:53","guid":{"rendered":"http:\/\/www.icesi.edu.co\/blogs\/lenguajevirtual\/"},"modified":"2008-05-06T19:12:21","modified_gmt":"2008-05-07T00:12:21","slug":"01-2008","status":"publish","type":"page","link":"https:\/\/www.icesi.edu.co\/blogs\/lenguajevirtual\/01-2008\/","title":{"rendered":"01-2008"},"content":{"rendered":"<p><strong>PROYECTOS DE INVESTIGACI\u00d3N COE II<\/strong><\/p>\n<p><strong>Grupo 7<\/strong><\/p>\n<p><a href=\"http:\/\/alcoholycigarrillo.blogspot.com\">http:\/\/alcoholycigarrillo.blogspot.com <\/a><br \/>\n<em>El Consumo de Alcohol y Cigarrillo en los Estudiantes Universitarios<\/em><br \/>\nAutoras:\tMelissa BEDOYA R. \u2013  Lina Mar\u00eda SARRIA D.<\/p>\n<p><a href=\"http:\/\/calinvadida.blogspot.com\">http:\/\/calinvadida.blogspot.com<\/a><br \/>\n<em>Pico y Placa<\/em><br \/>\nAutor: Fidel Dar\u00edo BOLA\u00d1OS CH. <\/p>\n<p><a href=\"http:\/\/pubsubliminal.blogspot.com\">http:\/\/pubsubliminal.blogspot.com<\/a><br \/>\n<em>Publicidad Subliminal<\/em><br \/>\nAutor: Juan Daniel BRAVO A. <\/p>\n<p><a href=\"http:\/\/indigenciacali.blogspot.com\">http:\/\/indigenciacali.blogspot.com<\/a><br \/>\n<em>Indigencia en Cali<\/em><br \/>\nAutoras:\tDaniela CANDAMIL G. \u2013 Leidy Patricia VALENCIA G.<\/p>\n<p><a href=\"http:\/\/calilimpia.blogspot.com\">http:\/\/calilimpia.blogspot.com<\/a><br \/>\n<em>Las Basuras en Cali <\/em><br \/>\nAutora: Natalia CHAPARRO H.<\/p>\n<p><a href=\"http:\/\/vendedoresambulantesmyl.blogspot.com\">http:\/\/vendedoresambulantesmyl.blogspot.com<\/a><br \/>\n<em>Vendedores Ambulantes<\/em><br \/>\nAutoras:\tLaura CHAQUEA Z. \u2013 Marlen WALLIS R.<\/p>\n<p><a href=\"http:\/\/agroencolombia.blogspot.com\">http:\/\/agroencolombia.blogspot.com<\/a><br \/>\n<em>Los Beneficios de la Exportaci\u00f3n del Agro en Colombia<\/em><br \/>\nAutoras:\tAna Mar\u00eda GAIT\u00c1N L. \u2013 Lindsey Fernanda ROTAVISKY G.<\/p>\n<p><a href=\"http:\/\/hombreysociedad-comunicacion.blogspot.com\">http:\/\/hombreysociedad-comunicacion.blogspot.com<\/a><br \/>\n<em>Hombre y Sociedad: mala educaci\u00f3n<\/em><br \/>\nAutores:\tLeonardo GIRALDO V. \u2013 Nicol\u00e1s OLAYA C.<\/p>\n<p><a href=\"http:\/\/elcali-ton.blogspot.com\">http:\/\/elcali-ton.blogspot.com<\/a><br \/>\n<em>El Reggaeton en Cali<\/em><br \/>\nAutores: Carlos Andr\u00e9s GONZ\u00c1LEZ C. \u2013 Juan David GONZ\u00c1LEZ  P.<\/p>\n<p><a href=\"http:\/\/calinuestra.blogspot.com\">http:\/\/calinuestra.blogspot.com<\/a><br \/>\n<em>Las Zonas Marginales en Cali<\/em><br \/>\nAutora:Mar\u00eda Juliana HINCAPI\u00c9 R.<\/p>\n<p><a href=\"http:\/\/todoxcali.blogspot.com \">http:\/\/todoxcali.blogspot.com <\/a><br \/>\n<em>TodoxCali<\/em><br \/>\nAutor: Juli\u00e1n Felipe MU\u00d1OZ V.<\/p>\n<p><a href=\"http:\/\/sombraotaku.blogspot.com\">http:\/\/sombraotaku.blogspot.com<\/a><br \/>\n<em>A la Sombra \u201cOTAKU\u201d<\/em><br \/>\nAutor: Juli\u00e1n Mauricio PIEDRAHITA M.<\/p>\n<p><a href=\"http:\/\/lascostumbressagradasenlaciudad.blogspot.com\">http:\/\/lascostumbressagradasenlaciudad.blogspot.com<\/a><br \/>\n<em>Las Costumbres Sagradas en la Ciudad<\/em><br \/>\nAutores:\tEdwin Felipe PITO R. \u2013 David Alejandro QUIROGA M.<\/p>\n<p><a href=\"http:\/\/kmilito73.blogspot.com\">http:\/\/kmilito73.blogspot.com<\/a><br \/>\n<em>Consumismo en los J\u00f3venes Cale\u00f1os<\/em><br \/>\nAutores:\tChristian Camilo RIVAS O. \u2013 Carlos Humberto V\u00c9LEZ  S.<\/p>\n<p><a href=\"http:\/\/capoeiracali.blogspot.com\">http:\/\/capoeiracali.blogspot.com<\/a><br \/>\n<em>La Capoeira en Cali<\/em><br \/>\nAutor: Gilberto Andr\u00e9s RODR\u00cdGUEZ R.<\/p>\n<p><a href=\"http:\/\/hombresociedadd.blogspot.com\">http:\/\/hombresociedadd.blogspot.com<\/a><br \/>\nAutor: Javier VILLEGAS<\/p>\n<p><strong>Grupo 11<\/strong><\/p>\n<p><a href=\"http:\/\/culticomunicali.blogspot.com\">http:\/\/culticomunicali.blogspot.com<\/a><br \/>\n<em>La Multiculturalidad de Cali y su comunicaci\u00f3n<\/em><br \/>\nAutor: Santiago DEVIA B.<\/p>\n<p><a href=\"http:\/\/asemg.blogspot.com \">http:\/\/asemg.blogspot.com <\/a><br \/>\n<em>Una Ciudad Limpia<\/em><br \/>\nAutor: Andr\u00e9s Santiago ERAZO M.<\/p>\n<p><a href=\"http:\/\/lalabruja.blogspot.com\">http:\/\/lalabruja.blogspot.com<\/a><br \/>\n<em>Depresi\u00f3n como causa principal de suicidios<\/em><br \/>\nAutora: Laura Marcela ESGUERRA R.<\/p>\n<p><a href=\"http:\/\/gustavofrancocomunicacion2.blogspot.com\">http:\/\/gustavofrancocomunicacion2.blogspot.com<\/a><br \/>\n<em>Causas, efectos e \u00edndices de violencia en la ciudad de Cali<\/em><br \/>\nAutor: Gustavo Adolfo FRANCO B.<\/p>\n<p><a href=\"http:\/\/gutisir.blogspot.com\">http:\/\/gutisir.blogspot.com<\/a><br \/>\n<em>Sociedad, Imagen y Ropa<\/em><br \/>\nAutor: Iv\u00e1n ARMANDO GARC\u00cdA<\/p>\n<p><a href=\"http:\/\/tecnocali.blogspot.com\">http:\/\/tecnocali.blogspot.com<\/a><br \/>\n<em>Tecnolog\u00edas Cali<\/em><br \/>\nAutor: Mario Andr\u00e9s GRANADA H.<\/p>\n<p><a href=\"http:\/\/henaozapata.blogspot.com\">http:\/\/henaozapata.blogspot.com<\/a><br \/>\n<em>Abstenci\u00f3n Electoral y Civismo<\/em><br \/>\nAutor: Juan Sebasti\u00e1n HENAO Z.<\/p>\n<p><a href=\"http:\/\/ottohernandez.blogspot.com\">http:\/\/ottohernandez.blogspot.com<\/a><br \/>\n<em>Un Techo para mi Pa\u00eds<\/em><br \/>\nAutor: Otto HERN\u00c1NDEZ G.<\/p>\n<p><a href=\"http:\/\/cocainalegal.blogspot.com\">http:\/\/cocainalegal.blogspot.com<\/a><br \/>\n<em>Narcotr\u00e1fico, la enfermedad.  Legalizaci\u00f3n, la cura<\/em><br \/>\nAutor: Daniel Iv\u00e1n ISAACS M.<\/p>\n<p><a href=\"http:\/\/dlloreda.blogspot.com\">http:\/\/dlloreda.blogspot.com<\/a><br \/>\n<em>Modelo ONU Cali<\/em><br \/>\nAutor: David LLOREDA C.<\/p>\n<p><a href=\"http:\/\/proyectomio.blogspot.com\">http:\/\/proyectomio.blogspot.com<\/a><br \/>\n<em>El Sistema de Transporte Masivo en Cali: MIO<\/em><br \/>\nAutor: \u00c1lvaro Andr\u00e9s LOAIZA D.<\/p>\n<p><a href=\"http:\/\/vanelocha.blogspot.com \">http:\/\/vanelocha.blogspot.com <\/a><br \/>\n<em>\u00bfC\u00f3mo Influyen las Microempresas de Cali en la Econom\u00eda de la Ciudad?<\/em><br \/>\nAutora: Vanessa LONDO\u00d1O CH.<\/p>\n<p><a href=\"http:\/\/anli-anli.blogspot.com\">http:\/\/anli-anli.blogspot.com<\/a><br \/>\n<em>La Prostituci\u00f3n<\/em><br \/>\nAutoras:\tAndrea L\u00d3PEZ V. \u2013 Lina Johana RU\u00cdZ R.<\/p>\n<p><a href=\"http:\/\/eltegochacho.blogspot.com\">http:\/\/eltegochacho.blogspot.com<\/a><br \/>\n<em>Una Sociedad Marginada<\/em><br \/>\nAutor: Andr\u00e9s Fabi\u00e1n LORES C.<\/p>\n<p><a href=\"http:\/\/caromferro.blogspot.com \">http:\/\/caromferro.blogspot.com <\/a><br \/>\n<em>Lenguaje Corporal<\/em><br \/>\nAutora: Carolina MART\u00cdNEZ F.<\/p>\n<p><a href=\"http:\/\/caliruidosa.blogspot.com\">http:\/\/caliruidosa.blogspot.com<\/a><br \/>\n<em>Cali Ruidosa<\/em><br \/>\nAutora: Karol Andrea MORALES M.<\/p>\n<p><a href=\"http:\/\/trabajosliterarios.blogspot.com\">http:\/\/trabajosliterarios.blogspot.com<\/a><br \/>\n<em>La sociedad como una herramienta marginadora<\/em><br \/>\nAutora: Katherine MOLLER C.<\/p>\n<p><a href=\"http:\/\/mujersimbolodelapublicidad.blogspot.com\">http:\/\/mujersimbolodelapublicidad.blogspot.com<\/a><br \/>\n<em>Uso de la mujer en la publicidad<\/em><br \/>\nAutora: Tatiana OSPINA C.<\/p>\n<p><a href=\"http:\/\/manuel-antonio.blogspot.com\">http:\/\/manuel-antonio.blogspot.com<\/a><br \/>\n<em>Pobreza en Colombia<\/em><br \/>\nAutor: Manuel Antonio PE\u00d1A<\/p>\n<p><a href=\"http:\/\/unagonizanteperobelloplaneta.blogspot.com\">http:\/\/unagonizanteperobelloplaneta.blogspot.com<\/a><br \/>\n<em>Un Agonizante pero Bello Planeta<\/em><br \/>\nAutora: Lady Johanna PERN\u00cdA M.<\/p>\n<p><a href=\"http:\/\/primo101.blogspot.com\">http:\/\/primo101.blogspot.com<\/a><br \/>\n<em>Cali Tecnol\u00f3gica<\/em><br \/>\nAutor: Carlos Alberto RUIZ F.<\/p>\n<p><a href=\"http:\/\/la-calle-jdt.blogspot.com\">http:\/\/la-calle-jdt.blogspot.com<\/a><br \/>\n<em>La Calle<\/em><br \/>\nAutor: Juan David TORRES D.<\/p>\n<p><strong>Grupo 19<\/strong><\/p>\n<p><a href=\"http:\/\/culturaencali.blogspot.com\">http:\/\/culturaencali.blogspot.com<\/a><br \/>\n<em>Cultura en Cali<\/em><br \/>\nAutores:\tPaula Andrea ANZOLA G. \u2013 Ana Mar\u00eda MART\u00cdNEZ C. <\/p>\n<p><a href=\"http:\/\/vocesdelacalle-ca.blogspot.com\">http:\/\/vocesdelacalle-ca.blogspot.com<\/a><br \/>\n<em>Voces de la Calle<\/em><br \/>\nAutores:\tVanessa  ALZATE Z. \u2013  Carlos Andr\u00e9s VERGARA C. <\/p>\n<p><a href=\"http:\/\/lossecretosdelaadministracion.blogspot.com\">http:\/\/lossecretosdelaadministracion.blogspot.com<\/a><br \/>\n<em>\u00bfPor qu\u00e9 no estudiar en esta gran instituci\u00f3n llamada SENA?<\/em><br \/>\nAutores:\tDiana Mar\u00eda AYALA G. \u2013 Cristhian VARGAS A.<\/p>\n<p><a href=\"http:\/\/barrasbravascali.blogspot.com\">http:\/\/barrasbravascali.blogspot.com<\/a><br \/>\n<em>Violencia en las Barras Bravas<\/em><br \/>\nAutores:\tRicardo BOLA\u00d1OS P. \u2013 Andr\u00e9s Felipe DOM\u00cdNGUEZ G.<\/p>\n<p><a href=\"http:\/\/ponteensulugar.blogspot.com\">http:\/\/ponteensulugar.blogspot.com<\/a><br \/>\n<em>La Tortura ni es Arte ni es Cultura<\/em><br \/>\nAutora: Tiffany Andrea BURBANO V. &#8211; Lina Paola QUINTERO M.- Laura ROMERO M. <\/p>\n<p><a href=\"http:\/\/altomenga.blogspot.com\">http:\/\/altomenga.blogspot.com<\/a><br \/>\n<em>El maltrato infantil en el barrio Altomenga<\/em><br \/>\nAutoras:\tMar\u00eda de los \u00c1ngeles CAJ\u00cdAO  \u2013  Andrea GARC\u00cdA C. \u2013 Johana MU\u00d1OZ M.<\/p>\n<p><a href=\"http:\/\/lcsvcq.blogspot.com\">http:\/\/lcsvcq.blogspot.com<\/a><br \/>\n<em>Los XVIII Juegos Deportivos Nacionales 2008<\/em><br \/>\nAutoras:\tLaura CARDONA S. \u2013 Valentina COLL\u00c1ZOS Q.<\/p>\n<p><a href=\"http:\/\/picoeii.blogspot.com\">http:\/\/picoeii.blogspot.com<\/a><br \/>\n<em>El Estr\u00e9s como factor de riesgo psicosocial en los estudiantes de la Universidad ICESI<\/em><br \/>\nAutores:\tMar\u00eda Ang\u00e9lica ECHEVERRI C. \u2013 Jorge Enrique FIGUEROA G.<\/p>\n<p><a href=\"http:\/\/anorexiaconsume.blogspot.com\">http:\/\/anorexiaconsume.blogspot.com<\/a><br \/>\n<em>La Anorexia te consume \u00a1Ev\u00edtala!<\/em><br \/>\nAutores:\tRichard LEE  R. \u2013 Pablo Daniel PATI\u00d1O Q.<\/p>\n<p><a href=\"http:\/\/lapazanimaleidy.blogspot.com\">http:\/\/lapazanimaleidy.blogspot.com<\/a><br \/>\n<em>La Paz Animal<\/em><br \/>\nAutora:\tLeydy Amanda MU\u00d1OZ C.<\/p>\n<p><a href=\"http:\/\/lapazanimal.blogspot.com\">http:\/\/lapazanimal.blogspot.com<\/a><br \/>\n<em>La Anorexia te consume \u00a1Ev\u00edtala!<\/em><br \/>\nAutoras:\tDiana Isabel OSORIO M. \u2013 Laura SILVA CH. &#8211; Leydy Amanda MU\u00d1OZ C.<\/p>\n<p><a href=\"http:\/\/erespersonaoestrellanegra.blogspot.com\">http:\/\/erespersonaoestrellanegra.blogspot.com<\/a><br \/>\n<em>Las Estrellas Negras<\/em><br \/>\nAutora: Sof\u00eda Paulina SIEBER A.<\/p>\n<p><a href=\"http:\/\/tertuliarte.blogspot.com\">http:\/\/tertuliarte.blogspot.com<\/a><br \/>\n<em>Un Vistazo al Museo La Tertulia<\/em><br \/>\nAutoras: Andrea VALENCIA M. &#8211; Melissa OSPINA M.<\/p>\n<p><strong>Grupo 25<\/strong><\/p>\n<p><a href=\"http:\/\/blogparacomunicacionsegundosemestre.blogspot.com\">http:\/\/blogparacomunicacionsegundosemestre.blogspot.com<\/a><br \/>\n<em>Los j\u00f3venes de Icesi y la m\u00fasica<\/em><br \/>\nAutoras:\tJohanna Lorena BETANCOURT  R. \u2013 Eliana Patricia L\u00d3PEZ C. <\/p>\n<p><a href=\"http:\/\/bokutashi.blogspot.com\">http:\/\/bokutashi.blogspot.com<\/a><br \/>\n<em>Actitudes de la poblaci\u00f3n cale\u00f1a ante a los accidentes de tr\u00e1nsito<\/em><br \/>\nAutores:\tDiana Carolina BURBANO V. \u2013 Andr\u00e9s Felipe ESGUERRA R.<\/p>\n<p><a href=\"http:\/\/calialvolante.blogspot.com\">http:\/\/calialvolante.blogspot.com<\/a><br \/>\n<em>Conciencia al Volante: Requisito para ser buen ciudadano<\/em><br \/>\nAutora: Oriana Fernanda CASTRO R. <\/p>\n<p><a href=\"http:\/\/lanuevamiradasag.blogspot.com\">http:\/\/lanuevamiradasag.blogspot.com<\/a><br \/>\n<em>La nueva mirada<\/em><br \/>\nAutor:Santiago Alberto GERALDO G.<\/p>\n<p><a href=\"http:\/\/jovenes-al-poder.blogspot.com\">http:\/\/jovenes-al-poder.blogspot.com<\/a><br \/>\n<em>Participaci\u00f3n de los J\u00f3venes Cale\u00f1os en la Pol\u00edtica<\/em><br \/>\nAutor: Juan Manuel G\u00d3MEZ G.<\/p>\n<p><a href=\"http:\/\/proyactocomunicacion2.blogspot.com\">http:\/\/proyactocomunicacion2.blogspot.com<\/a><br \/>\n<em>El Mundo de las Barrras<\/em><br \/>\nAutores: Samuel GUTI\u00c9RREZ Q. \u2013 Nathalie VIDARTE S.<\/p>\n<p><a href=\"http:\/\/jovensalvacion.blogspot.com\">http:\/\/jovensalvacion.blogspot.com<\/a><br \/>\n<em>J\u00f3venes Comprometidos<\/em><br \/>\nAutor: Carlos Arturo HERR\u00c1N H.<\/p>\n<p><a href=\"http:\/\/comunicacionjfla.blogspot.com \">http:\/\/comunicacionjfla.blogspot.com <\/a><br \/>\n<em>Fum\u00e1ndose la Vida<\/em><br \/>\nAutor: Juan Felipe L\u00d3PEZ A.<\/p>\n<p><a href=\"http:\/\/proyectodecomunicacion1.blogspot.com\">http:\/\/proyectodecomunicacion1.blogspot.com<\/a><br \/>\n<em>Prostituci\u00f3n<\/em><br \/>\nAutores:\tJuan Sebasti\u00e1n MONTOYA P. \u2013 Lina Mar\u00eda QUICENO B.<\/p>\n<p><a href=\"http:\/\/desplazamiento-y-reinsercion.blogspot.com\">http:\/\/desplazamiento-y-reinsercion.blogspot.com<\/a><br \/>\n<em>Desplazamiento y Reinserci\u00f3n<\/em><br \/>\nAutor: Jos\u00e9 Javier MOR\u00c1N D.<\/p>\n<p><a href=\"http:\/\/lamitadmasuno12.blogspot.com\">http:\/\/lamitadmasuno12.blogspot.com<\/a><br \/>\n<em>La Sociedad Contempor\u00e1nea<\/em><br \/>\nAutor: \u00c1ngel ORDO\u00d1EZ M.<\/p>\n<p><a href=\"http:\/\/prepararse-para-la-vejez.blogspot.com\">http:\/\/prepararse-para-la-vejez.blogspot.com<\/a><br \/>\n<em>Prepararse para la vejez, una necesidad social<\/em><br \/>\nAutor: Jecer Alex\u00e1nder PARADA R.<\/p>\n<p><a href=\"http:\/\/companeroscomunicacion.blogspot.com\">http:\/\/companeroscomunicacion.blogspot.com<\/a><br \/>\n<em>Piques callejeros: \u00bfDeporte o Irresponsabilidad?<\/em><br \/>\nAutores:\tAndr\u00e9s PRIETO T. \u2013 Andr\u00e9s Felipe YUNDA J.<\/p>\n<p><a href=\"http:\/\/ciudadyotrautopia.blogspot.com\">http:\/\/ciudadyotrautopia.blogspot.com<\/a><br \/>\n<em>Ciudad Ut\u00f3pica<\/em><br \/>\nAutor: Diego Fernando RAM\u00cdREZ H.<\/p>\n<p><a href=\"http:\/\/civismomusical.blogspot.com\">http:\/\/civismomusical.blogspot.com<\/a><br \/>\n<em>Cultura Musical<\/em><br \/>\nAutora: Paola Andrea RAMOS G.<\/p>\n<p><a href=\"http:\/\/angelaproyect.blogspot.com\">http:\/\/angelaproyect.blogspot.com<\/a><br \/>\n<em>Granada: tradici\u00f3n y transformaci\u00f3n<\/em><br \/>\nAutora: Luz \u00c1ngela SARRIA Q.<\/p>\n<p><a href=\"http:\/\/kurinax.blogspot.com\">http:\/\/kurinax.blogspot.com<\/a><br \/>\n<em>Cultura Rock!<\/em><br \/>\nAutor: Juan David VILLAMAR\u00cdN P.<\/p>\n","protected":false},"excerpt":{"rendered":"<p>PROYECTOS DE INVESTIGACI\u00d3N COE II Grupo 7 http:\/\/alcoholycigarrillo.blogspot.com El Consumo de Alcohol y Cigarrillo en los Estudiantes Universitarios Autoras: Melissa BEDOYA R. \u2013 Lina Mar\u00eda SARRIA D. http:\/\/calinvadida.blogspot.com Pico y Placa Autor: Fidel Dar\u00edo BOLA\u00d1OS CH. http:\/\/pubsubliminal.blogspot.com Publicidad Subliminal Autor: Juan Daniel BRAVO A. http:\/\/indigenciacali.blogspot.com Indigencia en Cali Autoras: Daniela CANDAMIL G. \u2013 Leidy Patricia &hellip; <a href=\"https:\/\/www.icesi.edu.co\/blogs\/lenguajevirtual\/01-2008\/\" class=\"more-link\">Seguir leyendo <span class=\"screen-reader-text\">01-2008<\/span> <span class=\"meta-nav\">&rarr;<\/span><\/a><\/p>\n","protected":false},"author":16,"featured_media":0,"parent":0,"menu_order":0,"comment_status":"closed","ping_status":"closed","template":"","meta":{"footnotes":""},"class_list":["post-7","page","type-page","status-publish","hentry"],"aioseo_notices":[],"rttpg_featured_image_url":null,"rttpg_author":{"display_name":"Andrea Rodriguez Mancera","author_link":"https:\/\/www.icesi.edu.co\/blogs\/lenguajevirtual\/author\/66984904\/"},"rttpg_comment":0,"rttpg_category":null,"rttpg_excerpt":"PROYECTOS DE INVESTIGACI\u00d3N COE II Grupo 7 http:\/\/alcoholycigarrillo.blogspot.com El Consumo de Alcohol y Cigarrillo en los Estudiantes Universitarios Autoras: Melissa BEDOYA R. \u2013 Lina Mar\u00eda SARRIA D. http:\/\/calinvadida.blogspot.com Pico y Placa Autor: Fidel Dar\u00edo BOLA\u00d1OS CH. http:\/\/pubsubliminal.blogspot.com Publicidad Subliminal Autor: Juan Daniel BRAVO A. http:\/\/indigenciacali.blogspot.com Indigencia en Cali Autoras: Daniela CANDAMIL G. \u2013 Leidy Patricia&hellip;","_links":{"self":[{"href":"https:\/\/www.icesi.edu.co\/blogs\/lenguajevirtual\/wp-json\/wp\/v2\/pages\/7"}],"collection":[{"href":"https:\/\/www.icesi.edu.co\/blogs\/lenguajevirtual\/wp-json\/wp\/v2\/pages"}],"about":[{"href":"https:\/\/www.icesi.edu.co\/blogs\/lenguajevirtual\/wp-json\/wp\/v2\/types\/page"}],"author":[{"embeddable":true,"href":"https:\/\/www.icesi.edu.co\/blogs\/lenguajevirtual\/wp-json\/wp\/v2\/users\/16"}],"replies":[{"embeddable":true,"href":"https:\/\/www.icesi.edu.co\/blogs\/lenguajevirtual\/wp-json\/wp\/v2\/comments?post=7"}],"version-history":[{"count":0,"href":"https:\/\/www.icesi.edu.co\/blogs\/lenguajevirtual\/wp-json\/wp\/v2\/pages\/7\/revisions"}],"wp:attachment":[{"href":"https:\/\/www.icesi.edu.co\/blogs\/lenguajevirtual\/wp-json\/wp\/v2\/media?parent=7"}],"curies":[{"name":"wp","href":"https:\/\/api.w.org\/{rel}","templated":true}]}}