{"id":731,"date":"2012-09-17T07:48:56","date_gmt":"2012-09-17T12:48:56","guid":{"rendered":"http:\/\/www.icesi.edu.co\/blogs\/lenguajevirtual\/?page_id=731"},"modified":"2012-10-17T12:11:31","modified_gmt":"2012-10-17T17:11:31","slug":"2012-2","status":"publish","type":"page","link":"https:\/\/www.icesi.edu.co\/blogs\/lenguajevirtual\/2012-2\/","title":{"rendered":"2012-2"},"content":{"rendered":"<p><strong>GRUPO 19<\/strong><\/p>\n<p><em><a href=\"http:\/\/www.icesi.edu.co\/blogs_estudiantes\/clavedelexito\/\">Clave del \u00c9xito<\/a><\/em><br \/>\nDuque R., Nataly<br \/>\nSolarte Q., Nelly P.<\/p>\n<p><em><a href=\"http:\/\/dandelionluna.blogspot.com\/\">Aprende ense\u00f1ando<br \/>\n<\/a><\/em>Dur\u00e1n A., Tatiana M.<\/p>\n<p><em><a href=\"http:\/\/alexescobar1022.blogspot.com\/\">Multipropaz<\/a><\/em><br \/>\nEscobar R.,\u00a0Eider A.<\/p>\n<p><em>Historia y significado de las modificaciones corporales<br \/>\n<\/em><a href=\"http:\/\/alejandrapelaezmc.blogspot.com\/\">Pel\u00e1ez P., Mar\u00eda A.<\/a><br \/>\nSilva C., D. Andrea<\/p>\n<p><em><a href=\"http:\/\/alejandrapuerto1308.blogspot.com\/\">Yag\u00e9<\/a><\/em><br \/>\nPuerto R., Yenyfer A.<\/p>\n<p><em>Dejando el nido<\/em><br \/>\n<a href=\"http:\/\/dejandoelnidoxd.blogspot.com\/\">Quintero T., Carlos M. A.<\/a><br \/>\n<a href=\"http:\/\/lausolis.blogspot.com\/\">Sol\u00eds M., Laurem X.<\/a><\/p>\n<p><em><a href=\"http:\/\/historiadeldeportivocali.blogspot.com\/\">Historia del Deportivo Cali<\/a><\/em><br \/>\nSalazar H., Miguel A.<\/p>\n<p><em><a href=\"http:\/\/jennifersalazar1492.blogspot.com\/\">Vinculaci\u00f3n del transporte urbano tradicional al MIO<\/a><\/em><br \/>\nSalazar R., Jennifer<\/p>\n<p><em><a href=\"http:\/\/zadkielblog.jimdo.com\/\">\u00c9xito en la T.V.<br \/>\n<\/a><\/em>V\u00e1squez M., Zadkiel F. A.<\/p>\n<p><strong>GRUPO 25<\/strong><\/p>\n<p><em><a href=\"http:\/\/capoeiraicesi.blogspot.com\/\">La Capoeira: arte marcial, danza y cultura brasilera<\/a><\/em><br \/>\n\u00c1vila R., Juli\u00e1n D.<\/p>\n<p><em><a href=\"http:\/\/proyecto-mad-hatter.tumblr.com\/\">Proyecto Mad Hatter<\/a><\/em><br \/>\nBalaguera V., \u00a0Mar\u00eda dl A.<\/p>\n<p><em><a href=\"http:\/\/discapacitadosicesi.blogspot.com\/\">Los Discapacitados y la adecuaci\u00f3n de los espacios en Icesi<\/a><\/em><br \/>\nBravo C., Juan S.<\/p>\n<p><em><a href=\"http:\/\/angiecandelo.wordpress.com\/\">Tratamientos para el VIH en la Fundaci\u00f3n Valle del Lili<\/a><\/em><br \/>\nCandelo G., Angie P<br \/>\nCarabal\u00ed C., Laura M.<\/p>\n<p><em><a href=\"http:\/\/cancelacionesicesi.blogspot.com\/\">Estr\u00e9s en Icesi<\/a><\/em><br \/>\nC\u00e1rdenas S. Juan C.<\/p>\n<p><em><a href=\"http:\/\/vegetarianosenicesi.blogspot.com\/\">Vegetarianos en Icesi<\/a><\/em><br \/>\nCaro O., Isabella<\/p>\n<p><em><a href=\"http:\/\/retinitispigmentariaencali.blogspot.com\/\">Retinitis pigmentaria en Cali<\/a><\/em><br \/>\nDelgado R., Pedro L.<\/p>\n<p><em><a href=\"http:\/\/movimientomeatrapa.blogspot.com\/\">El Movimiento me Atrapa<\/a><\/em><br \/>\nEstrada H., Juan D.<\/p>\n<p><em><a href=\"http:\/\/sobrepesoenicesi.blogspot.com\/\">El Sobrepeso en Icesi<\/a><\/em><br \/>\nG\u00f3mez S., Samuel D.<\/p>\n<p><em><a href=\"http:\/\/esenciavive.blogspot.com\/\">Historia de la Leucemia en Cali<\/a><\/em><br \/>\nHern\u00e1ndes S., Daniela<\/p>\n<p><em><a href=\"http:\/\/gustavoinga21.blogspot.es\/\">Una vida &#8220;entrem\u00fasculos&#8221;<\/a><\/em><br \/>\nInga C., Gustavo A.<\/p>\n<p><em><a href=\"http:\/\/deporte-vertical.blogspot.com\/\">Un deporte vertical<\/a><\/em><br \/>\nLlanos A., Jos\u00e9 A.<\/p>\n<p><em><a href=\"http:\/\/melissallanosplazadetoros.blogspot.com\/\">La Fundaci\u00f3n Plaza de Toros<\/a><\/em><br \/>\nLlanos A., Melissa<\/p>\n<p><em><a href=\"http:\/\/icesincarro.blogspot.com\/\">Icesi sin carro<\/a><\/em><br \/>\nLondo\u00f1o P., Mateo<\/p>\n<p><em><a href=\"http:\/\/blog-delirio.blogspot.com\/\">Delirio, Salsa, Circo y Orquesta<\/a><\/em><br \/>\nMosquera O., Lina M.<\/p>\n<p><em><a href=\"http:\/\/marketingsocialenicesi.blogspot.com\/\">Marketing Social en la Universidad Icesi<\/a><\/em><br \/>\nOrtega J., Mar\u00eda C.<br \/>\nRomero B., Mar\u00eda C.<\/p>\n<p>t<br \/>\nPaz P., N. Maximiliano<\/p>\n<p><em><a href=\"http:\/\/healthydoctorhealthypacient.blogspot.com\/\">Doctores Sanos, Pacientes Sanos<\/a><\/em><br \/>\nP\u00e9rez A., Mar\u00eda C.<\/p>\n<p><em><a href=\"http:\/\/estereotipoicesi.blogspot.com\/\">Estereotipo de la Mujer en Icesi<\/a><\/em><br \/>\nPratt B., Paula A.<br \/>\nSierra R., Senided<\/p>\n<p><em><a href=\"http:\/\/descansopromedio.blogspot.com\/\">Descanso necesario para un estudiante promedio<\/a><\/em><br \/>\nUrrego M., Mar\u00eda A.<\/p>\n<p><em><a href=\"http:\/\/villafelisa.wordpress.com\/\">Villa Felisa<\/a><\/em><br \/>\nV\u00e9lez P., Andr\u00e9s<\/p>\n<p><strong>GRUPO 27<\/strong><\/p>\n<p><em><a href=\"http:\/\/kungfuicesi.blogspot.com\/\">Kung Fu en Icesi<\/a><\/em><br \/>\nAguilar A., Christian C.<\/p>\n<p>Aguirre M., Isabella<\/p>\n<p><em><a href=\"http:\/\/icesidanza.blogspot.com\/\">Icesi danza<\/a><\/em><br \/>\nArboleda S., Julio<\/p>\n<p><em><a href=\"http:\/\/elwifien-icesi.blogspot.com\/\">Wi-Fi en Icesi<\/a><\/em><br \/>\nDelgado C., Diego E.<\/p>\n<p><em><a href=\"http:\/\/mechocaelchoque.blogspot.com\/\">Me choca el choque<\/a><\/em><br \/>\nDominguez Ch., Natalia<\/p>\n<p><em><a href=\"http:\/\/libros-y-entretenimiento-pr.tumblr.com\/\">Libros y Entretenimiento<\/a><\/em><br \/>\nDuque A., Liseth<\/p>\n<p><em><a href=\"http:\/\/procoe.blogspot.com\/\">Bandas Musicales en Icesi<\/a><\/em><br \/>\nFranco L., Camilo E.<\/p>\n<p><em><a href=\"http:\/\/estres-en-los-universitarios.blogspot.com\/\">Estr\u00e9s en los Universitarios<\/a><\/em><br \/>\nGarc\u00eda Ch., Isabel<\/p>\n<p><em><a href=\"http:\/\/culturad.tumblr.com\/\">Cultura del dise\u00f1o gr\u00e1fico en Cali<\/a><\/em><br \/>\nG\u00f3mez M., Christian C.<\/p>\n<p><em><a href=\"http:\/\/elvegatarianismo.blogspot.com\/\">El vegetarianismo en Icesi<\/a><\/em><br \/>\nGuti\u00e9rrez D., Ana C.<\/p>\n<p><em><a href=\"http:\/\/proyectodeinvestigacionicesi.blogspot.com\/\">Diferentes perspectivas sobre el conflicto armado en Torib\u00edo (Cauca)<\/a><\/em><br \/>\nHern\u00e1ndez B., David A.<\/p>\n<p><em><a href=\"http:\/\/www.conflictoar.blogspot.com\/\">Conflicto Armado<\/a><\/em><br \/>\nL\u00f3pez H., Luis A.<\/p>\n<p><em><a href=\"http:\/\/jemch.blogspot.com\/\">Tenis en Icesi<\/a><\/em><br \/>\nMontalvo C., Juan E.<\/p>\n<p><em><a href=\"http:\/\/cmj-en-cali.tumblr.com\/\">Consejo Municipal de Juventudes, Cali<\/a><\/em><br \/>\nMoyano V., Vanessa<\/p>\n<p><em><a href=\"http:\/\/proyectodeinvestigacioncoe.wordpress.com\/\">La enfermedad de la rutina<\/a><\/em><br \/>\nPiedrahita Y., Hern\u00e1n F.<\/p>\n<p><a href=\"http:\/\/tbneural.blogspot.com\/\"><em>Defectos del <\/em>Tubo Neural<em> en Cali<\/em><\/a><br \/>\nPopo T., Manuel A.<\/p>\n<p><em><a href=\"http:\/\/natyquevedo.blogspot.com\/\">\u00bfPor qu\u00e9 hacer Simultaneidad en Icesi?<\/a><\/em><br \/>\nQuevedo H., Nataly<\/p>\n<p><em><a href=\"http:\/\/miedooinconciencia.blogspot.com\/\">Donantes Abstemios<\/a><\/em><br \/>\nQuiroga G., Mar\u00eda A.<\/p>\n<p><em><a href=\"http:\/\/simultaneidadicesi.blogspot.com\/\">Simultaneidad en Icesi<\/a><\/em><br \/>\nS\u00e1nchez A., Sebasti\u00e1n<\/p>\n<p>Vanegas C., Natalia<\/p>\n<p><em><a href=\"http:\/\/problemasybeneficiosmio.blogspot.com\/\">MIO: \u00bfC\u00f3mo son las condiciones laborales?<br \/>\n<\/a><\/em>Yepes V., Francisco J.<\/p>\n<p><em><a href=\"http:\/\/comoserunactorenpalmira.blogspot.com\/\">\u00bfC\u00f3mo ser un actor en Palmira?<\/a><\/em><br \/>\nZuluaga R., Christian D.<\/p>\n","protected":false},"excerpt":{"rendered":"<p>GRUPO 19 Clave del \u00c9xito Duque R., Nataly Solarte Q., Nelly P. Aprende ense\u00f1ando Dur\u00e1n A., Tatiana M. Multipropaz Escobar R.,\u00a0Eider A. Historia y significado de las modificaciones corporales Pel\u00e1ez P., Mar\u00eda A. Silva C., D. Andrea Yag\u00e9 Puerto R., Yenyfer A. Dejando el nido Quintero T., Carlos M. A. Sol\u00eds M., Laurem X. Historia &hellip; <a href=\"https:\/\/www.icesi.edu.co\/blogs\/lenguajevirtual\/2012-2\/\" class=\"more-link\">Seguir leyendo <span class=\"screen-reader-text\">2012-2<\/span> <span class=\"meta-nav\">&rarr;<\/span><\/a><\/p>\n","protected":false},"author":16,"featured_media":0,"parent":0,"menu_order":0,"comment_status":"open","ping_status":"open","template":"","meta":{"footnotes":""},"class_list":["post-731","page","type-page","status-publish","hentry"],"aioseo_notices":[],"rttpg_featured_image_url":null,"rttpg_author":{"display_name":"Andrea Rodriguez Mancera","author_link":"https:\/\/www.icesi.edu.co\/blogs\/lenguajevirtual\/author\/66984904\/"},"rttpg_comment":0,"rttpg_category":null,"rttpg_excerpt":"GRUPO 19 Clave del \u00c9xito Duque R., Nataly Solarte Q., Nelly P. Aprende ense\u00f1ando Dur\u00e1n A., Tatiana M. Multipropaz Escobar R.,\u00a0Eider A. Historia y significado de las modificaciones corporales Pel\u00e1ez P., Mar\u00eda A. Silva C., D. Andrea Yag\u00e9 Puerto R., Yenyfer A. Dejando el nido Quintero T., Carlos M. A. Sol\u00eds M., Laurem X. Historia&hellip;","_links":{"self":[{"href":"https:\/\/www.icesi.edu.co\/blogs\/lenguajevirtual\/wp-json\/wp\/v2\/pages\/731"}],"collection":[{"href":"https:\/\/www.icesi.edu.co\/blogs\/lenguajevirtual\/wp-json\/wp\/v2\/pages"}],"about":[{"href":"https:\/\/www.icesi.edu.co\/blogs\/lenguajevirtual\/wp-json\/wp\/v2\/types\/page"}],"author":[{"embeddable":true,"href":"https:\/\/www.icesi.edu.co\/blogs\/lenguajevirtual\/wp-json\/wp\/v2\/users\/16"}],"replies":[{"embeddable":true,"href":"https:\/\/www.icesi.edu.co\/blogs\/lenguajevirtual\/wp-json\/wp\/v2\/comments?post=731"}],"version-history":[{"count":44,"href":"https:\/\/www.icesi.edu.co\/blogs\/lenguajevirtual\/wp-json\/wp\/v2\/pages\/731\/revisions"}],"predecessor-version":[{"id":776,"href":"https:\/\/www.icesi.edu.co\/blogs\/lenguajevirtual\/wp-json\/wp\/v2\/pages\/731\/revisions\/776"}],"wp:attachment":[{"href":"https:\/\/www.icesi.edu.co\/blogs\/lenguajevirtual\/wp-json\/wp\/v2\/media?parent=731"}],"curies":[{"name":"wp","href":"https:\/\/api.w.org\/{rel}","templated":true}]}}