{"id":8,"date":"2017-08-07T00:37:07","date_gmt":"2017-08-07T00:37:07","guid":{"rendered":"http:\/\/www.icesi.edu.co\/blogs\/pregradoanestesiologia\/?page_id=8"},"modified":"2020-08-07T20:28:15","modified_gmt":"2020-08-07T20:28:15","slug":"valoracion-y-manejo-de-la-via-aerea","status":"publish","type":"page","link":"https:\/\/www.icesi.edu.co\/blogs\/pregradoanestesiologia\/","title":{"rendered":"Programa de Anestesiolog\u00eda para Pregrado"},"content":{"rendered":"<p><span style=\"color: #ff0000\">\u00a0Justificaci\u00f3n<\/span><\/p>\n<div>\n<p>El m\u00e9dico general en formaci\u00f3n debe incursionar en el manejo de pacientes cr\u00edticos mediante el desarrollo de actividades acad\u00e9micas y asistenciales, basado en un modelo integral de aprendizaje brindado por el especialista en Anestesiolog\u00eda. El \u00e9nfasis te\u00f3rico pr\u00e1ctico esta basado en realizar un abordaje y manejo integral de la v\u00eda a\u00e9rea, optima evaluaci\u00f3n y preparaci\u00f3n del paciente, as\u00ed como la aplicaci\u00f3n de estrategias farmacol\u00f3gicas adecuadas. De igual manera, en su formaci\u00f3n se facilitar\u00e1 el desarrollo de habilidades en t\u00e9cnicas b\u00e1sicas de anestesia regional y manejo del paciente con dolor agudo y cr\u00f3nico.<\/p>\n<\/div>\n<p><span style=\"color: #ff0000\">Objetivos:<\/span><\/p>\n<ul>\n<li>Afianzar los conocimientos en farmacolog\u00eda aplicada.<\/li>\n<li>Manejo de los inductores anest\u00e9sicos,\u00a0 bloqueantes musculares, anest\u00e9sicos locales, analg\u00e9sicos opioides y no opiodes.<\/li>\n<li>Desarrollar habilidades en la evaluaci\u00f3n y manejo de la v\u00eda a\u00e9rea.<\/li>\n<li>Realizar un abordaje integral del paciente con indicaci\u00f3n de inducci\u00f3n de secuencia r\u00e1pida.<\/li>\n<li>Desarrollar habilidades en t\u00e9cnicas b\u00e1sicas de anestesia regional.<\/li>\n<li>Facilitar un enfoque integral en el manejo de pacientes con dolor agudo y cr\u00f3nico.<\/li>\n<li>Afianzar los conocimientos en Reanimaci\u00f3n Cardiopulmonar avanzada.<\/li>\n<\/ul>\n<div><\/div>\n<div><\/div>\n<div>\n<p>&nbsp;<\/p>\n<\/div>\n<p>&nbsp;<\/p>\n","protected":false},"excerpt":{"rendered":"<p>\u00a0Justificaci\u00f3n El m\u00e9dico general en formaci\u00f3n debe incursionar en el manejo de pacientes cr\u00edticos mediante el desarrollo de actividades acad\u00e9micas y asistenciales, basado en un modelo integral de aprendizaje brindado por el especialista en Anestesiolog\u00eda. El \u00e9nfasis te\u00f3rico pr\u00e1ctico esta basado en realizar un abordaje y manejo integral de la v\u00eda a\u00e9rea, optima evaluaci\u00f3n y &hellip; <a href=\"https:\/\/www.icesi.edu.co\/blogs\/pregradoanestesiologia\/\" class=\"more-link\">Contin\u00faa leyendo <span class=\"screen-reader-text\">Programa de Anestesiolog\u00eda para Pregrado<\/span><\/a><\/p>\n","protected":false},"author":42165464,"featured_media":0,"parent":0,"menu_order":0,"comment_status":"open","ping_status":"open","template":"","meta":{"footnotes":""},"class_list":["post-8","page","type-page","status-publish","hentry"],"aioseo_notices":[],"rttpg_featured_image_url":null,"rttpg_author":{"display_name":"Ivan Fernando Quintero Cifuentes","author_link":"https:\/\/www.icesi.edu.co\/blogs\/pregradoanestesiologia\/author\/10298801\/"},"rttpg_comment":3,"rttpg_category":null,"rttpg_excerpt":"\u00a0Justificaci\u00f3n El m\u00e9dico general en formaci\u00f3n debe incursionar en el manejo de pacientes cr\u00edticos mediante el desarrollo de actividades acad\u00e9micas y asistenciales, basado en un modelo integral de aprendizaje brindado por el especialista en Anestesiolog\u00eda. El \u00e9nfasis te\u00f3rico pr\u00e1ctico esta basado en realizar un abordaje y manejo integral de la v\u00eda a\u00e9rea, optima evaluaci\u00f3n y&hellip;","_links":{"self":[{"href":"https:\/\/www.icesi.edu.co\/blogs\/pregradoanestesiologia\/wp-json\/wp\/v2\/pages\/8"}],"collection":[{"href":"https:\/\/www.icesi.edu.co\/blogs\/pregradoanestesiologia\/wp-json\/wp\/v2\/pages"}],"about":[{"href":"https:\/\/www.icesi.edu.co\/blogs\/pregradoanestesiologia\/wp-json\/wp\/v2\/types\/page"}],"author":[{"embeddable":true,"href":"https:\/\/www.icesi.edu.co\/blogs\/pregradoanestesiologia\/wp-json\/wp\/v2\/users\/42165464"}],"replies":[{"embeddable":true,"href":"https:\/\/www.icesi.edu.co\/blogs\/pregradoanestesiologia\/wp-json\/wp\/v2\/comments?post=8"}],"version-history":[{"count":3,"href":"https:\/\/www.icesi.edu.co\/blogs\/pregradoanestesiologia\/wp-json\/wp\/v2\/pages\/8\/revisions"}],"predecessor-version":[{"id":72,"href":"https:\/\/www.icesi.edu.co\/blogs\/pregradoanestesiologia\/wp-json\/wp\/v2\/pages\/8\/revisions\/72"}],"wp:attachment":[{"href":"https:\/\/www.icesi.edu.co\/blogs\/pregradoanestesiologia\/wp-json\/wp\/v2\/media?parent=8"}],"curies":[{"name":"wp","href":"https:\/\/api.w.org\/{rel}","templated":true}]}}

Programa de Anestesiología para Pregrado

<p><span style="color: #ff0000"> Justificación</span></p>
<div>
<p>El médico general en formación debe incursionar en el manejo de pacientes críticos mediante el desarrollo de actividades académicas y asistenciales, basado en un modelo integral de aprendizaje brindado por el especialista en Anestesiología. El énfasis teórico práctico esta basado en realizar un abordaje y manejo integral de la vía aérea, optima evaluación y preparación del paciente, así como la aplicación de estrategias farmacológicas adecuadas. De igual manera, en su formación se facilitará el desarrollo de habilidades en técnicas básicas de anestesia regional y manejo del paciente con dolor agudo y crónico.</p>
</div>
<p><span style="color: #ff0000">Objetivos:</span></p>
<ul>
<li>Afianzar los conocimientos en farmacología aplicada.</li>
<li>Manejo de los inductores anestésicos,  bloqueantes musculares, anestésicos locales, analgésicos opioides y no opiodes.</li>
<li>Desarrollar habilidades en la evaluación y manejo de la vía aérea.</li>
<li>Realizar un abordaje integral del paciente con indicación de inducción de secuencia rápida.</li>
<li>Desarrollar habilidades en técnicas básicas de anestesia regional.</li>
<li>Facilitar un enfoque integral en el manejo de pacientes con dolor agudo y crónico.</li>
<li>Afianzar los conocimientos en Reanimación Cardiopulmonar avanzada.</li>
</ul>
<div></div>
<div></div>
<div>
<p>&nbsp;</p>
</div>
<p>&nbsp;</p>

<p> Justificación El médico general en formación debe incursionar en el manejo de pacientes críticos mediante el desarrollo de actividades académicas y asistenciales, basado en un modelo integral de aprendizaje brindado por el especialista en Anestesiología. El énfasis teórico práctico esta basado en realizar un abordaje y manejo integral de la vía aérea, optima evaluación y &hellip; <a href="https://www.icesi.edu.co/blogs/pregradoanestesiologia/" class="more-link">Continúa leyendo <span class="screen-reader-text">Programa de Anestesiología para Pregrado</span></a></p>

Justificación El médico general en formación debe incursionar en el manejo de pacientes críticos mediante el desarrollo de actividades académicas y asistenciales, basado en un modelo integral de aprendizaje brindado por el especialista en Anestesiología. El énfasis teórico práctico esta basado en realizar un abordaje y manejo integral de la vía aérea, optima evaluación y&hellip;
