{"id":33,"date":"2008-08-19T09:13:30","date_gmt":"2008-08-19T14:13:30","guid":{"rendered":"http:\/\/www.icesi.edu.co\/blogs\/salonbursatil\/ejemplo\/"},"modified":"2008-08-19T09:13:30","modified_gmt":"2008-08-19T14:13:30","slug":"ejemplo","status":"publish","type":"page","link":"https:\/\/www.icesi.edu.co\/blogs\/salonbursatil\/ejemplo\/","title":{"rendered":"Ejemplo"},"content":{"rendered":"<p>Como resultado de la convocatoria estudiantil el jueves pasado, marzo\u00a0 27 en el auditorio 4 y contando con la asistencia de 35 personas entre estudiantes y profesores, naci\u00f3 el Sal\u00f3n Burs\u00e1til y Club de Inversiones, cuyo prop\u00f3sito es de facilitar la formaci\u00f3n b\u00e1sica de como invertir en la Bolsa de Valores y en los Mercados\u00a0 Financieros Internacionales.<\/p>\n<p>En este nuevo espacio, los alumnos no s\u00f3lo tendr\u00e1n la posibilidad de acceder al conocimiento y al funcionamiento de los mercados financieros sino de adquirir la experiencia necesaria, mediante la simulaci\u00f3n de ambientes reales a trav\u00e9s de inversiones en portafolios virtuales de Europa, Estados Unidos y Colombia, como la forma pr\u00e1ctica de ejercitarse en el mundo burs\u00e1til.\u00a0<!--more--><\/p>\n<p>En algunos de los talleres a desarrollar, tambi\u00e9n se compartir\u00e1 el conocimiento y las experiencias de expertos en los mercados burs\u00e1tiles a trav\u00e9s de conferencias que se dictar\u00e1n sobre temas espec\u00edficos. \u00a0Para ello, se busca experimentar en la realidad, las consecuencias de las decisiones y la importancia de Investigar, Planificar y Elegir una determinada inversi\u00f3n para alcanzar un objetivo espec\u00edfico.<\/p>\n<p>Tambi\u00e9n se pretende coadyuvar a la integraci\u00f3n de grupos multidisciplinarios cuyo inter\u00e9s sea profundizar en el mundo de la bolsa para alcanzar un nivel de confianza preliminar para incursionar en el escenario real de toma de decisiones de inversi\u00f3n.\u00a0Finalmente, los alumnos podr\u00e1n ampliar su visi\u00f3n global a las ventanas de oportunidad existentes en las bolsas de valores internacionales.<\/p>\n<p>Como parte del Sal\u00f3n Burs\u00e1til surge el <strong>Club de Inversi\u00f3n<\/strong>, una asociaci\u00f3n de estudiantes cuyo objetivo es la formaci\u00f3n de sus miembros en la mec\u00e1nica y operatividad de los Mercados Financieros a trav\u00e9s de la experiencia pr\u00e1ctica.\u00a0Dicho Club se constituye como uno de los veh\u00edculos formativos apropiados para aquellas personas con\u00a0 inter\u00e9s en profundizar en el mundo de la bolsa y permitir\u00e1 comprender mejor el funcionamiento de la operaci\u00f3n burs\u00e1til y los costos inherentes, las entidades que participan, las herramientas de an\u00e1lisis t\u00e9cnico y fundamental, as\u00ed como la psicolog\u00eda de inversiones y la administraci\u00f3n de portafolios y gerencia en manejo de riesgo, entre otros.<\/p>\n<p>Esta formaci\u00f3n que adquieran los integrantes, sin duda, ser\u00e1 de gran inter\u00e9s para la siguiente etapa: en la que el inversionista tome su propia decisi\u00f3n de actuar en los mercados en forma individual o grupal.\u00a0Las actividades operativas del Sal\u00f3n Burs\u00e1til se realizar\u00e1n en la sala de computo\u00a0 5 todos los jueves entre 5:00 PM a 6 :00 PM, asi mismo se informar\u00e1 por anticipado acerca de conferencistas invitados.<\/p>\n","protected":false},"excerpt":{"rendered":"<p>Como resultado de la convocatoria estudiantil el jueves pasado, marzo\u00a0 27 en el auditorio 4 y contando con la asistencia de 35 personas entre estudiantes y profesores, naci\u00f3 el Sal\u00f3n Burs\u00e1til y Club de Inversiones, cuyo prop\u00f3sito es de facilitar la formaci\u00f3n b\u00e1sica de como invertir en la Bolsa de Valores y en los Mercados\u00a0 &hellip; <a href=\"https:\/\/www.icesi.edu.co\/blogs\/salonbursatil\/ejemplo\/\" class=\"more-link\">Seguir leyendo <span class=\"screen-reader-text\">Ejemplo<\/span> <span class=\"meta-nav\">&rarr;<\/span><\/a><\/p>\n","protected":false},"author":20,"featured_media":0,"parent":0,"menu_order":0,"comment_status":"open","ping_status":"open","template":"","meta":{"footnotes":""},"class_list":["post-33","page","type-page","status-publish","hentry"],"aioseo_notices":[],"rttpg_featured_image_url":null,"rttpg_author":{"display_name":"Cesar Omar Lopez Avila","author_link":"https:\/\/www.icesi.edu.co\/blogs\/salonbursatil\/author\/19173494\/"},"rttpg_comment":0,"rttpg_category":null,"rttpg_excerpt":"Como resultado de la convocatoria estudiantil el jueves pasado, marzo\u00a0 27 en el auditorio 4 y contando con la asistencia de 35 personas entre estudiantes y profesores, naci\u00f3 el Sal\u00f3n Burs\u00e1til y Club de Inversiones, cuyo prop\u00f3sito es de facilitar la formaci\u00f3n b\u00e1sica de como invertir en la Bolsa de Valores y en los Mercados\u00a0&hellip;","_links":{"self":[{"href":"https:\/\/www.icesi.edu.co\/blogs\/salonbursatil\/wp-json\/wp\/v2\/pages\/33"}],"collection":[{"href":"https:\/\/www.icesi.edu.co\/blogs\/salonbursatil\/wp-json\/wp\/v2\/pages"}],"about":[{"href":"https:\/\/www.icesi.edu.co\/blogs\/salonbursatil\/wp-json\/wp\/v2\/types\/page"}],"author":[{"embeddable":true,"href":"https:\/\/www.icesi.edu.co\/blogs\/salonbursatil\/wp-json\/wp\/v2\/users\/20"}],"replies":[{"embeddable":true,"href":"https:\/\/www.icesi.edu.co\/blogs\/salonbursatil\/wp-json\/wp\/v2\/comments?post=33"}],"version-history":[{"count":0,"href":"https:\/\/www.icesi.edu.co\/blogs\/salonbursatil\/wp-json\/wp\/v2\/pages\/33\/revisions"}],"wp:attachment":[{"href":"https:\/\/www.icesi.edu.co\/blogs\/salonbursatil\/wp-json\/wp\/v2\/media?parent=33"}],"curies":[{"name":"wp","href":"https:\/\/api.w.org\/{rel}","templated":true}]}}