{"id":3420,"date":"2016-08-26T00:28:30","date_gmt":"2016-08-26T05:28:30","guid":{"rendered":"http:\/\/192.168.220.28\/marketingzone\/?page_id=3420"},"modified":"2019-04-30T09:49:15","modified_gmt":"2019-04-30T14:49:15","slug":"patrocinios-y-publicidad","status":"publish","type":"page","link":"https:\/\/www.icesi.edu.co\/marketingzone\/patrocinios-y-publicidad\/","title":{"rendered":"Patrocinios"},"content":{"rendered":"<p>\u00danete a nuestro grupo de <a href=\"http:\/\/www.icesi.edu.co\/marketingzone\/aliados\/\">organizaciones patrocinadoras<\/a> quienes creen\u00a0f\u00edrmemente que apoyar la educaci\u00f3n, la divulgaci\u00f3n de conocimiento \u00a0y la investigaci\u00f3n, hacen de Colombia un mejor pa\u00eds.<\/p>\n<h2>Nuestra audiencia y nuestros medios<\/h2>\n<p>Nuestra audiencia se compone principalmente de estudiantes y profesionales junior en temas asociados a las disciplinas del mercadeo, las comunicaciones, la publicidad, y el emprendimiento de negocios. \u00a0Tambi\u00e9n atendemos\u00a0a un selecto segmento de profesionales senior que tienen roles gerenciales en sus respectivas organizaciones.<\/p>\n<h4>Marketing Zone cuenta con los siguientes medios de comunicaci\u00f3n<\/h4>\n<ul>\n<li>Newsletter de publicaci\u00f3n quincenal que llega a 2,000+ personas.<\/li>\n<li>Sistema de audiomensajes y 2 carteleras digitales ubicados en el espacio f\u00edsico de Marketing Zone y en un corredor de alta circulaci\u00f3n.<\/li>\n<li>P\u00e1gina de Facebook con 500+ seguidores y frecuencia de publicaci\u00f3n diaria.<\/li>\n<li>Sitio web con actualizaci\u00f3n de contenidos semanal y espacio para banners.<\/li>\n<li>Canal en YouTube.<\/li>\n<\/ul>\n<p><a href=\"http:\/\/www.icesi.edu.co\/marketingzone\/contacto\/\">Cont\u00e1ctanos<\/a> para solicitar m\u00e1s informaci\u00f3n sobre los planes de patrocinio.<\/p>\n<div title=\"Page 4\"><\/div>\n","protected":false},"excerpt":{"rendered":"<p>\u00danete a nuestro grupo de organizaciones patrocinadoras quienes creen\u00a0f\u00edrmemente que apoyar la educaci\u00f3n, la divulgaci\u00f3n de conocimiento \u00a0y la investigaci\u00f3n, hacen de Colombia un mejor pa\u00eds. Nuestra audiencia y nuestros medios Nuestra audiencia se compone principalmente de estudiantes y profesionales junior en temas asociados a las disciplinas del mercadeo, las comunicaciones, la publicidad, y el [&hellip;]<\/p>\n","protected":false},"author":48,"featured_media":0,"parent":0,"menu_order":0,"comment_status":"closed","ping_status":"closed","template":"","meta":{"_uag_custom_page_level_css":"","footnotes":""},"class_list":["post-3420","page","type-page","status-publish","hentry"],"yoast_head":"<!-- This site is optimized with the Yoast SEO plugin v26.8 - https:\/\/yoast.com\/product\/yoast-seo-wordpress\/ -->\n<title>Patrocinios | Marketing Zone Icesi<\/title>\n<meta name=\"robots\" content=\"index, follow, max-snippet:-1, max-image-preview:large, max-video-preview:-1\" \/>\n<link rel=\"canonical\" href=\"https:\/\/www.icesi.edu.co\/marketingzone\/patrocinios-y-publicidad\/\" \/>\n<meta property=\"og:locale\" content=\"es_ES\" \/>\n<meta property=\"og:type\" content=\"article\" \/>\n<meta property=\"og:title\" content=\"Patrocinios | Marketing Zone Icesi\" \/>\n<meta property=\"og:description\" content=\"\u00danete a nuestro grupo de organizaciones patrocinadoras quienes creen\u00a0f\u00edrmemente que apoyar la educaci\u00f3n, la divulgaci\u00f3n de conocimiento \u00a0y la investigaci\u00f3n, hacen de Colombia un mejor pa\u00eds. Nuestra audiencia y nuestros medios Nuestra audiencia se compone principalmente de estudiantes y profesionales junior en temas asociados a las disciplinas del mercadeo, las comunicaciones, la publicidad, y el [&hellip;]\" \/>\n<meta property=\"og:url\" content=\"https:\/\/www.icesi.edu.co\/marketingzone\/patrocinios-y-publicidad\/\" \/>\n<meta property=\"og:site_name\" content=\"Marketing Zone Icesi\" \/>\n<meta property=\"article:publisher\" content=\"https:\/\/www.facebook.com\/Marketingzoneicesi\/\" \/>\n<meta property=\"article:modified_time\" content=\"2019-04-30T14:49:15+00:00\" \/>\n<meta name=\"twitter:card\" content=\"summary_large_image\" \/>\n<meta name=\"twitter:site\" content=\"@MarketingZIcesi\" \/>\n<meta name=\"twitter:label1\" content=\"Tiempo de lectura\" \/>\n\t<meta name=\"twitter:data1\" content=\"1 minuto\" \/>\n<script type=\"application\/ld+json\" class=\"yoast-schema-graph\">{\"@context\":\"https:\/\/schema.org\",\"@graph\":[{\"@type\":\"WebPage\",\"@id\":\"https:\/\/www.icesi.edu.co\/marketingzone\/patrocinios-y-publicidad\/\",\"url\":\"https:\/\/www.icesi.edu.co\/marketingzone\/patrocinios-y-publicidad\/\",\"name\":\"Patrocinios | Marketing Zone Icesi\",\"isPartOf\":{\"@id\":\"https:\/\/www.icesi.edu.co\/marketingzone\/#website\"},\"datePublished\":\"2016-08-26T05:28:30+00:00\",\"dateModified\":\"2019-04-30T14:49:15+00:00\",\"breadcrumb\":{\"@id\":\"https:\/\/www.icesi.edu.co\/marketingzone\/patrocinios-y-publicidad\/#breadcrumb\"},\"inLanguage\":\"es\",\"potentialAction\":[{\"@type\":\"ReadAction\",\"target\":[\"https:\/\/www.icesi.edu.co\/marketingzone\/patrocinios-y-publicidad\/\"]}]},{\"@type\":\"BreadcrumbList\",\"@id\":\"https:\/\/www.icesi.edu.co\/marketingzone\/patrocinios-y-publicidad\/#breadcrumb\",\"itemListElement\":[{\"@type\":\"ListItem\",\"position\":1,\"name\":\"Portada\",\"item\":\"https:\/\/www.icesi.edu.co\/marketingzone\/\"},{\"@type\":\"ListItem\",\"position\":2,\"name\":\"Patrocinios\"}]},{\"@type\":\"WebSite\",\"@id\":\"https:\/\/www.icesi.edu.co\/marketingzone\/#website\",\"url\":\"https:\/\/www.icesi.edu.co\/marketingzone\/\",\"name\":\"Marketing Zone - Universidad Icesi\",\"description\":\"\",\"potentialAction\":[{\"@type\":\"SearchAction\",\"target\":{\"@type\":\"EntryPoint\",\"urlTemplate\":\"https:\/\/www.icesi.edu.co\/marketingzone\/?s={search_term_string}\"},\"query-input\":{\"@type\":\"PropertyValueSpecification\",\"valueRequired\":true,\"valueName\":\"search_term_string\"}}],\"inLanguage\":\"es\"}]}<\/script>\n<!-- \/ Yoast SEO plugin. -->","yoast_head_json":{"title":"Patrocinios | Marketing Zone Icesi","robots":{"index":"index","follow":"follow","max-snippet":"max-snippet:-1","max-image-preview":"max-image-preview:large","max-video-preview":"max-video-preview:-1"},"canonical":"https:\/\/www.icesi.edu.co\/marketingzone\/patrocinios-y-publicidad\/","og_locale":"es_ES","og_type":"article","og_title":"Patrocinios | Marketing Zone Icesi","og_description":"\u00danete a nuestro grupo de organizaciones patrocinadoras quienes creen\u00a0f\u00edrmemente que apoyar la educaci\u00f3n, la divulgaci\u00f3n de conocimiento \u00a0y la investigaci\u00f3n, hacen de Colombia un mejor pa\u00eds. Nuestra audiencia y nuestros medios Nuestra audiencia se compone principalmente de estudiantes y profesionales junior en temas asociados a las disciplinas del mercadeo, las comunicaciones, la publicidad, y el [&hellip;]","og_url":"https:\/\/www.icesi.edu.co\/marketingzone\/patrocinios-y-publicidad\/","og_site_name":"Marketing Zone Icesi","article_publisher":"https:\/\/www.facebook.com\/Marketingzoneicesi\/","article_modified_time":"2019-04-30T14:49:15+00:00","twitter_card":"summary_large_image","twitter_site":"@MarketingZIcesi","twitter_misc":{"Tiempo de lectura":"1 minuto"},"schema":{"@context":"https:\/\/schema.org","@graph":[{"@type":"WebPage","@id":"https:\/\/www.icesi.edu.co\/marketingzone\/patrocinios-y-publicidad\/","url":"https:\/\/www.icesi.edu.co\/marketingzone\/patrocinios-y-publicidad\/","name":"Patrocinios | Marketing Zone Icesi","isPartOf":{"@id":"https:\/\/www.icesi.edu.co\/marketingzone\/#website"},"datePublished":"2016-08-26T05:28:30+00:00","dateModified":"2019-04-30T14:49:15+00:00","breadcrumb":{"@id":"https:\/\/www.icesi.edu.co\/marketingzone\/patrocinios-y-publicidad\/#breadcrumb"},"inLanguage":"es","potentialAction":[{"@type":"ReadAction","target":["https:\/\/www.icesi.edu.co\/marketingzone\/patrocinios-y-publicidad\/"]}]},{"@type":"BreadcrumbList","@id":"https:\/\/www.icesi.edu.co\/marketingzone\/patrocinios-y-publicidad\/#breadcrumb","itemListElement":[{"@type":"ListItem","position":1,"name":"Portada","item":"https:\/\/www.icesi.edu.co\/marketingzone\/"},{"@type":"ListItem","position":2,"name":"Patrocinios"}]},{"@type":"WebSite","@id":"https:\/\/www.icesi.edu.co\/marketingzone\/#website","url":"https:\/\/www.icesi.edu.co\/marketingzone\/","name":"Marketing Zone - Universidad Icesi","description":"","potentialAction":[{"@type":"SearchAction","target":{"@type":"EntryPoint","urlTemplate":"https:\/\/www.icesi.edu.co\/marketingzone\/?s={search_term_string}"},"query-input":{"@type":"PropertyValueSpecification","valueRequired":true,"valueName":"search_term_string"}}],"inLanguage":"es"}]}},"uagb_featured_image_src":{"full":false,"thumbnail":false,"medium":false,"medium_large":false,"large":false,"1536x1536":false,"2048x2048":false},"uagb_author_info":{"display_name":"Marketing Zone","author_link":"https:\/\/www.icesi.edu.co\/marketingzone\/author\/1113635768\/"},"uagb_comment_info":0,"uagb_excerpt":"\u00danete a nuestro grupo de organizaciones patrocinadoras quienes creen\u00a0f\u00edrmemente que apoyar la educaci\u00f3n, la divulgaci\u00f3n de conocimiento \u00a0y la investigaci\u00f3n, hacen de Colombia un mejor pa\u00eds. Nuestra audiencia y nuestros medios Nuestra audiencia se compone principalmente de estudiantes y profesionales junior en temas asociados a las disciplinas del mercadeo, las comunicaciones, la publicidad, y el&hellip;","_links":{"self":[{"href":"https:\/\/www.icesi.edu.co\/marketingzone\/wp-json\/wp\/v2\/pages\/3420","targetHints":{"allow":["GET"]}}],"collection":[{"href":"https:\/\/www.icesi.edu.co\/marketingzone\/wp-json\/wp\/v2\/pages"}],"about":[{"href":"https:\/\/www.icesi.edu.co\/marketingzone\/wp-json\/wp\/v2\/types\/page"}],"author":[{"embeddable":true,"href":"https:\/\/www.icesi.edu.co\/marketingzone\/wp-json\/wp\/v2\/users\/48"}],"replies":[{"embeddable":true,"href":"https:\/\/www.icesi.edu.co\/marketingzone\/wp-json\/wp\/v2\/comments?post=3420"}],"version-history":[{"count":2,"href":"https:\/\/www.icesi.edu.co\/marketingzone\/wp-json\/wp\/v2\/pages\/3420\/revisions"}],"predecessor-version":[{"id":4586,"href":"https:\/\/www.icesi.edu.co\/marketingzone\/wp-json\/wp\/v2\/pages\/3420\/revisions\/4586"}],"wp:attachment":[{"href":"https:\/\/www.icesi.edu.co\/marketingzone\/wp-json\/wp\/v2\/media?parent=3420"}],"curies":[{"name":"wp","href":"https:\/\/api.w.org\/{rel}","templated":true}]}}