{"id":115,"date":"2023-08-14T21:51:47","date_gmt":"2023-08-14T21:51:47","guid":{"rendered":"http:\/\/tiendaorganicayartesanal.com\/oem\/?page_id=115"},"modified":"2024-06-20T15:59:37","modified_gmt":"2024-06-20T15:59:37","slug":"banco-de-datos","status":"publish","type":"page","link":"https:\/\/www.icesi.edu.co\/oem\/banco-de-datos\/","title":{"rendered":"Banco de Datos"},"content":{"rendered":"\n\n\t<section class=\"section dark\" id=\"section_2077277795\">\n\t\t<div class=\"section-bg fill\" >\n\t\t\t<img loading=\"lazy\" decoding=\"async\" width=\"305\" height=\"206\" src=\"https:\/\/www.icesi.edu.co\/oem\/wp-content\/uploads\/2023\/06\/image-2-1.png\" class=\"bg attachment- size-\" alt=\"\" \/>\t\t\t\t\t\t<div class=\"section-bg-overlay absolute fill\"><\/div>\n\t\t\t\n\n\t\t<\/div>\n\n\t\t\n\n\t\t<div class=\"section-content relative\">\n\t\t\t\n\n<div class=\"container section-title-container\" ><h1 class=\"section-title section-title-center\"><b aria-hidden=\"true\"><\/b><span class=\"section-title-main\" style=\"font-size:231%;\">BANCO DE DATOS<\/span><b aria-hidden=\"true\"><\/b><\/h1><\/div>\n\n\n\t\t<\/div>\n\n\t\t\n<style>\n#section_2077277795 {\n  padding-top: 30px;\n  padding-bottom: 30px;\n  background-color: rgba(17, 24, 74, 0.599);\n}\n#section_2077277795 .section-bg-overlay {\n  background-color: rgba(34, 61, 86, 0.808);\n}\n<\/style>\n\t<\/section>\n\t\n<div class=\"row\"  id=\"row-913772799\">\n\n\n\t<div id=\"col-1560732521\" class=\"col medium-4 small-12 large-4\"  >\n\t\t\t\t<div class=\"col-inner\"  >\n\t\t\t\n\t\t\t\n\n<div class=\"searchform-wrapper ux-search-box relative form-flat is-large\"><form method=\"get\" class=\"searchform\" action=\"https:\/\/www.icesi.edu.co\/oem\/\" role=\"search\">\n\t\t<div class=\"flex-row relative\">\n\t\t\t<div class=\"flex-col flex-grow\">\n\t   \t   <input type=\"search\" class=\"search-field mb-0\" name=\"s\" value=\"\" id=\"s\" placeholder=\"Search&hellip;\" \/>\n\t\t\t<\/div>\n\t\t\t<div class=\"flex-col\">\n\t\t\t\t<button type=\"submit\" class=\"ux-search-submit submit-button secondary button icon mb-0\" aria-label=\"Enviar\">\n\t\t\t\t\t<i class=\"icon-search\" aria-hidden=\"true\"><\/i>\t\t\t\t<\/button>\n\t\t\t<\/div>\n\t\t<\/div>\n    <div class=\"live-search-results text-left z-top\"><\/div>\n<\/form>\n<\/div>\n\n\n\t\t<\/div>\n\t\t\t\t\t<\/div>\n\n\t\n\n\t<div id=\"col-2110844189\" class=\"col medium-8 small-12 large-8\"  >\n\t\t\t\t<div class=\"col-inner\"  >\n\t\t\t\n\t\t\t\n\n<div class=\"row\"  id=\"row-750410398\">\n\n\n\t<div id=\"col-330205496\" class=\"col small-12 large-12\"  >\n\t\t\t\t<div class=\"col-inner\" style=\"background-color:rgb(238, 238, 238);\" >\n\t\t\t\n\t<div class=\"is-border\"\n\t\tstyle=\"border-color:rgb(62, 61, 61);border-radius:18px;border-width:0px 0px 0px 0px;\">\n\t<\/div>\n\t\t\t\n\n\t<div id=\"text-1737205083\" class=\"text\">\n\t\t\n\n<h2 class=\"title-heading-left fusion-responsive-typography-calculated\" style=\"text-align: left;\" data-fontsize=\"44\" data-lineheight=\"61.6px\"><strong>ENCUESTA OEM 2022<\/strong><\/h2>\n<p style=\"text-align: left;\">Este estudio brinda una caracterizaci\u00f3n de los aspectos de la vida de las mujeres, como su trabajo productivo y reproductivo, uso del tiempo, percepciones sobre la tolerancia social a la violencia, movilidad, liderazgo y participaci\u00f3n p\u00fablica.<\/p>\n\t\t\n<style>\n#text-1737205083 {\n  text-align: left;\n}\n<\/style>\n\t<\/div>\n\t\n<a href=\"https:\/\/www.icesi.edu.co\/oem\/datos-oem-2022\/\" class=\"button white\" style=\"border-radius:99px;\">\n\t\t<span>VER M\u00c1S<\/span>\n\t<\/a>\n\n\n\n\t\t<\/div>\n\t\t\t\t\n<style>\n#col-330205496 > .col-inner {\n  padding: 22px 22px 22px 22px;\n}\n<\/style>\n\t<\/div>\n\n\t\n\n\t<div id=\"col-746801747\" class=\"col small-12 large-12\"  >\n\t\t\t\t<div class=\"col-inner\" style=\"background-color:rgb(238, 238, 238);\" >\n\t\t\t\n\t<div class=\"is-border\"\n\t\tstyle=\"border-color:rgb(62, 61, 61);border-radius:18px;border-width:0px 0px 0px 0px;\">\n\t<\/div>\n\t\t\t\n\n\t<div id=\"text-1847780207\" class=\"text\">\n\t\t\n\n<h2 class=\"title-heading-left fusion-responsive-typography-calculated\" style=\"text-align: left;\" data-fontsize=\"44\" data-lineheight=\"61.6px\"><strong>ENCUESTA OEM 2020<\/strong><\/h2>\n<p style=\"text-align: left;\">Este estudio tuvo como objetivo caracterizar sociodemogr\u00e1ficamente a las mujeres de Cali, Buenaventura, Jamund\u00ed y Yumbo, con \u00e9nfasis en los componentes de violencias basadas en g\u00e9nero y autonom\u00eda financiera.<\/p>\n\t\t\n<style>\n#text-1847780207 {\n  text-align: left;\n}\n<\/style>\n\t<\/div>\n\t\n<a href=\"https:\/\/www.icesi.edu.co\/oem\/datos-oem-2020\/\" class=\"button white\" style=\"border-radius:99px;\">\n\t\t<span>VER M\u00c1S<\/span>\n\t<\/a>\n\n\n\n\t\t<\/div>\n\t\t\t\t\n<style>\n#col-746801747 > .col-inner {\n  padding: 22px 22px 22px 22px;\n}\n<\/style>\n\t<\/div>\n\n\t\n\n\t<div id=\"col-1582136270\" class=\"col small-12 large-12\"  >\n\t\t\t\t<div class=\"col-inner\" style=\"background-color:rgb(238, 238, 238);\" >\n\t\t\t\n\t<div class=\"is-border\"\n\t\tstyle=\"border-color:rgb(62, 61, 61);border-radius:18px;border-width:0px 0px 0px 0px;\">\n\t<\/div>\n\t\t\t\n\n<h2 class=\"fusion-responsive-typography-calculated\" style=\"text-align: left;\" data-fontsize=\"34\" data-lineheight=\"51px\"><strong>GUAPI 2021<\/strong><\/h2>\n<div class=\"fusion-fullwidth fullwidth-box fusion-builder-row-4 fusion-flex-container nonhundred-percent-fullwidth non-hundred-percent-height-scrolling\">\n<div class=\"fusion-builder-row fusion-row fusion-flex-align-items-flex-start\">\n<div class=\"fusion-layout-column fusion_builder_column fusion-builder-column-3 fusion_builder_column_1_1 1_1 fusion-flex-column\">\n<div class=\"fusion-column-wrapper fusion-column-has-shadow fusion-flex-justify-content-flex-start fusion-content-layout-column\">\n<div class=\"fusion-reading-box-container reading-box-container-3\">\n<div class=\"reading-box\">\n<div class=\"reading-box-description fusion-reading-box-additional\" style=\"text-align: left;\">Este estudio caracteriz\u00f3 de manera general algunas asuntos sobre mujeres que participan en el mercado laboral guapire\u00f1o.<\/div>\n<\/div>\n<\/div>\n<\/div>\n<\/div>\n<\/div>\n<\/div>\n<a href=\"https:\/\/www.icesi.edu.co\/oem\/guapi-2021\/\" class=\"button white\" style=\"border-radius:99px;\">\n\t\t<span>VER M\u00c1S<\/span>\n\t<\/a>\n\n\n\n\t\t<\/div>\n\t\t\t\t\n<style>\n#col-1582136270 > .col-inner {\n  padding: 22px 22px 22px 22px;\n}\n<\/style>\n\t<\/div>\n\n\t\n\n\t<div id=\"col-1221016848\" class=\"col small-12 large-12\"  >\n\t\t\t\t<div class=\"col-inner\" style=\"background-color:rgb(238, 238, 238);\" >\n\t\t\t\n\t<div class=\"is-border\"\n\t\tstyle=\"border-color:rgb(62, 61, 61);border-radius:18px;border-width:0px 0px 0px 0px;\">\n\t<\/div>\n\t\t\t\n\n\t<div id=\"text-1153419898\" class=\"text\">\n\t\t\n\n<h2 class=\"title-heading-left fusion-responsive-typography-calculated\" style=\"text-align: left;\" data-fontsize=\"44\" data-lineheight=\"61.6px\"><strong>ENCUESTA VIOLENCIAS DIGITALES<\/strong><\/h2>\n<p style=\"text-align: left;\">Este estudio caracteriz\u00f3 las violencias basadas en g\u00e9nero en l\u00ednea, poniendo especial \u00e9nfasis en mujeres empresarias y\/o trabajadoras de empresas registradas en las C\u00e1maras de Comercio de Bogot\u00e1, Medell\u00edn y Cali.<\/p>\n\t\t\n<style>\n#text-1153419898 {\n  text-align: left;\n}\n<\/style>\n\t<\/div>\n\t\n<a href=\"https:\/\/www.icesi.edu.co\/oem\/encuesta-vbg-en-linea\/\" class=\"button white\" style=\"border-radius:99px;\">\n\t\t<span>VER M\u00c1S<\/span>\n\t<\/a>\n\n\n\n\t\t<\/div>\n\t\t\t\t\n<style>\n#col-1221016848 > .col-inner {\n  padding: 22px 22px 22px 22px;\n}\n<\/style>\n\t<\/div>\n\n\t\n\n\t<div id=\"col-956627313\" class=\"col small-12 large-12\"  >\n\t\t\t\t<div class=\"col-inner\" style=\"background-color:rgb(238, 238, 238);\" >\n\t\t\t\n\t<div class=\"is-border\"\n\t\tstyle=\"border-color:rgb(62, 61, 61);border-radius:18px;border-width:0px 0px 0px 0px;\">\n\t<\/div>\n\t\t\t\n\n\t<div id=\"text-618316070\" class=\"text\">\n\t\t\n\n<h2 class=\"fusion-responsive-typography-calculated\" style=\"text-align: left;\" data-fontsize=\"34\" data-lineheight=\"51px\"><strong>BUENAVENTURA LGTBI+ 2020<\/strong><\/h2>\n<div class=\"fusion-row\">\n<section id=\"content\">\n<div id=\"post-5673\" class=\"post-5673 page type-page status-publish hentry\">\n<div class=\"post-content\">\n<div class=\"fusion-fullwidth fullwidth-box fusion-builder-row-6 fusion-flex-container nonhundred-percent-fullwidth non-hundred-percent-height-scrolling\">\n<div class=\"fusion-builder-row fusion-row fusion-flex-align-items-flex-start\">\n<div class=\"fusion-layout-column fusion_builder_column fusion-builder-column-5 fusion_builder_column_1_1 1_1 fusion-flex-column\">\n<div class=\"fusion-column-wrapper fusion-column-has-shadow fusion-flex-justify-content-flex-start fusion-content-layout-column\">\n<div class=\"fusion-reading-box-container reading-box-container-5\">\n<div class=\"reading-box\">\n<div class=\"reading-box-description fusion-reading-box-additional\" style=\"text-align: left;\">Este estudio busc\u00f3 caracterizar la poblaci\u00f3n LGTBIQ+ para la formulaci\u00f3n de la Pol\u00edtica P\u00fablica de Diversidad en la ciudad de Buenaventura.<\/div>\n<\/div>\n<\/div>\n<\/div>\n<\/div>\n<\/div>\n<\/div>\n<\/div>\n<\/div>\n<\/section>\n<\/div>\n\t\t\n<style>\n#text-618316070 {\n  text-align: left;\n}\n<\/style>\n\t<\/div>\n\t\n<a href=\"https:\/\/www.icesi.edu.co\/oem\/buenventura-lgtbi-2020\/\" class=\"button white\" style=\"border-radius:99px;\">\n\t\t<span>VER M\u00c1S<\/span>\n\t<\/a>\n\n\n\n\t\t<\/div>\n\t\t\t\t\n<style>\n#col-956627313 > .col-inner {\n  padding: 22px 22px 22px 22px;\n}\n<\/style>\n\t<\/div>\n\n\t\n\n\t<div id=\"col-1828449161\" class=\"col small-12 large-12\"  >\n\t\t\t\t<div class=\"col-inner\" style=\"background-color:rgb(238, 238, 238);\" >\n\t\t\t\n\t<div class=\"is-border\"\n\t\tstyle=\"border-color:rgb(62, 61, 61);border-radius:18px;border-width:0px 0px 0px 0px;\">\n\t<\/div>\n\t\t\t\n\n\t<div id=\"text-4125266147\" class=\"text\">\n\t\t\n\n<h2 class=\"fusion-responsive-typography-calculated\" style=\"text-align: left;\" data-fontsize=\"34\" data-lineheight=\"51px\"><strong>COVID 2020<\/strong><\/h2>\n<p style=\"text-align: left;\">Este estudio evalu\u00f3 el impacto del incremento del trabajo dom\u00e9stico y de cuidado no remunerado durante los primeros meses del confinamiento por la pandemia del Covid-19.<\/p>\n\t\t\n<style>\n#text-4125266147 {\n  text-align: left;\n}\n<\/style>\n\t<\/div>\n\t\n<a href=\"https:\/\/www.icesi.edu.co\/oem\/covid-2020\/\" class=\"button white\" style=\"border-radius:99px;\">\n\t\t<span>VER M\u00c1S<\/span>\n\t<\/a>\n\n\n\n\t\t<\/div>\n\t\t\t\t\n<style>\n#col-1828449161 > .col-inner {\n  padding: 22px 22px 22px 22px;\n}\n<\/style>\n\t<\/div>\n\n\t\n\n<\/div>\n\n\t\t<\/div>\n\t\t\t\t\t<\/div>\n\n\t\n\n<\/div>\n\n","protected":false},"excerpt":{"rendered":"","protected":false},"author":1,"featured_media":0,"parent":0,"menu_order":0,"comment_status":"closed","ping_status":"closed","template":"page-blank.php","meta":{"footnotes":""},"class_list":["post-115","page","type-page","status-publish","hentry"],"_links":{"self":[{"href":"https:\/\/www.icesi.edu.co\/oem\/wp-json\/wp\/v2\/pages\/115","targetHints":{"allow":["GET"]}}],"collection":[{"href":"https:\/\/www.icesi.edu.co\/oem\/wp-json\/wp\/v2\/pages"}],"about":[{"href":"https:\/\/www.icesi.edu.co\/oem\/wp-json\/wp\/v2\/types\/page"}],"author":[{"embeddable":true,"href":"https:\/\/www.icesi.edu.co\/oem\/wp-json\/wp\/v2\/users\/1"}],"replies":[{"embeddable":true,"href":"https:\/\/www.icesi.edu.co\/oem\/wp-json\/wp\/v2\/comments?post=115"}],"version-history":[{"count":60,"href":"https:\/\/www.icesi.edu.co\/oem\/wp-json\/wp\/v2\/pages\/115\/revisions"}],"predecessor-version":[{"id":8472,"href":"https:\/\/www.icesi.edu.co\/oem\/wp-json\/wp\/v2\/pages\/115\/revisions\/8472"}],"wp:attachment":[{"href":"https:\/\/www.icesi.edu.co\/oem\/wp-json\/wp\/v2\/media?parent=115"}],"curies":[{"name":"wp","href":"https:\/\/api.w.org\/{rel}","templated":true}]}}