{"id":119,"date":"2023-08-14T21:52:16","date_gmt":"2023-08-14T21:52:16","guid":{"rendered":"http:\/\/tiendaorganicayartesanal.com\/oem\/?page_id=119"},"modified":"2023-09-26T17:23:02","modified_gmt":"2023-09-26T17:23:02","slug":"diplomados","status":"publish","type":"page","link":"https:\/\/www.icesi.edu.co\/oem\/diplomados\/","title":{"rendered":"Diplomados"},"content":{"rendered":"\n\n\t<section class=\"section dark\" id=\"section_720015728\">\n\t\t<div class=\"section-bg fill\" >\n\t\t\t<img loading=\"lazy\" decoding=\"async\" width=\"305\" height=\"206\" src=\"https:\/\/www.icesi.edu.co\/oem\/wp-content\/uploads\/2023\/06\/image-2-1.png\" class=\"bg attachment- size-\" alt=\"\" \/>\t\t\t\t\t\t<div class=\"section-bg-overlay absolute fill\"><\/div>\n\t\t\t\n\n\t\t<\/div>\n\n\t\t\n\n\t\t<div class=\"section-content relative\">\n\t\t\t\n\n<div class=\"container section-title-container\" ><h1 class=\"section-title section-title-center\"><b aria-hidden=\"true\"><\/b><span class=\"section-title-main\" style=\"font-size:231%;\">DIPLOMADOS<\/span><b aria-hidden=\"true\"><\/b><\/h1><\/div>\n\n<div class=\"row row-collapse row-full-width\"  id=\"row-754463400\">\n\n\n\t<div id=\"col-1508424928\" class=\"col medium-3 large-3\"  >\n\t\t\t\t<div class=\"col-inner\"  >\n\t\t\t\n\t\t\t\n\n\n\t\t<\/div>\n\t\t\t\t\t<\/div>\n\n\t\n\n\t<div id=\"col-776324837\" class=\"col medium-7 large-7\"  >\n\t\t\t\t<div class=\"col-inner\"  >\n\t\t\t\n\t\t\t\n\n\t<div id=\"text-4260103016\" class=\"text\">\n\t\t\n\n<p>Caminamos hacia un ma\u00f1ana m\u00e1s equitativo, donde la educaci\u00f3n y la equidad generen cambios sostenibles.<\/p>\n\t\t\n<style>\n#text-4260103016 {\n  font-size: 0.9rem;\n  text-align: center;\n}\n<\/style>\n\t<\/div>\n\t\n\n\t\t<\/div>\n\t\t\t\t\t<\/div>\n\n\t\n\n\t<div id=\"col-432755532\" class=\"col medium-2 large-2\"  >\n\t\t\t\t<div class=\"col-inner\"  >\n\t\t\t\n\t\t\t\n\n\n\t\t<\/div>\n\t\t\t\t\t<\/div>\n\n\t\n\n<\/div>\n\n\t\t<\/div>\n\n\t\t\n<style>\n#section_720015728 {\n  padding-top: 30px;\n  padding-bottom: 30px;\n  background-color: rgba(17, 24, 74, 0.599);\n}\n#section_720015728 .section-bg-overlay {\n  background-color: rgba(34, 61, 86, 0.808);\n}\n<\/style>\n\t<\/section>\n\t\n\n\t<section class=\"section\" id=\"section_151130738\">\n\t\t<div class=\"section-bg fill\" >\n\t\t\t\t\t\t\t\t\t<div class=\"section-bg-overlay absolute fill\"><\/div>\n\t\t\t\n\n\t\t<\/div>\n\n\t\t\n\n\t\t<div class=\"section-content relative\">\n\t\t\t\n\n<div class=\"row row-large align-middle\" style=\"max-width:980px\" id=\"row-514889082\">\n\n\n\t<div id=\"col-1740814578\" class=\"col medium-6 small-12 large-6\"  >\n\t\t\t\t<div class=\"col-inner text-left\"  >\n\t\t\t\n\t\t\t\n\n<h1 style=\"text-align: left;\"><strong>DIPLOMADO MUJERES, LIDERAZGO<\/strong><br \/><strong>E INCIDENCIA<\/strong><\/h1>\n<p style=\"text-align: justify;\">El diplomado <em>Mujeres, liderazgo y participaci\u00f3n p\u00fablica<\/em> inici\u00f3 en el a\u00f1o 2018 de forma presencial y cuenta con cuatro cohortes hasta el momento. Implementamos este proyecto en convenio con Compromiso Valle y desde esta articulaci\u00f3n buscamos potenciar los saberes de las estudiantes a partir de una construcci\u00f3n conjunta enfocada en el fortalecimiento de sus capacidades para la incidencia como sujetas de derechos desde una perspectiva de g\u00e9nero.<\/p>\n<p style=\"text-align: justify;\">Entre 2018 y 2022 hemos certificado a m\u00e1s de 120 mujeres entre los 18 y los 60 a\u00f1os de edad. El diplomado propone cuestionar conceptos culturales y sociales que orbitan alrededor de las construcciones tradicionales de los g\u00e9neros y aportar a consolidar los esfuerzos territoriales en torno a un proyecto de paz nacional que no se reduce a la ausencia de la violencia y el conflicto, sino que tambi\u00e9n implica garantizar justicia social, racial y de g\u00e9nero.<\/p>\n\n\t\t<\/div>\n\t\t\t\t\n<style>\n#col-1740814578 > .col-inner {\n  padding: 0px 0px 0px 0px;\n}\n<\/style>\n\t<\/div>\n\n\t\n\n\t<div id=\"col-1275388486\" class=\"col medium-6 small-12 large-6\"  >\n\t\t\t\t<div class=\"col-inner\"  >\n\t\t\t\n\t\t\t\n\n<div class=\"component__opening-wrapper\">\n<h2 class=\"component__title bottom-line \" style=\"text-align: center;\"><strong><span class=\"heading\">\u00bfTe interesan nuestros procesos formativos?<\/span><\/strong><\/h2>\n<h2 class=\"component__title bottom-line \" style=\"text-align: center;\"><strong><span class=\"heading\">Solicita informaci\u00f3n<\/span><\/strong><\/h2>\n<\/div>\n\n<div class=\"wpcf7 no-js\" id=\"wpcf7-f7300-o1\" lang=\"es-ES\" dir=\"ltr\" data-wpcf7-id=\"7300\">\n<div class=\"screen-reader-response\"><p role=\"status\" aria-live=\"polite\" aria-atomic=\"true\"><\/p> <ul><\/ul><\/div>\n<form action=\"\/oem\/wp-json\/wp\/v2\/pages\/119#wpcf7-f7300-o1\" method=\"post\" class=\"wpcf7-form init\" aria-label=\"Formulario de contacto\" novalidate=\"novalidate\" data-status=\"init\">\n<fieldset class=\"hidden-fields-container\"><input type=\"hidden\" name=\"_wpcf7\" value=\"7300\" \/><input type=\"hidden\" name=\"_wpcf7_version\" value=\"6.1.4\" \/><input type=\"hidden\" name=\"_wpcf7_locale\" value=\"es_ES\" \/><input type=\"hidden\" name=\"_wpcf7_unit_tag\" value=\"wpcf7-f7300-o1\" \/><input type=\"hidden\" name=\"_wpcf7_container_post\" value=\"0\" \/><input type=\"hidden\" name=\"_wpcf7_posted_data_hash\" value=\"\" \/>\n<\/fieldset>\n<p><label> Your name<br \/>\n<span class=\"wpcf7-form-control-wrap\" data-name=\"your-name\"><input size=\"40\" maxlength=\"400\" class=\"wpcf7-form-control wpcf7-text wpcf7-validates-as-required\" autocomplete=\"name\" aria-required=\"true\" aria-invalid=\"false\" value=\"\" type=\"text\" name=\"your-name\" \/><\/span> <\/label>\n<\/p>\n<p><label> Your email<br \/>\n<span class=\"wpcf7-form-control-wrap\" data-name=\"your-email\"><input size=\"40\" maxlength=\"400\" class=\"wpcf7-form-control wpcf7-email wpcf7-validates-as-required wpcf7-text wpcf7-validates-as-email\" autocomplete=\"email\" aria-required=\"true\" aria-invalid=\"false\" value=\"\" type=\"email\" name=\"your-email\" \/><\/span> <\/label>\n<\/p>\n<p><label> Subject<br \/>\n<span class=\"wpcf7-form-control-wrap\" data-name=\"your-subject\"><input size=\"40\" maxlength=\"400\" class=\"wpcf7-form-control wpcf7-text wpcf7-validates-as-required\" aria-required=\"true\" aria-invalid=\"false\" value=\"\" type=\"text\" name=\"your-subject\" \/><\/span> <\/label>\n<\/p>\n<p><label> Your message (optional)<br \/>\n<span class=\"wpcf7-form-control-wrap\" data-name=\"your-message\"><textarea cols=\"40\" rows=\"10\" maxlength=\"2000\" class=\"wpcf7-form-control wpcf7-textarea\" aria-invalid=\"false\" name=\"your-message\"><\/textarea><\/span> <\/label>\n<\/p>\n<p><input class=\"wpcf7-form-control wpcf7-submit has-spinner\" type=\"submit\" value=\"Submit\" \/>\n<\/p><div class=\"wpcf7-response-output\" aria-hidden=\"true\"><\/div>\n<\/form>\n<\/div>\n\n\n\n\t\t<\/div>\n\t\t\t\t\t<\/div>\n\n\t\n\n<\/div>\n\n\t\t<\/div>\n\n\t\t\n<style>\n#section_151130738 {\n  padding-top: 180px;\n  padding-bottom: 180px;\n  background-color: rgb(193, 193, 193);\n}\n#section_151130738 .section-bg-overlay {\n  background-color: rgba(255, 255, 255, 0.85);\n}\n<\/style>\n\t<\/section>\n\t\n<div class=\"row row-full-width align-equal\"  id=\"row-942370183\">\n\n\n\t<div id=\"col-70402530\" class=\"col small-12 large-12\"  >\n\t\t\t\t<div class=\"col-inner\"  >\n\t\t\t\n\t\t\t\n\n  <style>\n    #gallery-1121440089 .grid-col-1{height: 200px}\n    #gallery-1121440089 .grid-col-1-2{height: 100px}\n    #gallery-1121440089 .grid-col-1-3{height:66.666666666667px}\n    #gallery-1121440089 .grid-col-2-3{height: 133.33333333333px}\n    #gallery-1121440089 .grid-col-1-4{height: 50px}\n    #gallery-1121440089 .grid-col-3-4{height: 150px}\n\n\n        \/* Tablet *\/\n    @media (max-width: 850px){\n      #gallery-1121440089 .grid-col-1{height: 133.33333333333px}\n      #gallery-1121440089 .grid-col-1-2{height: 66.666666666667px}\n      #gallery-1121440089 .grid-col-1-3{height:44.444444444444px}\n      #gallery-1121440089 .grid-col-2-3{height: 88.888888888889px}\n      #gallery-1121440089 .grid-col-1-4{height: 33.333333333333px}\n      #gallery-1121440089 .grid-col-3-4{height: 100px}\n    }\n    \n        \/* Mobile *\/\n    @media (max-width: 550px){\n      #gallery-1121440089 .grid-col-1{height: 133.33333333333px}\n      #gallery-1121440089 .grid-col-1-2{height: 66.666666666667px}\n      #gallery-1121440089 .grid-col-1-3{height:44.444444444444px}\n      #gallery-1121440089 .grid-col-2-3{height: 88.888888888889px}\n      #gallery-1121440089 .grid-col-1-4{height: 33.333333333333px}\n      #gallery-1121440089 .grid-col-3-4{height: 100px}\n    }\n    \n\n  <\/style>\n  \n  \n    <div id=\"gallery-1121440089\" class=\"row row-collapse row-full-width row-grid\" data-packery-options='{\"itemSelector\": \".col\", \"gutter\": 0, \"presentageWidth\" : true}'>\n\n  <div class=\"gallery-col col grid-col grid-col-1 large-3 medium-6\" >\n          <div class=\"col-inner\">\n            <a class=\"image-lightbox lightbox-gallery\" href=\"https:\/\/www.icesi.edu.co\/oem\/wp-content\/uploads\/2023\/08\/758588fe-87ff-4ea2-94fe-6ea11d21cd6a-300x225.jpg\" title=\"\">            <div class=\"box has-hover gallery-box box-overlay dark box-text-center\">\n              <div class=\"box-image\" >\n                <img loading=\"lazy\" decoding=\"async\" width=\"1020\" height=\"765\" src=\"https:\/\/www.icesi.edu.co\/oem\/wp-content\/uploads\/2023\/08\/758588fe-87ff-4ea2-94fe-6ea11d21cd6a-1024x768.jpg\" class=\"attachment-large size-large\" alt=\"\" ids=\"7220,7221,7222,7223,7224,7225,7226,7227\" style=\"label\" lightbox_image_size=\"medium\" type=\"grid\" grid=\"4\" grid_height=\"200px\" col_spacing=\"collapse\" srcset=\"https:\/\/www.icesi.edu.co\/oem\/wp-content\/uploads\/2023\/08\/758588fe-87ff-4ea2-94fe-6ea11d21cd6a-1024x768.jpg 1024w, https:\/\/www.icesi.edu.co\/oem\/wp-content\/uploads\/2023\/08\/758588fe-87ff-4ea2-94fe-6ea11d21cd6a-300x225.jpg 300w, https:\/\/www.icesi.edu.co\/oem\/wp-content\/uploads\/2023\/08\/758588fe-87ff-4ea2-94fe-6ea11d21cd6a-768x576.jpg 768w, https:\/\/www.icesi.edu.co\/oem\/wp-content\/uploads\/2023\/08\/758588fe-87ff-4ea2-94fe-6ea11d21cd6a-1536x1152.jpg 1536w, https:\/\/www.icesi.edu.co\/oem\/wp-content\/uploads\/2023\/08\/758588fe-87ff-4ea2-94fe-6ea11d21cd6a.jpg 1600w\" sizes=\"auto, (max-width: 1020px) 100vw, 1020px\" \/>                                  <div class=\"overlay fill\"\n                      style=\"background-color: rgba(0,0,0,.15)\">\n                  <\/div>\n                                                              <\/div>\n              <div class=\"box-text text-left dark\" >\n                 <p><\/p>\n              <\/div>\n            <\/div>\n            <\/a>          <\/div>\n         <\/div><div class=\"gallery-col col grid-col grid-col-1 large-3 medium-6\" >\n          <div class=\"col-inner\">\n            <a class=\"image-lightbox lightbox-gallery\" href=\"https:\/\/www.icesi.edu.co\/oem\/wp-content\/uploads\/2023\/08\/DSC_0534-300x200.jpg\" title=\"\">            <div class=\"box has-hover gallery-box box-overlay dark box-text-center\">\n              <div class=\"box-image\" >\n                <img loading=\"lazy\" decoding=\"async\" width=\"1020\" height=\"680\" src=\"https:\/\/www.icesi.edu.co\/oem\/wp-content\/uploads\/2023\/08\/DSC_0534-1024x683.jpg\" class=\"attachment-large size-large\" alt=\"\" ids=\"7220,7221,7222,7223,7224,7225,7226,7227\" style=\"label\" lightbox_image_size=\"medium\" type=\"grid\" grid=\"4\" grid_height=\"200px\" col_spacing=\"collapse\" srcset=\"https:\/\/www.icesi.edu.co\/oem\/wp-content\/uploads\/2023\/08\/DSC_0534-1024x683.jpg 1024w, https:\/\/www.icesi.edu.co\/oem\/wp-content\/uploads\/2023\/08\/DSC_0534-300x200.jpg 300w, https:\/\/www.icesi.edu.co\/oem\/wp-content\/uploads\/2023\/08\/DSC_0534-768x512.jpg 768w, https:\/\/www.icesi.edu.co\/oem\/wp-content\/uploads\/2023\/08\/DSC_0534-1536x1024.jpg 1536w, https:\/\/www.icesi.edu.co\/oem\/wp-content\/uploads\/2023\/08\/DSC_0534-2048x1365.jpg 2048w\" sizes=\"auto, (max-width: 1020px) 100vw, 1020px\" \/>                                  <div class=\"overlay fill\"\n                      style=\"background-color: rgba(0,0,0,.15)\">\n                  <\/div>\n                                                              <\/div>\n              <div class=\"box-text text-left dark\" >\n                 <p><\/p>\n              <\/div>\n            <\/div>\n            <\/a>          <\/div>\n         <\/div><div class=\"gallery-col col grid-col grid-col-1 large-3 medium-6\" >\n          <div class=\"col-inner\">\n            <a class=\"image-lightbox lightbox-gallery\" href=\"https:\/\/www.icesi.edu.co\/oem\/wp-content\/uploads\/2023\/08\/DSC_0505-300x200.jpg\" title=\"\">            <div class=\"box has-hover gallery-box box-overlay dark box-text-center\">\n              <div class=\"box-image\" >\n                <img loading=\"lazy\" decoding=\"async\" width=\"1020\" height=\"680\" src=\"https:\/\/www.icesi.edu.co\/oem\/wp-content\/uploads\/2023\/08\/DSC_0505-1024x683.jpg\" class=\"attachment-large size-large\" alt=\"\" ids=\"7220,7221,7222,7223,7224,7225,7226,7227\" style=\"label\" lightbox_image_size=\"medium\" type=\"grid\" grid=\"4\" grid_height=\"200px\" col_spacing=\"collapse\" srcset=\"https:\/\/www.icesi.edu.co\/oem\/wp-content\/uploads\/2023\/08\/DSC_0505-1024x683.jpg 1024w, https:\/\/www.icesi.edu.co\/oem\/wp-content\/uploads\/2023\/08\/DSC_0505-300x200.jpg 300w, https:\/\/www.icesi.edu.co\/oem\/wp-content\/uploads\/2023\/08\/DSC_0505-768x512.jpg 768w, https:\/\/www.icesi.edu.co\/oem\/wp-content\/uploads\/2023\/08\/DSC_0505-1536x1024.jpg 1536w, https:\/\/www.icesi.edu.co\/oem\/wp-content\/uploads\/2023\/08\/DSC_0505-2048x1365.jpg 2048w\" sizes=\"auto, (max-width: 1020px) 100vw, 1020px\" \/>                                  <div class=\"overlay fill\"\n                      style=\"background-color: rgba(0,0,0,.15)\">\n                  <\/div>\n                                                              <\/div>\n              <div class=\"box-text text-left dark\" >\n                 <p><\/p>\n              <\/div>\n            <\/div>\n            <\/a>          <\/div>\n         <\/div><div class=\"gallery-col col grid-col grid-col-1 large-3 medium-6\" >\n          <div class=\"col-inner\">\n            <a class=\"image-lightbox lightbox-gallery\" href=\"https:\/\/www.icesi.edu.co\/oem\/wp-content\/uploads\/2023\/08\/DSC_0478-300x200.jpg\" title=\"\">            <div class=\"box has-hover gallery-box box-overlay dark box-text-center\">\n              <div class=\"box-image\" >\n                <img loading=\"lazy\" decoding=\"async\" width=\"1020\" height=\"680\" src=\"https:\/\/www.icesi.edu.co\/oem\/wp-content\/uploads\/2023\/08\/DSC_0478-1024x683.jpg\" class=\"attachment-large size-large\" alt=\"\" ids=\"7220,7221,7222,7223,7224,7225,7226,7227\" style=\"label\" lightbox_image_size=\"medium\" type=\"grid\" grid=\"4\" grid_height=\"200px\" col_spacing=\"collapse\" srcset=\"https:\/\/www.icesi.edu.co\/oem\/wp-content\/uploads\/2023\/08\/DSC_0478-1024x683.jpg 1024w, https:\/\/www.icesi.edu.co\/oem\/wp-content\/uploads\/2023\/08\/DSC_0478-300x200.jpg 300w, https:\/\/www.icesi.edu.co\/oem\/wp-content\/uploads\/2023\/08\/DSC_0478-768x512.jpg 768w, https:\/\/www.icesi.edu.co\/oem\/wp-content\/uploads\/2023\/08\/DSC_0478-1536x1024.jpg 1536w, https:\/\/www.icesi.edu.co\/oem\/wp-content\/uploads\/2023\/08\/DSC_0478-2048x1365.jpg 2048w\" sizes=\"auto, (max-width: 1020px) 100vw, 1020px\" \/>                                  <div class=\"overlay fill\"\n                      style=\"background-color: rgba(0,0,0,.15)\">\n                  <\/div>\n                                                              <\/div>\n              <div class=\"box-text text-left dark\" >\n                 <p><\/p>\n              <\/div>\n            <\/div>\n            <\/a>          <\/div>\n         <\/div><div class=\"gallery-col col grid-col grid-col-1 large-3 medium-6\" >\n          <div class=\"col-inner\">\n            <a class=\"image-lightbox lightbox-gallery\" href=\"https:\/\/www.icesi.edu.co\/oem\/wp-content\/uploads\/2023\/08\/DSC_0334-300x200.jpg\" title=\"\">            <div class=\"box has-hover gallery-box box-overlay dark box-text-center\">\n              <div class=\"box-image\" >\n                <img loading=\"lazy\" decoding=\"async\" width=\"1020\" height=\"680\" src=\"https:\/\/www.icesi.edu.co\/oem\/wp-content\/uploads\/2023\/08\/DSC_0334-1024x683.jpg\" class=\"attachment-large size-large\" alt=\"\" ids=\"7220,7221,7222,7223,7224,7225,7226,7227\" style=\"label\" lightbox_image_size=\"medium\" type=\"grid\" grid=\"4\" grid_height=\"200px\" col_spacing=\"collapse\" srcset=\"https:\/\/www.icesi.edu.co\/oem\/wp-content\/uploads\/2023\/08\/DSC_0334-1024x683.jpg 1024w, https:\/\/www.icesi.edu.co\/oem\/wp-content\/uploads\/2023\/08\/DSC_0334-300x200.jpg 300w, https:\/\/www.icesi.edu.co\/oem\/wp-content\/uploads\/2023\/08\/DSC_0334-768x512.jpg 768w, https:\/\/www.icesi.edu.co\/oem\/wp-content\/uploads\/2023\/08\/DSC_0334-1536x1024.jpg 1536w, https:\/\/www.icesi.edu.co\/oem\/wp-content\/uploads\/2023\/08\/DSC_0334-2048x1365.jpg 2048w\" sizes=\"auto, (max-width: 1020px) 100vw, 1020px\" \/>                                  <div class=\"overlay fill\"\n                      style=\"background-color: rgba(0,0,0,.15)\">\n                  <\/div>\n                                                              <\/div>\n              <div class=\"box-text text-left dark\" >\n                 <p><\/p>\n              <\/div>\n            <\/div>\n            <\/a>          <\/div>\n         <\/div><div class=\"gallery-col col grid-col grid-col-1 large-3 medium-6\" >\n          <div class=\"col-inner\">\n            <a class=\"image-lightbox lightbox-gallery\" href=\"https:\/\/www.icesi.edu.co\/oem\/wp-content\/uploads\/2023\/08\/DSC_0077-300x200.jpg\" title=\"\">            <div class=\"box has-hover gallery-box box-overlay dark box-text-center\">\n              <div class=\"box-image\" >\n                <img loading=\"lazy\" decoding=\"async\" width=\"1020\" height=\"680\" src=\"https:\/\/www.icesi.edu.co\/oem\/wp-content\/uploads\/2023\/08\/DSC_0077-1024x683.jpg\" class=\"attachment-large size-large\" alt=\"\" ids=\"7220,7221,7222,7223,7224,7225,7226,7227\" style=\"label\" lightbox_image_size=\"medium\" type=\"grid\" grid=\"4\" grid_height=\"200px\" col_spacing=\"collapse\" srcset=\"https:\/\/www.icesi.edu.co\/oem\/wp-content\/uploads\/2023\/08\/DSC_0077-1024x683.jpg 1024w, https:\/\/www.icesi.edu.co\/oem\/wp-content\/uploads\/2023\/08\/DSC_0077-300x200.jpg 300w, https:\/\/www.icesi.edu.co\/oem\/wp-content\/uploads\/2023\/08\/DSC_0077-768x512.jpg 768w, https:\/\/www.icesi.edu.co\/oem\/wp-content\/uploads\/2023\/08\/DSC_0077-1536x1024.jpg 1536w, https:\/\/www.icesi.edu.co\/oem\/wp-content\/uploads\/2023\/08\/DSC_0077-2048x1365.jpg 2048w\" sizes=\"auto, (max-width: 1020px) 100vw, 1020px\" \/>                                  <div class=\"overlay fill\"\n                      style=\"background-color: rgba(0,0,0,.15)\">\n                  <\/div>\n                                                              <\/div>\n              <div class=\"box-text text-left dark\" >\n                 <p><\/p>\n              <\/div>\n            <\/div>\n            <\/a>          <\/div>\n         <\/div><div class=\"gallery-col col grid-col grid-col-1 large-3 medium-6\" >\n          <div class=\"col-inner\">\n            <a class=\"image-lightbox lightbox-gallery\" href=\"https:\/\/www.icesi.edu.co\/oem\/wp-content\/uploads\/2023\/08\/DSC05215-300x169.jpg\" title=\"\">            <div class=\"box has-hover gallery-box box-overlay dark box-text-center\">\n              <div class=\"box-image\" >\n                <img loading=\"lazy\" decoding=\"async\" width=\"1020\" height=\"574\" src=\"https:\/\/www.icesi.edu.co\/oem\/wp-content\/uploads\/2023\/08\/DSC05215-1024x576.jpg\" class=\"attachment-large size-large\" alt=\"\" ids=\"7220,7221,7222,7223,7224,7225,7226,7227\" style=\"label\" lightbox_image_size=\"medium\" type=\"grid\" grid=\"4\" grid_height=\"200px\" col_spacing=\"collapse\" srcset=\"https:\/\/www.icesi.edu.co\/oem\/wp-content\/uploads\/2023\/08\/DSC05215-1024x576.jpg 1024w, https:\/\/www.icesi.edu.co\/oem\/wp-content\/uploads\/2023\/08\/DSC05215-300x169.jpg 300w, https:\/\/www.icesi.edu.co\/oem\/wp-content\/uploads\/2023\/08\/DSC05215-768x432.jpg 768w, https:\/\/www.icesi.edu.co\/oem\/wp-content\/uploads\/2023\/08\/DSC05215.jpg 1500w\" sizes=\"auto, (max-width: 1020px) 100vw, 1020px\" \/>                                  <div class=\"overlay fill\"\n                      style=\"background-color: rgba(0,0,0,.15)\">\n                  <\/div>\n                                                              <\/div>\n              <div class=\"box-text text-left dark\" >\n                 <p><\/p>\n              <\/div>\n            <\/div>\n            <\/a>          <\/div>\n         <\/div><div class=\"gallery-col col grid-col grid-col-1 large-3 medium-6\" >\n          <div class=\"col-inner\">\n            <a class=\"image-lightbox lightbox-gallery\" href=\"https:\/\/www.icesi.edu.co\/oem\/wp-content\/uploads\/2023\/08\/DSC05204-300x169.jpg\" title=\"\">            <div class=\"box has-hover gallery-box box-overlay dark box-text-center\">\n              <div class=\"box-image\" >\n                <img loading=\"lazy\" decoding=\"async\" width=\"1020\" height=\"574\" src=\"https:\/\/www.icesi.edu.co\/oem\/wp-content\/uploads\/2023\/08\/DSC05204-1024x576.jpg\" class=\"attachment-large size-large\" alt=\"\" ids=\"7220,7221,7222,7223,7224,7225,7226,7227\" style=\"label\" lightbox_image_size=\"medium\" type=\"grid\" grid=\"4\" grid_height=\"200px\" col_spacing=\"collapse\" srcset=\"https:\/\/www.icesi.edu.co\/oem\/wp-content\/uploads\/2023\/08\/DSC05204-1024x576.jpg 1024w, https:\/\/www.icesi.edu.co\/oem\/wp-content\/uploads\/2023\/08\/DSC05204-300x169.jpg 300w, https:\/\/www.icesi.edu.co\/oem\/wp-content\/uploads\/2023\/08\/DSC05204-768x432.jpg 768w, https:\/\/www.icesi.edu.co\/oem\/wp-content\/uploads\/2023\/08\/DSC05204.jpg 1500w\" sizes=\"auto, (max-width: 1020px) 100vw, 1020px\" \/>                                  <div class=\"overlay fill\"\n                      style=\"background-color: rgba(0,0,0,.15)\">\n                  <\/div>\n                                                              <\/div>\n              <div class=\"box-text text-left dark\" >\n                 <p><\/p>\n              <\/div>\n            <\/div>\n            <\/a>          <\/div>\n         <\/div><\/div>\n\n\n\t\t<\/div>\n\t\t\t\t\n<style>\n#col-70402530 > .col-inner {\n  margin: -180px 0px -30px 0px;\n}\n<\/style>\n\t<\/div>\n\n\t\n\n\n<style>\n#row-942370183 > .col > .col-inner {\n  padding: 0px 0px 0px 0px;\n  background-color: rgb(34, 61, 86);\n}\n<\/style>\n<\/div>\n\n","protected":false},"excerpt":{"rendered":"","protected":false},"author":1,"featured_media":0,"parent":0,"menu_order":0,"comment_status":"closed","ping_status":"closed","template":"page-blank.php","meta":{"footnotes":""},"class_list":["post-119","page","type-page","status-publish","hentry"],"_links":{"self":[{"href":"https:\/\/www.icesi.edu.co\/oem\/wp-json\/wp\/v2\/pages\/119","targetHints":{"allow":["GET"]}}],"collection":[{"href":"https:\/\/www.icesi.edu.co\/oem\/wp-json\/wp\/v2\/pages"}],"about":[{"href":"https:\/\/www.icesi.edu.co\/oem\/wp-json\/wp\/v2\/types\/page"}],"author":[{"embeddable":true,"href":"https:\/\/www.icesi.edu.co\/oem\/wp-json\/wp\/v2\/users\/1"}],"replies":[{"embeddable":true,"href":"https:\/\/www.icesi.edu.co\/oem\/wp-json\/wp\/v2\/comments?post=119"}],"version-history":[{"count":15,"href":"https:\/\/www.icesi.edu.co\/oem\/wp-json\/wp\/v2\/pages\/119\/revisions"}],"predecessor-version":[{"id":7303,"href":"https:\/\/www.icesi.edu.co\/oem\/wp-json\/wp\/v2\/pages\/119\/revisions\/7303"}],"wp:attachment":[{"href":"https:\/\/www.icesi.edu.co\/oem\/wp-json\/wp\/v2\/media?parent=119"}],"curies":[{"name":"wp","href":"https:\/\/api.w.org\/{rel}","templated":true}]}}