{"id":3553,"date":"2020-06-01T12:41:24","date_gmt":"2020-06-01T17:41:24","guid":{"rendered":"https:\/\/oemcolombia.com\/?page_id=3553"},"modified":"2020-06-01T12:41:24","modified_gmt":"2020-06-01T17:41:24","slug":"equidad-en-lo-rural","status":"publish","type":"page","link":"https:\/\/www.icesi.edu.co\/oem\/equidad-en-lo-rural\/","title":{"rendered":"Equidad en lo Rural"},"content":{"rendered":"[fusion_builder_container hundred_percent=\u00bbno\u00bb hundred_percent_height=\u00bbno\u00bb hundred_percent_height_scroll=\u00bbno\u00bb hundred_percent_height_center_content=\u00bbyes\u00bb equal_height_columns=\u00bbno\u00bb hide_on_mobile=\u00bbsmall-visibility,medium-visibility,large-visibility\u00bb status=\u00bbpublished\u00bb background_position=\u00bbcenter center\u00bb background_repeat=\u00bbno-repeat\u00bb fade=\u00bbno\u00bb background_parallax=\u00bbnone\u00bb enable_mobile=\u00bbno\u00bb parallax_speed=\u00bb0.3&#8243; video_aspect_ratio=\u00bb16:9&#8243; video_loop=\u00bbyes\u00bb video_mute=\u00bbyes\u00bb border_style=\u00bbsolid\u00bb type=\u00bblegacy\u00bb][fusion_builder_row][fusion_builder_column type=\u00bb1_1&#8243; type=\u00bb1_1&#8243; layout=\u00bb1_1&#8243; center_content=\u00bbno\u00bb target=\u00bb_self\u00bb hide_on_mobile=\u00bbsmall-visibility,medium-visibility,large-visibility\u00bb background_position=\u00bbleft top\u00bb background_repeat=\u00bbno-repeat\u00bb hover_type=\u00bbnone\u00bb border_style=\u00bbsolid\u00bb border_position=\u00bball\u00bb box_shadow=\u00bbno\u00bb box_shadow_blur=\u00bb0&#8243; box_shadow_spread=\u00bb0&#8243; margin_top=\u00bb42&#8243; animation_direction=\u00bbleft\u00bb animation_speed=\u00bb0.3&#8243; last=\u00bbtrue\u00bb border_sizes_top=\u00bb0&#8243; border_sizes_bottom=\u00bb0&#8243; border_sizes_left=\u00bb0&#8243; border_sizes_right=\u00bb0&#8243; first=\u00bbtrue\u00bb min_height=\u00bb\u00bb link=\u00bb\u00bb][fusion_title title_type=\u00bbtext\u00bb rotation_effect=\u00bbbounceIn\u00bb display_time=\u00bb1200&#8243; highlight_effect=\u00bbcircle\u00bb loop_animation=\u00bboff\u00bb highlight_width=\u00bb9&#8243; highlight_top_margin=\u00bb0&#8243; hide_on_mobile=\u00bbsmall-visibility,medium-visibility,large-visibility\u00bb content_align=\u00bbcenter\u00bb size=\u00bb1&#8243; style_type=\u00bbdefault\u00bb animation_direction=\u00bbleft\u00bb animation_speed=\u00bb0.3&#8243;]\n<p>Equidad en lo rural<\/p>\n[\/fusion_title][\/fusion_builder_column][\/fusion_builder_row][\/fusion_builder_container][fusion_builder_container hundred_percent=\u00bbno\u00bb hundred_percent_height=\u00bbno\u00bb hundred_percent_height_scroll=\u00bbno\u00bb hundred_percent_height_center_content=\u00bbyes\u00bb equal_height_columns=\u00bbno\u00bb hide_on_mobile=\u00bbsmall-visibility,medium-visibility,large-visibility\u00bb status=\u00bbpublished\u00bb background_position=\u00bbcenter center\u00bb background_repeat=\u00bbno-repeat\u00bb fade=\u00bbno\u00bb background_parallax=\u00bbnone\u00bb enable_mobile=\u00bbno\u00bb parallax_speed=\u00bb0.3&#8243; video_aspect_ratio=\u00bb16:9&#8243; video_loop=\u00bbyes\u00bb video_mute=\u00bbyes\u00bb border_style=\u00bbsolid\u00bb type=\u00bblegacy\u00bb][fusion_builder_row][fusion_builder_column type=\u00bb1_2&#8243; type=\u00bb1_2&#8243; layout=\u00bb1_1&#8243; center_content=\u00bbno\u00bb target=\u00bb_self\u00bb hide_on_mobile=\u00bbsmall-visibility,medium-visibility,large-visibility\u00bb background_position=\u00bbleft top\u00bb background_repeat=\u00bbno-repeat\u00bb hover_type=\u00bbnone\u00bb border_style=\u00bbsolid\u00bb border_position=\u00bball\u00bb box_shadow=\u00bbno\u00bb box_shadow_blur=\u00bb0&#8243; box_shadow_spread=\u00bb0&#8243; margin_top=\u00bb42&#8243; animation_direction=\u00bbleft\u00bb animation_speed=\u00bb0.3&#8243; last=\u00bbfalse\u00bb border_sizes_top=\u00bb0&#8243; border_sizes_bottom=\u00bb0&#8243; border_sizes_left=\u00bb0&#8243; border_sizes_right=\u00bb0&#8243; first=\u00bbtrue\u00bb min_height=\u00bb\u00bb link=\u00bb\u00bb][fusion_video video=\u00bbhttps:\/\/oemcolombia.com\/wp-content\/uploads\/2020\/06\/Equidad-Rural_1.mp4&#8243; loop=\u00bbyes\u00bb autoplay=\u00bbyes\u00bb mute=\u00bbyes\u00bb hide_on_mobile=\u00bbsmall-visibility,medium-visibility,large-visibility\u00bb box_shadow=\u00bbno\u00bb box_shadow_blur=\u00bb0&#8243; box_shadow_spread=\u00bb0&#8243; \/][\/fusion_builder_column][fusion_builder_column type=\u00bb1_2&#8243; type=\u00bb1_2&#8243; layout=\u00bb1_1&#8243; center_content=\u00bbno\u00bb target=\u00bb_self\u00bb hide_on_mobile=\u00bbsmall-visibility,medium-visibility,large-visibility\u00bb background_position=\u00bbleft top\u00bb background_repeat=\u00bbno-repeat\u00bb hover_type=\u00bbnone\u00bb border_style=\u00bbsolid\u00bb border_position=\u00bball\u00bb box_shadow=\u00bbno\u00bb box_shadow_blur=\u00bb0&#8243; box_shadow_spread=\u00bb0&#8243; margin_top=\u00bb42&#8243; animation_direction=\u00bbleft\u00bb animation_speed=\u00bb0.3&#8243; last=\u00bbtrue\u00bb border_sizes_top=\u00bb0&#8243; border_sizes_bottom=\u00bb0&#8243; border_sizes_left=\u00bb0&#8243; border_sizes_right=\u00bb0&#8243; first=\u00bbfalse\u00bb min_height=\u00bb\u00bb link=\u00bb\u00bb][fusion_text rule_style=\u00bbdefault\u00bb hide_on_mobile=\u00bbsmall-visibility,medium-visibility,large-visibility\u00bb animation_direction=\u00bbleft\u00bb animation_speed=\u00bb0.3&#8243;]\n<p style=\"text-align: justify;\">El OEM en conjunto con el programa de estudios de g\u00e9nero de la Universidad Icesi ha estado acompa\u00f1ando desde el 2019 el proceso de formulaci\u00f3n de la pol\u00edtica p\u00fablica de equidad de G\u00e9nero para Guapi, Cauca. Estamos trabajando en conjunto con la Fundaci\u00f3n Chiyangua.<\/p>\n<p style=\"text-align: justify;\">Nuestro acompa\u00f1amiento en el 2019 se enfoc\u00f3 en el dise\u00f1o del instrumento para la l\u00ednea base de la pol\u00edtica p\u00fablica de equidad de G\u00e9nero para Guapi, Cauca. Realizamos cinco grupos focales para este proceso.<\/p>\n<p style=\"text-align: justify;\">Durante el 2020, estamos trabajando en el levantamiento de la l\u00ednea de base para esta pol\u00edtica e implementando proceso formativos.<\/p>\n[\/fusion_text][\/fusion_builder_column][\/fusion_builder_row][\/fusion_builder_container][fusion_builder_container hundred_percent=\u00bbno\u00bb hundred_percent_height=\u00bbno\u00bb hundred_percent_height_scroll=\u00bbno\u00bb hundred_percent_height_center_content=\u00bbyes\u00bb equal_height_columns=\u00bbno\u00bb hide_on_mobile=\u00bbsmall-visibility,medium-visibility,large-visibility\u00bb status=\u00bbpublished\u00bb background_position=\u00bbcenter center\u00bb background_repeat=\u00bbno-repeat\u00bb fade=\u00bbno\u00bb background_parallax=\u00bbnone\u00bb enable_mobile=\u00bbno\u00bb parallax_speed=\u00bb0.3&#8243; video_aspect_ratio=\u00bb16:9&#8243; video_loop=\u00bbyes\u00bb video_mute=\u00bbyes\u00bb border_style=\u00bbsolid\u00bb type=\u00bblegacy\u00bb][fusion_builder_row][fusion_builder_column type=\u00bb1_1&#8243; type=\u00bb1_1&#8243; layout=\u00bb1_1&#8243; center_content=\u00bbno\u00bb target=\u00bb_self\u00bb hide_on_mobile=\u00bbsmall-visibility,medium-visibility,large-visibility\u00bb background_position=\u00bbleft top\u00bb background_repeat=\u00bbno-repeat\u00bb hover_type=\u00bbnone\u00bb border_style=\u00bbsolid\u00bb border_position=\u00bball\u00bb box_shadow=\u00bbno\u00bb box_shadow_blur=\u00bb0&#8243; box_shadow_spread=\u00bb0&#8243; margin_top=\u00bb42&#8243; animation_direction=\u00bbleft\u00bb animation_speed=\u00bb0.3&#8243; last=\u00bbtrue\u00bb border_sizes_top=\u00bb0&#8243; border_sizes_bottom=\u00bb0&#8243; border_sizes_left=\u00bb0&#8243; border_sizes_right=\u00bb0&#8243; first=\u00bbtrue\u00bb min_height=\u00bb\u00bb link=\u00bb\u00bb][fusion_title title_type=\u00bbtext\u00bb rotation_effect=\u00bbbounceIn\u00bb display_time=\u00bb1200&#8243; highlight_effect=\u00bbcircle\u00bb loop_animation=\u00bboff\u00bb highlight_width=\u00bb9&#8243; highlight_top_margin=\u00bb0&#8243; hide_on_mobile=\u00bbsmall-visibility,medium-visibility,large-visibility\u00bb content_align=\u00bbleft\u00bb size=\u00bb1&#8243; style_type=\u00bbdefault\u00bb animation_direction=\u00bbleft\u00bb animation_speed=\u00bb0.3&#8243;]\n<p>Descargables<\/p>\n[\/fusion_title][\/fusion_builder_column][\/fusion_builder_row][\/fusion_builder_container][fusion_builder_container hundred_percent=\u00bbno\u00bb hundred_percent_height=\u00bbno\u00bb hundred_percent_height_scroll=\u00bbno\u00bb hundred_percent_height_center_content=\u00bbyes\u00bb equal_height_columns=\u00bbno\u00bb hide_on_mobile=\u00bbsmall-visibility,medium-visibility,large-visibility\u00bb status=\u00bbpublished\u00bb background_position=\u00bbcenter center\u00bb background_repeat=\u00bbno-repeat\u00bb fade=\u00bbno\u00bb background_parallax=\u00bbnone\u00bb enable_mobile=\u00bbno\u00bb parallax_speed=\u00bb0.3&#8243; video_aspect_ratio=\u00bb16:9&#8243; video_loop=\u00bbyes\u00bb video_mute=\u00bbyes\u00bb border_style=\u00bbsolid\u00bb type=\u00bblegacy\u00bb][fusion_builder_row][fusion_builder_column type=\u00bb1_5&#8243; type=\u00bb1_5&#8243; layout=\u00bb1_1&#8243; center_content=\u00bbno\u00bb target=\u00bb_self\u00bb hide_on_mobile=\u00bbsmall-visibility,medium-visibility,large-visibility\u00bb background_position=\u00bbleft top\u00bb background_repeat=\u00bbno-repeat\u00bb hover_type=\u00bbnone\u00bb border_style=\u00bbsolid\u00bb border_position=\u00bball\u00bb box_shadow=\u00bbno\u00bb box_shadow_blur=\u00bb0&#8243; box_shadow_spread=\u00bb0&#8243; margin_top=\u00bb42&#8243; animation_direction=\u00bbleft\u00bb animation_speed=\u00bb0.3&#8243; last=\u00bbfalse\u00bb border_sizes_top=\u00bb0&#8243; border_sizes_bottom=\u00bb0&#8243; border_sizes_left=\u00bb0&#8243; border_sizes_right=\u00bb0&#8243; first=\u00bbtrue\u00bb min_height=\u00bb\u00bb link=\u00bb\u00bb][fusion_content_boxes layout=\u00bbicon-on-top\u00bb columns=\u00bb1&#8243; link_target=\u00bb_blank\u00bb icon_align=\u00bbleft\u00bb animation_direction=\u00bbleft\u00bb animation_speed=\u00bb0.3&#8243; hide_on_mobile=\u00bbsmall-visibility,medium-visibility,large-visibility\u00bb title_size=\u00bb13px\u00bb heading_size=\u00bb2&#8243; icon=\u00bbfa-arrow-circle-down fas\u00bb iconspin=\u00bbno\u00bb][fusion_content_box title=\u00bbPensar la autonom\u00eda de las mujeres rurales: \u00bb link=\u00bbhttps:\/\/oemcolombia.com\/wp-content\/uploads\/2020\/07\/Ponencia_Agredo_Arias_final-050919.docx.pdf\u00bb animation_direction=\u00bbleft\u00bb animation_speed=\u00bb0.3&#8243;]\n<p style=\"text-align: center;\">el caso de Guapi, Cauca Ana Mar\u00eda Agredo &amp; Salom\u00e9 Arias-Arevalo<\/p>\n[\/fusion_content_box][\/fusion_content_boxes][\/fusion_builder_column][fusion_builder_column type=\u00bb1_5&#8243; type=\u00bb1_5&#8243; layout=\u00bb1_1&#8243; center_content=\u00bbno\u00bb target=\u00bb_self\u00bb hide_on_mobile=\u00bbsmall-visibility,medium-visibility,large-visibility\u00bb background_position=\u00bbleft top\u00bb background_repeat=\u00bbno-repeat\u00bb hover_type=\u00bbnone\u00bb border_style=\u00bbsolid\u00bb border_position=\u00bball\u00bb box_shadow=\u00bbno\u00bb box_shadow_blur=\u00bb0&#8243; box_shadow_spread=\u00bb0&#8243; margin_top=\u00bb42&#8243; animation_direction=\u00bbleft\u00bb animation_speed=\u00bb0.3&#8243; last=\u00bbfalse\u00bb border_sizes_top=\u00bb0&#8243; border_sizes_bottom=\u00bb0&#8243; border_sizes_left=\u00bb0&#8243; border_sizes_right=\u00bb0&#8243; first=\u00bbfalse\u00bb min_height=\u00bb\u00bb link=\u00bb\u00bb][fusion_content_boxes layout=\u00bbicon-on-top\u00bb columns=\u00bb1&#8243; link_target=\u00bb_blank\u00bb icon_align=\u00bbleft\u00bb animation_direction=\u00bbleft\u00bb animation_speed=\u00bb0.3&#8243; hide_on_mobile=\u00bbsmall-visibility,medium-visibility,large-visibility\u00bb title_size=\u00bb13px\u00bb heading_size=\u00bb2&#8243; icon=\u00bbfa-arrow-circle-down fas\u00bb iconspin=\u00bbno\u00bb][fusion_content_box title=\u00bbInstructivo para el diligenciamiento\u00bb link=\u00bbhttps:\/\/oemcolombia.com\/wp-content\/uploads\/2020\/06\/Instructivo-para-el-diligenciamiento-del-Instrumento.pdf\u00bb animation_direction=\u00bbleft\u00bb animation_speed=\u00bb0.3&#8243;]\n<p style=\"text-align: center;\">Instrumento para la definici\u00f3n de la l\u00ednea de base para la Pol\u00edtica P\u00fablica de Equidad de G\u00e9nero para Guapi, Cauca<\/p>\n[\/fusion_content_box][\/fusion_content_boxes][\/fusion_builder_column][fusion_builder_column type=\u00bb1_5&#8243; type=\u00bb1_5&#8243; layout=\u00bb1_1&#8243; center_content=\u00bbno\u00bb target=\u00bb_self\u00bb hide_on_mobile=\u00bbsmall-visibility,medium-visibility,large-visibility\u00bb background_position=\u00bbleft top\u00bb background_repeat=\u00bbno-repeat\u00bb hover_type=\u00bbnone\u00bb border_style=\u00bbsolid\u00bb border_position=\u00bball\u00bb box_shadow=\u00bbno\u00bb box_shadow_blur=\u00bb0&#8243; box_shadow_spread=\u00bb0&#8243; margin_top=\u00bb42&#8243; animation_direction=\u00bbleft\u00bb animation_speed=\u00bb0.3&#8243; last=\u00bbfalse\u00bb border_sizes_top=\u00bb0&#8243; border_sizes_bottom=\u00bb0&#8243; border_sizes_left=\u00bb0&#8243; border_sizes_right=\u00bb0&#8243; first=\u00bbfalse\u00bb min_height=\u00bb\u00bb link=\u00bb\u00bb][fusion_content_boxes layout=\u00bbicon-on-top\u00bb columns=\u00bb1&#8243; link_area=\u00bbbox\u00bb link_target=\u00bb_blank\u00bb icon_align=\u00bbleft\u00bb animation_direction=\u00bbleft\u00bb animation_speed=\u00bb0.3&#8243; hide_on_mobile=\u00bbsmall-visibility,medium-visibility,large-visibility\u00bb title_size=\u00bb13px\u00bb heading_size=\u00bb2&#8243; icon=\u00bbfa-arrow-circle-down fas\u00bb iconspin=\u00bbno\u00bb][fusion_content_box title=\u00bbInstrumento para la definici\u00f3n\u00bb link=\u00bbInstructivo para el diligenciamiento del Instrumento\u00bb animation_direction=\u00bbleft\u00bb animation_speed=\u00bb0.3&#8243;]\n<p style=\"text-align: center;\">\u00a0de la l\u00ednea de base para la pol\u00edtic p\u00fablica de equidad de g\u00e9nero para guapi, cauca Cuestionario para mujeres<\/p>\n[\/fusion_content_box][\/fusion_content_boxes][\/fusion_builder_column][fusion_builder_column type=\u00bb1_5&#8243; type=\u00bb1_5&#8243; layout=\u00bb1_1&#8243; center_content=\u00bbno\u00bb target=\u00bb_self\u00bb hide_on_mobile=\u00bbsmall-visibility,medium-visibility,large-visibility\u00bb background_position=\u00bbleft top\u00bb background_repeat=\u00bbno-repeat\u00bb hover_type=\u00bbnone\u00bb border_style=\u00bbsolid\u00bb border_position=\u00bball\u00bb box_shadow=\u00bbno\u00bb box_shadow_blur=\u00bb0&#8243; box_shadow_spread=\u00bb0&#8243; margin_top=\u00bb42&#8243; animation_direction=\u00bbleft\u00bb animation_speed=\u00bb0.3&#8243; last=\u00bbfalse\u00bb border_sizes_top=\u00bb0&#8243; border_sizes_bottom=\u00bb0&#8243; border_sizes_left=\u00bb0&#8243; border_sizes_right=\u00bb0&#8243; first=\u00bbfalse\u00bb min_height=\u00bb\u00bb link=\u00bb\u00bb][fusion_content_boxes layout=\u00bbicon-on-top\u00bb columns=\u00bb1&#8243; link_area=\u00bbbox\u00bb link_target=\u00bb_blank\u00bb icon_align=\u00bbleft\u00bb animation_direction=\u00bbleft\u00bb animation_speed=\u00bb0.3&#8243; hide_on_mobile=\u00bbsmall-visibility,medium-visibility,large-visibility\u00bb title_size=\u00bb13px\u00bb heading_size=\u00bb2&#8243; icon=\u00bbfa-arrow-circle-down fas\u00bb iconspin=\u00bbno\u00bb][fusion_content_box title=\u00bbPonencia ISA 230221 (Buchely, Arias, Agredo)\u00bb link=\u00bbhttps:\/\/oemcolombia.com\/wp-content\/uploads\/2021\/03\/Ponencia-ISA-230221-Buchely-Arias-Agredo-1.pdf\u00bb link_target=\u00bb_blank\u00bb animation_direction=\u00bbleft\u00bb animation_speed=\u00bb0.3&#8243;]\n<p style=\"text-align: center;\">To download the paper Thinking about autonomy of rural women: the case of Guapi, Cauca<\/p>\n[\/fusion_content_box][\/fusion_content_boxes][\/fusion_builder_column][fusion_builder_column type=\u00bb1_5&#8243; type=\u00bb1_5&#8243; layout=\u00bb1_1&#8243; center_content=\u00bbno\u00bb target=\u00bb_self\u00bb hide_on_mobile=\u00bbsmall-visibility,medium-visibility,large-visibility\u00bb background_position=\u00bbleft top\u00bb background_repeat=\u00bbno-repeat\u00bb hover_type=\u00bbnone\u00bb border_style=\u00bbsolid\u00bb border_position=\u00bball\u00bb box_shadow=\u00bbno\u00bb box_shadow_blur=\u00bb0&#8243; box_shadow_spread=\u00bb0&#8243; margin_top=\u00bb42&#8243; animation_direction=\u00bbleft\u00bb animation_speed=\u00bb0.3&#8243; last=\u00bbtrue\u00bb border_sizes_top=\u00bb0&#8243; border_sizes_bottom=\u00bb0&#8243; border_sizes_left=\u00bb0&#8243; border_sizes_right=\u00bb0&#8243; first=\u00bbfalse\u00bb min_height=\u00bb\u00bb link=\u00bb\u00bb][fusion_content_boxes layout=\u00bbicon-on-top\u00bb columns=\u00bb1&#8243; link_area=\u00bbbox\u00bb link_target=\u00bb_blank\u00bb icon_align=\u00bbleft\u00bb animation_direction=\u00bbleft\u00bb animation_speed=\u00bb0.3&#8243; hide_on_mobile=\u00bbsmall-visibility,medium-visibility,large-visibility\u00bb title_size=\u00bb13px\u00bb heading_size=\u00bb2&#8243; icon=\u00bbfa-arrow-circle-down fas\u00bb iconspin=\u00bbno\u00bb][fusion_content_box title=\u00bbInforme 2021&#8243; link=\u00bbhttps:\/\/oemcolombia.com\/wp-content\/uploads\/2022\/05\/OEM-Informe-Guapi-2021-1.pdf\u00bb link_target=\u00bb_blank\u00bb animation_direction=\u00bbleft\u00bb animation_speed=\u00bb0.3&#8243;]\n<p style=\"text-align: center;\">Fortalecimiento de la l\u00ednea base de la pol\u00edtica p\u00fablica de g\u00e9nero en Guapi (Cauca). Resultados de la encuesta urbana y rural.<\/p>\n[\/fusion_content_box][\/fusion_content_boxes][\/fusion_builder_column][\/fusion_builder_row][\/fusion_builder_container]\n","protected":false},"excerpt":{"rendered":"[fusion_builder_container hundred_percent=\u00bbno\u00bb hundred_percent_height=\u00bbno\u00bb hundred_percent_height_scroll=\u00bbno\u00bb hundred_percent_height_center_content=\u00bbyes\u00bb equal_height_columns=\u00bbno\u00bb hide_on_mobile=\u00bbsmall-visibility,medium-visibility,large-visibility\u00bb status=\u00bbpublished\u00bb background_position=\u00bbcenter center\u00bb background_repeat=\u00bbno-repeat\u00bb fade=\u00bbno\u00bb background_parallax=\u00bbnone\u00bb enable_mobile=\u00bbno\u00bb parallax_speed=\u00bb0.3&#8243; video_aspect_ratio=\u00bb16:9&#8243; video_loop=\u00bbyes\u00bb video_mute=\u00bbyes\u00bb border_style=\u00bbsolid\u00bb type=\u00bblegacy\u00bb][fusion_builder_row][fusion_builder_column type=\u00bb1_1&#8243; type=\u00bb1_1&#8243; layout=\u00bb1_1&#8243; center_content=\u00bbno\u00bb target=\u00bb_self\u00bb hide_on_mobile=\u00bbsmall-visibility,medium-visibility,large-visibility\u00bb background_position=\u00bbleft top\u00bb background_repeat=\u00bbno-repeat\u00bb hover_type=\u00bbnone\u00bb border_style=\u00bbsolid\u00bb border_position=\u00bball\u00bb box_shadow=\u00bbno\u00bb box_shadow_blur=\u00bb0&#8243; box_shadow_spread=\u00bb0&#8243; margin_top=\u00bb42&#8243; animation_direction=\u00bbleft\u00bb animation_speed=\u00bb0.3&#8243; last=\u00bbtrue\u00bb border_sizes_top=\u00bb0&#8243; border_sizes_bottom=\u00bb0&#8243; border_sizes_left=\u00bb0&#8243; border_sizes_right=\u00bb0&#8243; first=\u00bbtrue\u00bb min_height=\u00bb\u00bb link=\u00bb\u00bb][fusion_title title_type=\u00bbtext\u00bb rotation_effect=\u00bbbounceIn\u00bb display_time=\u00bb1200&#8243; highlight_effect=\u00bbcircle\u00bb loop_animation=\u00bboff\u00bb highlight_width=\u00bb9&#8243; highlight_top_margin=\u00bb0&#8243; hide_on_mobile=\u00bbsmall-visibility,medium-visibility,large-visibility\u00bb content_align=\u00bbcenter\u00bb [&#8230;]\n","protected":false},"author":1,"featured_media":0,"parent":0,"menu_order":0,"comment_status":"closed","ping_status":"closed","template":"100-width.php","meta":{"footnotes":""},"class_list":["post-3553","page","type-page","status-publish","hentry"],"_links":{"self":[{"href":"https:\/\/www.icesi.edu.co\/oem\/wp-json\/wp\/v2\/pages\/3553","targetHints":{"allow":["GET"]}}],"collection":[{"href":"https:\/\/www.icesi.edu.co\/oem\/wp-json\/wp\/v2\/pages"}],"about":[{"href":"https:\/\/www.icesi.edu.co\/oem\/wp-json\/wp\/v2\/types\/page"}],"author":[{"embeddable":true,"href":"https:\/\/www.icesi.edu.co\/oem\/wp-json\/wp\/v2\/users\/1"}],"replies":[{"embeddable":true,"href":"https:\/\/www.icesi.edu.co\/oem\/wp-json\/wp\/v2\/comments?post=3553"}],"version-history":[{"count":0,"href":"https:\/\/www.icesi.edu.co\/oem\/wp-json\/wp\/v2\/pages\/3553\/revisions"}],"wp:attachment":[{"href":"https:\/\/www.icesi.edu.co\/oem\/wp-json\/wp\/v2\/media?parent=3553"}],"curies":[{"name":"wp","href":"https:\/\/api.w.org\/{rel}","templated":true}]}}