{"id":4882,"date":"2024-10-30T11:49:49","date_gmt":"2024-10-30T16:49:49","guid":{"rendered":"https:\/\/www.icesi.edu.co\/servicios\/?page_id=4882"},"modified":"2026-01-02T08:49:40","modified_gmt":"2026-01-02T13:49:40","slug":"registro-vehiculos","status":"publish","type":"page","link":"https:\/\/www.icesi.edu.co\/servicios\/gerencia-campus\/estacionamiento-y-movilidad\/registro-vehiculos\/","title":{"rendered":"Registro de veh\u00edculos"},"content":{"rendered":"\t\t<div data-elementor-type=\"wp-page\" data-elementor-id=\"4882\" class=\"elementor elementor-4882\">\n\t\t\t\t\t\t<section class=\"elementor-section elementor-top-section elementor-element elementor-element-0bc12ec elementor-section-boxed elementor-section-height-default elementor-section-height-default\" data-id=\"0bc12ec\" data-element_type=\"section\" data-settings=\"{&quot;background_background&quot;:&quot;classic&quot;}\">\n\t\t\t\t\t\t\t<div class=\"elementor-background-overlay\"><\/div>\n\t\t\t\t\t\t\t<div class=\"elementor-container elementor-column-gap-default\">\n\t\t\t\t\t<div class=\"elementor-column elementor-col-100 elementor-top-column elementor-element elementor-element-c63507c\" data-id=\"c63507c\" data-element_type=\"column\" data-settings=\"{&quot;background_background&quot;:&quot;classic&quot;}\">\n\t\t\t<div class=\"elementor-widget-wrap elementor-element-populated\">\n\t\t\t\t\t\t<div class=\"elementor-element elementor-element-4f068b9 elementor-widget elementor-widget-text-editor\" data-id=\"4f068b9\" data-element_type=\"widget\" data-widget_type=\"text-editor.default\">\n\t\t\t\t<div class=\"elementor-widget-container\">\n\t\t\t\t\t\t\t\t\t<p><strong>Registro de autom\u00f3viles y motos al servicio de parqueadero de la Universidad<\/strong><\/p><p>Como parte del proceso autom\u00e1tico de ingreso de autom\u00f3viles y motos al parqueadero de la Universidad, los usuarios interesados en adquirir la tarjeta de lectura por aproximaci\u00f3n, v\u00e1lida para 30 y 180 d\u00edas; deben hacer el registro de los veh\u00edculos para acceder al contrato de dep\u00f3sito para usuarios permanentes del servicio de parqueadero.<\/p><ul><li><strong>Proceso de registro para estudiantes de pregrado y posgrado:<\/strong><\/li><\/ul><ol><li>Ingrese a la p\u00e1gina web<span style=\"text-decoration: underline;\"><strong>\u00a0<a href=\"https:\/\/www.icesi.edu.co\/registrovehiculos\/\">registro de veh\u00edculos<\/a>\u00a0<\/strong><\/span>con el usuario \u00fanico y la contrase\u00f1a de la Universidad. Se recomienda ver el tutorial en la pantalla de inicio antes de realizar cualquier acci\u00f3n.<\/li><li>Ingrese al men\u00fa \u201cMIS CONTRATOS\u201d.<\/li><li>En caso de cumplir con las caracter\u00edsticas para acceder a los descuentos establecidos por la Rector\u00eda, active la opci\u00f3n correspondiente en el sistema.\u00a0<span style=\"text-decoration: underline;\"><strong><a href=\"https:\/\/www.icesi.edu.co\/servicios\/wp-content\/uploads\/2026\/01\/RESOLUCION-No.-1673-de-2025_.pdf\">Lea aqu\u00ed la resoluci\u00f3n 1673 para conocer los descuentos<\/a>.\u00a0<\/strong><\/span>para conocer los descuentos. Una vez activada la opci\u00f3n del descuento, la aplicaci\u00f3n le solicitar\u00e1 adjuntar la documentaci\u00f3n de soporte la cual ser\u00e1 validada por el personal a cargo. (Registro de horario de clases o certificaci\u00f3n de peaje).<\/li><li>Seleccione la opci\u00f3n \u201cNuevo contrato\u201d y luego la tarifa de parqueadero y la modalidad con la cu\u00e1l desea abonarse al servicio (30 o 180 d\u00edas). Ingrese la informaci\u00f3n para el registro de los veh\u00edculos (autom\u00f3viles o motos) que va a utilizar para el ingreso al parqueadero (tipo de combustible y cilindraje por cada placa). Puede registrar hasta 5 veh\u00edculos, dando click en el bot\u00f3n. Una vez finalizado el proceso, oprima el bot\u00f3n \u201cGuardar\u201d para cada caso.<\/li><li>\u00a0Una vez realizado el pago del contrato, puede descargarlo utilizando el bot\u00f3n\u00a0(Opcional, no es necesario presentarlo en la oficina de estacionamiento).El sistema le confirmar\u00e1 la generaci\u00f3n del contrato.<\/li><li>El sistema le confirmar\u00e1 la generaci\u00f3n del contrato.<\/li><li>\u00a0Usted recibir\u00e1 un mensaje v\u00eda correo electr\u00f3nico con la confirmaci\u00f3n de generaci\u00f3n del contrato y las indicaciones para el pago.<\/li><li>\u00a0Para realizar el pago en l\u00ednea ingrese al link que lo direcciona a la aplicaci\u00f3n Banner cuando culmina el proceso de generaci\u00f3n del contrato, si desea realizar el pago de manera presencial ac\u00e9rquese a la caja en la oficina de contabilidad con su n\u00famero de documento o c\u00f3digo estudiantil.<\/li><li>24 horas despu\u00e9s de concluido este proceso, puede reclamar en la oficina de estacionamiento y movilidad su tarjeta de aproximaci\u00f3n para acceder al servicio.<\/li><\/ol><ul><li><strong>Proceso para incluir y retirar veh\u00edculos en contratos de estacionamiento:<\/strong><\/li><\/ul><ol><li>Ingresar a la aplicaci\u00f3n registro de veh\u00edculos con su usuario \u00fanico institucional.\u00a0<span style=\"text-decoration: underline;\"><strong><a href=\"https:\/\/www.icesi.edu.co\/registrovehiculos\">https:\/\/www.icesi.edu.co\/registrovehiculos<\/a><\/strong><\/span><\/li><li>Seleccionar en el men\u00fa ubicado al lado izquierdo de la pantalla, la opci\u00f3n \u201cMIS CONTRATOS\u201d<\/li><li>Sobre el contrato que se encuentra vigente, seleccionar el icono\u00a0\u00a0\u201cDetalles de contrato\u201d ubicada en la parte inferior derecha<\/li><li>En la opci\u00f3n \u201cVeh\u00edculos cubiertos por el contrato\u201d\u00a0 seleccionar el icono.<\/li><li>Una vez realizado el paso anterior la aplicaci\u00f3n habilita un nuevo campo en esta opci\u00f3n, donde se debe digitar el n\u00famero de placa a incluir. El texto debe se debe digitar sin espacios y sin caracteres especiales (_ \/ . \u2013 )<\/li><li>Para retirar una placa del contrato, se debe seleccionar \u00a0la x en el campo de la placa<\/li><\/ol><p><strong>Proceso de renovaci\u00f3n para estudiantes de pregrado y posgrado:<\/strong><\/p><p>Para renovar los contratos de servicio de estacionamiento con la Universidad \u00e9ste debe estar vigente:<\/p><ol><li>Ingrese a la p\u00e1gina web<span style=\"text-decoration: underline;\"><strong>\u00a0<a href=\"https:\/\/www.icesi.edu.co\/registrovehiculos\/\">registro de vehiculos<\/a>\u00a0<\/strong><\/span>con su usuario \u00fanico y la contrase\u00f1a de la Universidad. Se recomienda ver el tutorial en la pantalla de inicio antes de realizar cualquier acci\u00f3n.<\/li><li>Ingrese al men\u00fa \u201cMIS CONTRATOS\u201d.<\/li><li>Seleccione la opci\u00f3n \u201cRenovar contrato\u201d dando click en el bot\u00f3n\u00a0dando tiempo al sistema para que realice esta acci\u00f3n. Esta opci\u00f3n solo estar\u00e1 habilitada tres (3) d\u00edas antes del vencimiento del contrato.<\/li><li>Confirme la renovaci\u00f3n del contrato.<\/li><li>Descargue el contrato utilizando el bot\u00f3n.<\/li><li>El sistema le confirmar\u00e1 la generaci\u00f3n del contrato.<\/li><li>Usted recibir\u00e1 un mensaje v\u00eda correo electr\u00f3nico con la confirmaci\u00f3n de generaci\u00f3n del contrato y las indicaciones para el pago.<\/li><li>Para realizar el pago en l\u00ednea ingrese al link que lo direcciona a la aplicaci\u00f3n Banner cuando culmina el proceso de generaci\u00f3n del contrato, si desea realizar el pago de manera presencial ac\u00e9rquese a la caja en la oficina de contabilidad con su n\u00famero de documento o c\u00f3digo estudiantil.<\/li><\/ol><p><strong>Proceso de Solicitud de tarjeta de aproximaci\u00f3n (SOLO APLICA PARA ESTUDIANTES)<\/strong>.<\/p><ol><li>Ingrese a la p\u00e1gina web\u00a0<a href=\"https:\/\/www.icesi.edu.co\/registrovehiculos\/\">registro de veh\u00edculos<\/a>\u00a0con el usuario \u00fanico y la contrase\u00f1a de la Universidad. Se recomienda ver el tutorial en la pantalla de inicio antes de realizar cualquier acci\u00f3n.<\/li><li>Para solicitar el DUPLICADO de la tarjeta de aproximaci\u00f3n, ingrese al men\u00fa \u201cSOLICITAR TARJETA\u201d.<\/li><li>Debe realizar el pago respectivo en la caja de la oficina de contabilidad<\/li><li>Con el recibo de pago debe acercarse a la oficina de estacionamiento y se le entregara una tarjeta de proximidad duplicada (la otra tarjeta queda inactiva para el sistema)<\/li><\/ol>\t\t\t\t\t\t\t\t<\/div>\n\t\t\t\t<\/div>\n\t\t\t\t<div class=\"elementor-element elementor-element-5aa428c elementor-widget elementor-widget-text-editor\" data-id=\"5aa428c\" data-element_type=\"widget\" data-widget_type=\"text-editor.default\">\n\t\t\t\t<div class=\"elementor-widget-container\">\n\t\t\t\t\t\t\t\t\t<p>En caso de requerir ayuda puedes utilizar lo siguientes canales:<\/p>\t\t\t\t\t\t\t\t<\/div>\n\t\t\t\t<\/div>\n\t\t\t\t<div class=\"elementor-element elementor-element-b5942d3 elementor-icon-list--layout-traditional elementor-list-item-link-full_width elementor-widget elementor-widget-icon-list\" data-id=\"b5942d3\" data-element_type=\"widget\" data-widget_type=\"icon-list.default\">\n\t\t\t\t<div class=\"elementor-widget-container\">\n\t\t\t\t\t\t\t<ul class=\"elementor-icon-list-items\">\n\t\t\t\t\t\t\t<li class=\"elementor-icon-list-item\">\n\t\t\t\t\t\t\t\t\t\t\t<span class=\"elementor-icon-list-icon\">\n\t\t\t\t\t\t\t<svg aria-hidden=\"true\" class=\"e-font-icon-svg e-fas-map-pin\" viewBox=\"0 0 288 512\" xmlns=\"http:\/\/www.w3.org\/2000\/svg\"><path d=\"M112 316.94v156.69l22.02 33.02c4.75 7.12 15.22 7.12 19.97 0L176 473.63V316.94c-10.39 1.92-21.06 3.06-32 3.06s-21.61-1.14-32-3.06zM144 0C64.47 0 0 64.47 0 144s64.47 144 144 144 144-64.47 144-144S223.53 0 144 0zm0 76c-37.5 0-68 30.5-68 68 0 6.62-5.38 12-12 12s-12-5.38-12-12c0-50.73 41.28-92 92-92 6.62 0 12 5.38 12 12s-5.38 12-12 12z\"><\/path><\/svg>\t\t\t\t\t\t<\/span>\n\t\t\t\t\t\t\t\t\t\t<span class=\"elementor-icon-list-text\">Universidad Icesi, Oficina Estacionamiento y Movilidad<\/span>\n\t\t\t\t\t\t\t\t\t<\/li>\n\t\t\t\t\t\t\t\t<li class=\"elementor-icon-list-item\">\n\t\t\t\t\t\t\t\t\t\t\t<span class=\"elementor-icon-list-icon\">\n\t\t\t\t\t\t\t<svg aria-hidden=\"true\" class=\"e-font-icon-svg e-fas-phone\" viewBox=\"0 0 512 512\" xmlns=\"http:\/\/www.w3.org\/2000\/svg\"><path d=\"M493.4 24.6l-104-24c-11.3-2.6-22.9 3.3-27.5 13.9l-48 112c-4.2 9.8-1.4 21.3 6.9 28l60.6 49.6c-36 76.7-98.9 140.5-177.2 177.2l-49.6-60.6c-6.8-8.3-18.2-11.1-28-6.9l-112 48C3.9 366.5-2 378.1.6 389.4l24 104C27.1 504.2 36.7 512 48 512c256.1 0 464-207.5 464-464 0-11.2-7.7-20.9-18.6-23.4z\"><\/path><\/svg>\t\t\t\t\t\t<\/span>\n\t\t\t\t\t\t\t\t\t\t<span class=\"elementor-icon-list-text\">+57 (602) 5552334, extensi\u00f3n 8001<\/span>\n\t\t\t\t\t\t\t\t\t<\/li>\n\t\t\t\t\t\t\t\t<li class=\"elementor-icon-list-item\">\n\t\t\t\t\t\t\t\t\t\t\t<span class=\"elementor-icon-list-icon\">\n\t\t\t\t\t\t\t<svg aria-hidden=\"true\" class=\"e-font-icon-svg e-fas-envelope-open\" viewBox=\"0 0 512 512\" xmlns=\"http:\/\/www.w3.org\/2000\/svg\"><path d=\"M512 464c0 26.51-21.49 48-48 48H48c-26.51 0-48-21.49-48-48V200.724a48 48 0 0 1 18.387-37.776c24.913-19.529 45.501-35.365 164.2-121.511C199.412 29.17 232.797-.347 256 .003c23.198-.354 56.596 29.172 73.413 41.433 118.687 86.137 139.303 101.995 164.2 121.512A48 48 0 0 1 512 200.724V464zm-65.666-196.605c-2.563-3.728-7.7-4.595-11.339-1.907-22.845 16.873-55.462 40.705-105.582 77.079-16.825 12.266-50.21 41.781-73.413 41.43-23.211.344-56.559-29.143-73.413-41.43-50.114-36.37-82.734-60.204-105.582-77.079-3.639-2.688-8.776-1.821-11.339 1.907l-9.072 13.196a7.998 7.998 0 0 0 1.839 10.967c22.887 16.899 55.454 40.69 105.303 76.868 20.274 14.781 56.524 47.813 92.264 47.573 35.724.242 71.961-32.771 92.263-47.573 49.85-36.179 82.418-59.97 105.303-76.868a7.998 7.998 0 0 0 1.839-10.967l-9.071-13.196z\"><\/path><\/svg>\t\t\t\t\t\t<\/span>\n\t\t\t\t\t\t\t\t\t\t<span class=\"elementor-icon-list-text\">parqueadero@icesi.edu.co<\/span>\n\t\t\t\t\t\t\t\t\t<\/li>\n\t\t\t\t\t\t<\/ul>\n\t\t\t\t\t\t<\/div>\n\t\t\t\t<\/div>\n\t\t\t\t\t<\/div>\n\t\t<\/div>\n\t\t\t\t\t<\/div>\n\t\t<\/section>\n\t\t\t\t<\/div>\n\t\t","protected":false},"excerpt":{"rendered":"<p>Registro de autom\u00f3viles y motos al servicio de parqueadero de la Universidad Como parte del proceso autom\u00e1tico de ingreso de autom\u00f3viles y motos al parqueadero de la Universidad, los usuarios interesados en adquirir la tarjeta de lectura por aproximaci\u00f3n, v\u00e1lida para 30 y 180 d\u00edas; deben hacer el registro de los veh\u00edculos para acceder al [&hellip;]<\/p>\n","protected":false},"author":1,"featured_media":0,"parent":4874,"menu_order":0,"comment_status":"closed","ping_status":"closed","template":"","meta":{"footnotes":""},"class_list":["post-4882","page","type-page","status-publish","hentry"],"yoast_head":"<!-- This site is optimized with the Yoast SEO plugin v26.6 - https:\/\/yoast.com\/wordpress\/plugins\/seo\/ -->\n<title>Registro de veh\u00edculos - Servicios<\/title>\n<meta name=\"robots\" content=\"index, follow, max-snippet:-1, max-image-preview:large, max-video-preview:-1\" \/>\n<link rel=\"canonical\" href=\"https:\/\/www.icesi.edu.co\/servicios\/gerencia-campus\/estacionamiento-y-movilidad\/registro-vehiculos\/\" \/>\n<meta property=\"og:locale\" content=\"es_ES\" \/>\n<meta property=\"og:type\" content=\"article\" \/>\n<meta property=\"og:title\" content=\"Registro de veh\u00edculos - Servicios\" \/>\n<meta property=\"og:description\" content=\"Registro de autom\u00f3viles y motos al servicio de parqueadero de la Universidad Como parte del proceso autom\u00e1tico de ingreso de autom\u00f3viles y motos al parqueadero de la Universidad, los usuarios interesados en adquirir la tarjeta de lectura por aproximaci\u00f3n, v\u00e1lida para 30 y 180 d\u00edas; deben hacer el registro de los veh\u00edculos para acceder al [&hellip;]\" \/>\n<meta property=\"og:url\" content=\"https:\/\/www.icesi.edu.co\/servicios\/gerencia-campus\/estacionamiento-y-movilidad\/registro-vehiculos\/\" \/>\n<meta property=\"og:site_name\" content=\"Servicios\" \/>\n<meta property=\"article:modified_time\" content=\"2026-01-02T13:49:40+00:00\" \/>\n<meta name=\"twitter:card\" content=\"summary_large_image\" \/>\n<meta name=\"twitter:label1\" content=\"Tiempo de lectura\" \/>\n\t<meta name=\"twitter:data1\" content=\"4 minutos\" \/>\n<script type=\"application\/ld+json\" class=\"yoast-schema-graph\">{\"@context\":\"https:\/\/schema.org\",\"@graph\":[{\"@type\":\"WebPage\",\"@id\":\"https:\/\/www.icesi.edu.co\/servicios\/gerencia-campus\/estacionamiento-y-movilidad\/registro-vehiculos\/\",\"url\":\"https:\/\/www.icesi.edu.co\/servicios\/gerencia-campus\/estacionamiento-y-movilidad\/registro-vehiculos\/\",\"name\":\"Registro de veh\u00edculos - Servicios\",\"isPartOf\":{\"@id\":\"https:\/\/www.icesi.edu.co\/servicios\/#website\"},\"datePublished\":\"2024-10-30T16:49:49+00:00\",\"dateModified\":\"2026-01-02T13:49:40+00:00\",\"breadcrumb\":{\"@id\":\"https:\/\/www.icesi.edu.co\/servicios\/gerencia-campus\/estacionamiento-y-movilidad\/registro-vehiculos\/#breadcrumb\"},\"inLanguage\":\"es-CO\",\"potentialAction\":[{\"@type\":\"ReadAction\",\"target\":[\"https:\/\/www.icesi.edu.co\/servicios\/gerencia-campus\/estacionamiento-y-movilidad\/registro-vehiculos\/\"]}]},{\"@type\":\"BreadcrumbList\",\"@id\":\"https:\/\/www.icesi.edu.co\/servicios\/gerencia-campus\/estacionamiento-y-movilidad\/registro-vehiculos\/#breadcrumb\",\"itemListElement\":[{\"@type\":\"ListItem\",\"position\":1,\"name\":\"Inicio\",\"item\":\"https:\/\/www.icesi.edu.co\/servicios\/\"},{\"@type\":\"ListItem\",\"position\":2,\"name\":\"Gerencia de Campus\",\"item\":\"https:\/\/www.icesi.edu.co\/servicios\/gerencia-campus\/\"},{\"@type\":\"ListItem\",\"position\":3,\"name\":\"Estacionamiento y movilidad\",\"item\":\"https:\/\/www.icesi.edu.co\/servicios\/gerencia-campus\/estacionamiento-y-movilidad\/\"},{\"@type\":\"ListItem\",\"position\":4,\"name\":\"Registro de veh\u00edculos\"}]},{\"@type\":\"WebSite\",\"@id\":\"https:\/\/www.icesi.edu.co\/servicios\/#website\",\"url\":\"https:\/\/www.icesi.edu.co\/servicios\/\",\"name\":\"Servicios\",\"description\":\"Sitio de Servicios Universidad ICESI\",\"publisher\":{\"@id\":\"https:\/\/www.icesi.edu.co\/servicios\/#organization\"},\"potentialAction\":[{\"@type\":\"SearchAction\",\"target\":{\"@type\":\"EntryPoint\",\"urlTemplate\":\"https:\/\/www.icesi.edu.co\/servicios\/?s={search_term_string}\"},\"query-input\":{\"@type\":\"PropertyValueSpecification\",\"valueRequired\":true,\"valueName\":\"search_term_string\"}}],\"inLanguage\":\"es-CO\"},{\"@type\":\"Organization\",\"@id\":\"https:\/\/www.icesi.edu.co\/servicios\/#organization\",\"name\":\"Servicios\",\"url\":\"https:\/\/www.icesi.edu.co\/servicios\/\",\"logo\":{\"@type\":\"ImageObject\",\"inLanguage\":\"es-CO\",\"@id\":\"https:\/\/www.icesi.edu.co\/servicios\/#\/schema\/logo\/image\/\",\"url\":\"https:\/\/www.icesi.edu.co\/servicios\/wp-content\/uploads\/2024\/04\/LogoSitio.png\",\"contentUrl\":\"https:\/\/www.icesi.edu.co\/servicios\/wp-content\/uploads\/2024\/04\/LogoSitio.png\",\"width\":223,\"height\":54,\"caption\":\"Servicios\"},\"image\":{\"@id\":\"https:\/\/www.icesi.edu.co\/servicios\/#\/schema\/logo\/image\/\"}}]}<\/script>\n<!-- \/ Yoast SEO plugin. -->","yoast_head_json":{"title":"Registro de veh\u00edculos - Servicios","robots":{"index":"index","follow":"follow","max-snippet":"max-snippet:-1","max-image-preview":"max-image-preview:large","max-video-preview":"max-video-preview:-1"},"canonical":"https:\/\/www.icesi.edu.co\/servicios\/gerencia-campus\/estacionamiento-y-movilidad\/registro-vehiculos\/","og_locale":"es_ES","og_type":"article","og_title":"Registro de veh\u00edculos - Servicios","og_description":"Registro de autom\u00f3viles y motos al servicio de parqueadero de la Universidad Como parte del proceso autom\u00e1tico de ingreso de autom\u00f3viles y motos al parqueadero de la Universidad, los usuarios interesados en adquirir la tarjeta de lectura por aproximaci\u00f3n, v\u00e1lida para 30 y 180 d\u00edas; deben hacer el registro de los veh\u00edculos para acceder al [&hellip;]","og_url":"https:\/\/www.icesi.edu.co\/servicios\/gerencia-campus\/estacionamiento-y-movilidad\/registro-vehiculos\/","og_site_name":"Servicios","article_modified_time":"2026-01-02T13:49:40+00:00","twitter_card":"summary_large_image","twitter_misc":{"Tiempo de lectura":"4 minutos"},"schema":{"@context":"https:\/\/schema.org","@graph":[{"@type":"WebPage","@id":"https:\/\/www.icesi.edu.co\/servicios\/gerencia-campus\/estacionamiento-y-movilidad\/registro-vehiculos\/","url":"https:\/\/www.icesi.edu.co\/servicios\/gerencia-campus\/estacionamiento-y-movilidad\/registro-vehiculos\/","name":"Registro de veh\u00edculos - Servicios","isPartOf":{"@id":"https:\/\/www.icesi.edu.co\/servicios\/#website"},"datePublished":"2024-10-30T16:49:49+00:00","dateModified":"2026-01-02T13:49:40+00:00","breadcrumb":{"@id":"https:\/\/www.icesi.edu.co\/servicios\/gerencia-campus\/estacionamiento-y-movilidad\/registro-vehiculos\/#breadcrumb"},"inLanguage":"es-CO","potentialAction":[{"@type":"ReadAction","target":["https:\/\/www.icesi.edu.co\/servicios\/gerencia-campus\/estacionamiento-y-movilidad\/registro-vehiculos\/"]}]},{"@type":"BreadcrumbList","@id":"https:\/\/www.icesi.edu.co\/servicios\/gerencia-campus\/estacionamiento-y-movilidad\/registro-vehiculos\/#breadcrumb","itemListElement":[{"@type":"ListItem","position":1,"name":"Inicio","item":"https:\/\/www.icesi.edu.co\/servicios\/"},{"@type":"ListItem","position":2,"name":"Gerencia de Campus","item":"https:\/\/www.icesi.edu.co\/servicios\/gerencia-campus\/"},{"@type":"ListItem","position":3,"name":"Estacionamiento y movilidad","item":"https:\/\/www.icesi.edu.co\/servicios\/gerencia-campus\/estacionamiento-y-movilidad\/"},{"@type":"ListItem","position":4,"name":"Registro de veh\u00edculos"}]},{"@type":"WebSite","@id":"https:\/\/www.icesi.edu.co\/servicios\/#website","url":"https:\/\/www.icesi.edu.co\/servicios\/","name":"Servicios","description":"Sitio de Servicios Universidad ICESI","publisher":{"@id":"https:\/\/www.icesi.edu.co\/servicios\/#organization"},"potentialAction":[{"@type":"SearchAction","target":{"@type":"EntryPoint","urlTemplate":"https:\/\/www.icesi.edu.co\/servicios\/?s={search_term_string}"},"query-input":{"@type":"PropertyValueSpecification","valueRequired":true,"valueName":"search_term_string"}}],"inLanguage":"es-CO"},{"@type":"Organization","@id":"https:\/\/www.icesi.edu.co\/servicios\/#organization","name":"Servicios","url":"https:\/\/www.icesi.edu.co\/servicios\/","logo":{"@type":"ImageObject","inLanguage":"es-CO","@id":"https:\/\/www.icesi.edu.co\/servicios\/#\/schema\/logo\/image\/","url":"https:\/\/www.icesi.edu.co\/servicios\/wp-content\/uploads\/2024\/04\/LogoSitio.png","contentUrl":"https:\/\/www.icesi.edu.co\/servicios\/wp-content\/uploads\/2024\/04\/LogoSitio.png","width":223,"height":54,"caption":"Servicios"},"image":{"@id":"https:\/\/www.icesi.edu.co\/servicios\/#\/schema\/logo\/image\/"}}]}},"_links":{"self":[{"href":"https:\/\/www.icesi.edu.co\/servicios\/wp-json\/wp\/v2\/pages\/4882","targetHints":{"allow":["GET"]}}],"collection":[{"href":"https:\/\/www.icesi.edu.co\/servicios\/wp-json\/wp\/v2\/pages"}],"about":[{"href":"https:\/\/www.icesi.edu.co\/servicios\/wp-json\/wp\/v2\/types\/page"}],"author":[{"embeddable":true,"href":"https:\/\/www.icesi.edu.co\/servicios\/wp-json\/wp\/v2\/users\/1"}],"replies":[{"embeddable":true,"href":"https:\/\/www.icesi.edu.co\/servicios\/wp-json\/wp\/v2\/comments?post=4882"}],"version-history":[{"count":13,"href":"https:\/\/www.icesi.edu.co\/servicios\/wp-json\/wp\/v2\/pages\/4882\/revisions"}],"predecessor-version":[{"id":6929,"href":"https:\/\/www.icesi.edu.co\/servicios\/wp-json\/wp\/v2\/pages\/4882\/revisions\/6929"}],"up":[{"embeddable":true,"href":"https:\/\/www.icesi.edu.co\/servicios\/wp-json\/wp\/v2\/pages\/4874"}],"wp:attachment":[{"href":"https:\/\/www.icesi.edu.co\/servicios\/wp-json\/wp\/v2\/media?parent=4882"}],"curies":[{"name":"wp","href":"https:\/\/api.w.org\/{rel}","templated":true}]}}