Last updated on 2024-06-14 05:00:10 CEST.
Flavor | Version | Tinstall | Tcheck | Ttotal | Status | Flags |
---|---|---|---|---|---|---|
r-devel-linux-x86_64-debian-clang | 0.9.10 | 125.40 | 141.40 | 266.80 | OK | |
r-devel-linux-x86_64-debian-gcc | 0.9.10 | 91.16 | 96.66 | 187.82 | NOTE | |
r-devel-linux-x86_64-fedora-clang | 0.9.10 | 359.63 | NOTE | |||
r-devel-linux-x86_64-fedora-gcc | 0.9.10 | 399.96 | OK | |||
r-devel-windows-x86_64 | 0.9.10 | 104.00 | 159.00 | 263.00 | NOTE | |
r-patched-linux-x86_64 | 0.9.10 | 152.28 | 135.86 | 288.14 | OK | |
r-release-linux-x86_64 | 0.9.10 | 143.07 | 135.19 | 278.26 | OK | |
r-release-macos-arm64 | 0.9.10 | 82.00 | NOTE | |||
r-release-macos-x86_64 | 0.9.10 | 123.00 | NOTE | |||
r-release-windows-x86_64 | 0.9.10 | 104.00 | 163.00 | 267.00 | NOTE | |
r-oldrel-macos-arm64 | 0.9.10 | 87.00 | NOTE | |||
r-oldrel-macos-x86_64 | 0.9.10 | 161.00 | NOTE | |||
r-oldrel-windows-x86_64 | 0.9.10 | 129.00 | 256.00 | 385.00 | NOTE |
Version: 0.9.10
Check: package dependencies
Result: NOTE
Package suggested but not available for checking: ‘testthat’
Flavor: r-devel-linux-x86_64-debian-gcc
Version: 0.9.10
Check: installed package size
Result: NOTE
installed size is 9.5Mb
sub-directories of 1Mb or more:
libs 8.6Mb
Flavors: r-devel-linux-x86_64-fedora-clang, r-devel-windows-x86_64, r-release-macos-arm64, r-release-macos-x86_64, r-release-windows-x86_64, r-oldrel-macos-arm64, r-oldrel-macos-x86_64, r-oldrel-windows-x86_64