Last updated on 2024-06-14 05:00:18 CEST.
Flavor | Version | Tinstall | Tcheck | Ttotal | Status | Flags |
---|---|---|---|---|---|---|
r-devel-linux-x86_64-debian-clang | 0.6.5 | 3.42 | 33.21 | 36.63 | OK | |
r-devel-linux-x86_64-debian-gcc | 0.6.5 | 1.96 | 24.27 | 26.23 | ERROR | |
r-devel-linux-x86_64-fedora-clang | 0.6.5 | 46.70 | NOTE | |||
r-devel-linux-x86_64-fedora-gcc | 0.6.5 | 43.87 | NOTE | |||
r-devel-windows-x86_64 | 0.6.5 | 4.00 | 51.00 | 55.00 | OK | |
r-patched-linux-x86_64 | 0.6.5 | 4.31 | 32.22 | 36.53 | OK | |
r-release-linux-x86_64 | 0.6.5 | 3.01 | 33.15 | 36.16 | OK | |
r-release-macos-arm64 | 0.6.5 | 19.00 | OK | |||
r-release-macos-x86_64 | 0.6.5 | 27.00 | OK | |||
r-release-windows-x86_64 | 0.6.5 | 4.00 | 53.00 | 57.00 | OK | |
r-oldrel-macos-arm64 | 0.6.5 | 24.00 | OK | |||
r-oldrel-macos-x86_64 | 0.6.5 | 42.00 | OK | |||
r-oldrel-windows-x86_64 | 0.6.5 | 5.00 | 53.00 | 58.00 | OK |
Version: 0.6.5
Check: package dependencies
Result: NOTE
Packages suggested but not available for checking:
'testthat', 'readxl', 'dplyr', 'tidyr'
Flavor: r-devel-linux-x86_64-debian-gcc
Version: 0.6.5
Check: tests
Result: ERROR
Running ‘spelling.R’ [0s/1s]
Running ‘testthat.R’ [0s/1s]
Running the tests in ‘tests/testthat.R’ failed.
Complete output:
> library(testthat)
Error in library(testthat) : there is no package called 'testthat'
Execution halted
Flavor: r-devel-linux-x86_64-debian-gcc
Version: 0.6.5
Check: data for non-ASCII characters
Result: NOTE
Note: found 2085 marked UTF-8 strings
Flavors: r-devel-linux-x86_64-fedora-clang, r-devel-linux-x86_64-fedora-gcc