Last updated on 2024-06-14 05:00:36 CEST.
Flavor | Version | Tinstall | Tcheck | Ttotal | Status | Flags |
---|---|---|---|---|---|---|
r-devel-linux-x86_64-debian-clang | 1.5.0 | 4.00 | 62.63 | 66.63 | OK | |
r-devel-linux-x86_64-debian-gcc | 1.5.0 | 4.43 | 46.28 | 50.71 | ERROR | |
r-devel-linux-x86_64-fedora-clang | 1.5.0 | 84.07 | OK | |||
r-devel-linux-x86_64-fedora-gcc | 1.5.0 | 80.54 | OK | |||
r-devel-windows-x86_64 | 1.5.0 | 6.00 | 76.00 | 82.00 | OK | |
r-patched-linux-x86_64 | 1.5.0 | 10.42 | 60.07 | 70.49 | OK | |
r-release-linux-x86_64 | 1.5.0 | 5.69 | 60.66 | 66.35 | OK | |
r-release-macos-arm64 | 1.5.0 | 29.00 | OK | |||
r-release-macos-x86_64 | 1.5.0 | 73.00 | OK | |||
r-release-windows-x86_64 | 1.5.0 | 6.00 | 77.00 | 83.00 | OK | |
r-oldrel-macos-arm64 | 1.5.0 | 29.00 | OK | |||
r-oldrel-macos-x86_64 | 1.5.0 | 44.00 | OK | |||
r-oldrel-windows-x86_64 | 1.5.0 | 7.00 | 84.00 | 91.00 | OK |
Version: 1.5.0
Check: package dependencies
Result: NOTE
Package suggested but not available for checking: ‘testthat’
Flavor: r-devel-linux-x86_64-debian-gcc
Version: 1.5.0
Check: tests
Result: ERROR
Running ‘testthat.R’ [0s/1s]
Running the tests in ‘tests/testthat.R’ failed.
Complete output:
> library(testthat)
Error in library(testthat) : there is no package called 'testthat'
Execution halted
Flavor: r-devel-linux-x86_64-debian-gcc